CREATE TABLE IF NOT EXISTS `bnduv_update_categories` (
  `categoryid` int(11) NOT NULL,
  `name` varchar(20) DEFAULT '',
  `description` text NOT NULL,
  `parent` int(11) DEFAULT '0',
  `updatesite` int(11) DEFAULT '0'
) ENGINE=MyISAM DEFAULT CHARSET=utf8 COMMENT='Update Categories';

-- --------------------------------------------------------

--
-- Структура таблицы `bnduv_update_sites`
--

CREATE TABLE IF NOT EXISTS `bnduv_update_sites` (
  `update_site_id` int(11) NOT NULL,
  `name` varchar(100) DEFAULT '',
  `type` varchar(20) DEFAULT '',
  `location` text NOT NULL,
  `enabled` int(11) DEFAULT '0',
  `last_check_timestamp` bigint(20) DEFAULT '0'
) ENGINE=MyISAM AUTO_INCREMENT=10 DEFAULT CHARSET=utf8 COMMENT='Update Sites';

--
-- Дамп данных таблицы `bnduv_update_sites`
--

INSERT INTO `bnduv_update_sites` (`update_site_id`, `name`, `type`, `location`, `enabled`, `last_check_timestamp`) VALUES
(1, 'Joomla Core', 'collection', 'http://update.joomla.org/core/list.xml', 1, 1403702764),
(2, 'Joomla Extension Directory', 'collection', 'http://update.joomla.org/jed/list.xml', 1, 1403702764),
(3, 'K2 Updates', 'extension', 'http://getk2.org/update.xml', 1, 1403702764),
(6, 'Accredited Joomla! Translations', 'collection', 'http://update.joomla.org/language/translationlist.xml', 1, 1403702764),
(7, 'TCPDF library Updates', 'extension', 'http://www.fabbricabinaria.it/index.php?option=com_ars&view=update&task=stream&format=xml&id=5&dummy=extension.xml', 1, 1403702764),
(8, 'Plugin Googlemap Update Site', 'extension', 'http://tech.reumer.net/update/plugin_googlemap3/extension.xml', 1, 1403702764),
(9, 'Custom Filters', 'extension', 'http://breakdesigns.net/index.php?option=com_ars&view=update&task=stream&format=xml&id=2', 1, 0);

-- --------------------------------------------------------

--
-- Структура таблицы `bnduv_update_sites_extensions`
--

CREATE TABLE IF NOT EXISTS `bnduv_update_sites_extensions` (
  `update_site_id` int(11) NOT NULL DEFAULT '0',
  `extension_id` int(11) NOT NULL DEFAULT '0'
) ENGINE=InnoDB DEFAULT CHARSET=utf8 COMMENT='Links extensions to update sites';

--
-- Дамп данных таблицы `bnduv_update_sites_extensions`
--

INSERT INTO `bnduv_update_sites_extensions` (`update_site_id`, `extension_id`) VALUES
(1, 700),
(2, 700),
(3, 10021),
(6, 600),
(6, 10100),
(7, 10101),
(8, 10104),
(9, 10107);

-- --------------------------------------------------------

--
-- Структура таблицы `bnduv_usergroups`
--

CREATE TABLE IF NOT EXISTS `bnduv_usergroups` (
  `id` int(10) unsigned NOT NULL COMMENT 'Primary Key',
  `parent_id` int(10) unsigned NOT NULL DEFAULT '0' COMMENT 'Adjacency List Reference Id',
  `lft` int(11) NOT NULL DEFAULT '0' COMMENT 'Nested set lft.',
  `rgt` int(11) NOT NULL DEFAULT '0' COMMENT 'Nested set rgt.',
  `title` varchar(100) NOT NULL DEFAULT ''
) ENGINE=MyISAM AUTO_INCREMENT=9 DEFAULT CHARSET=utf8;

--
-- Дамп данных таблицы `bnduv_usergroups`
--

INSERT INTO `bnduv_usergroups` (`id`, `parent_id`, `lft`, `rgt`, `title`) VALUES
(1, 0, 1, 20, 'Public'),
(2, 1, 6, 17, 'Registered'),
(3, 2, 7, 14, 'Author'),
(4, 3, 8, 11, 'Editor'),
(5, 4, 9, 10, 'Publisher'),
(6, 1, 2, 5, 'Manager'),
(7, 6, 3, 4, 'Administrator'),
(8, 1, 18, 19, 'Super Users');

-- --------------------------------------------------------

--
-- Структура таблицы `bnduv_users`
--

CREATE TABLE IF NOT EXISTS `bnduv_users` (
  `id` int(11) NOT NULL,
  `name` varchar(255) NOT NULL DEFAULT '',
  `username` varchar(150) NOT NULL DEFAULT '',
  `email` varchar(100) NOT NULL DEFAULT '',
  `password` varchar(100) NOT NULL DEFAULT '',
  `usertype` varchar(25) NOT NULL DEFAULT '',
  `block` tinyint(4) NOT NULL DEFAULT '0',
  `sendEmail` tinyint(4) DEFAULT '0',
  `registerDate` datetime NOT NULL DEFAULT '0000-00-00 00:00:00',
  `lastvisitDate` datetime NOT NULL DEFAULT '0000-00-00 00:00:00',
  `activation` varchar(100) NOT NULL DEFAULT '',
  `params` text NOT NULL,
  `lastResetTime` datetime NOT NULL DEFAULT '0000-00-00 00:00:00' COMMENT 'Date of last password reset',
  `resetCount` int(11) NOT NULL DEFAULT '0' COMMENT 'Count of password resets since lastResetTime'
) ENGINE=MyISAM AUTO_INCREMENT=355 DEFAULT CHARSET=utf8;

--
-- Дамп данных таблицы `bnduv_users`
--

INSERT INTO `bnduv_users` (`id`, `name`, `username`, `email`, `password`, `usertype`, `block`, `sendEmail`, `registerDate`, `lastvisitDate`, `activation`, `params`, `lastResetTime`, `resetCount`) VALUES
(352, 'Manager', 'manager', 'admin@interunity.ru', '$P$DAqR4ddGDTRYqIQyi/.EXh6EjS501Y/', '', 0, 0, '2014-05-20 08:07:31', '2014-05-21 09:31:13', '', '{"admin_style":"","admin_language":"","language":"","editor":"","helpsite":"","timezone":""}', '0000-00-00 00:00:00', 0),
(351, 'Stores', 'korgan.a@interunity.ru', 'korgan.a@interunity.ru', '$P$DDIpYpWKsQeq59mit7vnIO5brxHAUv1', 'deprecated', 0, 1, '2014-05-16 11:46:41', '2019-03-27 09:39:35', '0', '{"admin_style":"","admin_language":"","language":"","editor":"","helpsite":"","timezone":""}', '0000-00-00 00:00:00', 0),
(353, 'Пися Камушкин', 'pisya', 'max.gorodin@gmail.com', '$P$D72q1I017qgy.tIruklCrMU46Fsryj1', '', 0, 0, '2019-03-05 10:47:16', '0000-00-00 00:00:00', '', '{}', '0000-00-00 00:00:00', 0),
(354, 'Gorodin', 'gorodin', 'gorodin@interunity.ru', '$P$DKPdvH.LYytpX70vkpN9CjdElhlo8y.', '', 0, 1, '2019-03-05 10:59:16', '2019-03-12 09:02:28', '', '{"admin_style":"","admin_language":"","language":"","editor":"","helpsite":"","timezone":""}', '0000-00-00 00:00:00', 0);

-- --------------------------------------------------------

--
-- Структура таблицы `bnduv_user_notes`
--

CREATE TABLE IF NOT EXISTS `bnduv_user_notes` (
  `id` int(10) unsigned NOT NULL,
  `user_id` int(10) unsigned NOT NULL DEFAULT '0',
  `catid` int(10) unsigned NOT NULL DEFAULT '0',
  `subject` varchar(100) NOT NULL DEFAULT '',
  `body` text NOT NULL,
  `state` tinyint(3) NOT NULL DEFAULT '0',
  `checked_out` int(10) unsigned NOT NULL DEFAULT '0',
  `checked_out_time` datetime NOT NULL DEFAULT '0000-00-00 00:00:00',
  `created_user_id` int(10) unsigned NOT NULL DEFAULT '0',
  `created_time` datetime NOT NULL DEFAULT '0000-00-00 00:00:00',
  `modified_user_id` int(10) unsigned NOT NULL,
  `modified_time` datetime NOT NULL DEFAULT '0000-00-00 00:00:00',
  `review_time` datetime NOT NULL DEFAULT '0000-00-00 00:00:00',
  `publish_up` datetime NOT NULL DEFAULT '0000-00-00 00:00:00',
  `publish_down` datetime NOT NULL DEFAULT '0000-00-00 00:00:00'
) ENGINE=MyISAM DEFAULT CHARSET=utf8;

-- --------------------------------------------------------

--
-- Структура таблицы `bnduv_user_profiles`
--

CREATE TABLE IF NOT EXISTS `bnduv_user_profiles` (
  `user_id` int(11) NOT NULL,
  `profile_key` varchar(100) NOT NULL,
  `profile_value` varchar(255) NOT NULL,
  `ordering` int(11) NOT NULL DEFAULT '0'
) ENGINE=MyISAM DEFAULT CHARSET=utf8 COMMENT='Simple user profile storage table';

-- --------------------------------------------------------

--
-- Структура таблицы `bnduv_user_usergroup_map`
--

CREATE TABLE IF NOT EXISTS `bnduv_user_usergroup_map` (
  `user_id` int(10) unsigned NOT NULL DEFAULT '0' COMMENT 'Foreign Key to #__users.id',
  `group_id` int(10) unsigned NOT NULL DEFAULT '0' COMMENT 'Foreign Key to #__usergroups.id'
) ENGINE=MyISAM DEFAULT CHARSET=utf8;

--
-- Дамп данных таблицы `bnduv_user_usergroup_map`
--

INSERT INTO `bnduv_user_usergroup_map` (`user_id`, `group_id`) VALUES
(1, 1),
(45, 2),
(351, 8),
(352, 2),
(353, 2),
(354, 2),
(354, 8);

-- --------------------------------------------------------

--
-- Структура таблицы `bnduv_viewlevels`
--

CREATE TABLE IF NOT EXISTS `bnduv_viewlevels` (
  `id` int(10) unsigned NOT NULL COMMENT 'Primary Key',
  `title` varchar(100) NOT NULL DEFAULT '',
  `ordering` int(11) NOT NULL DEFAULT '0',
  `rules` varchar(5120) NOT NULL COMMENT 'JSON encoded access control.'
) ENGINE=MyISAM AUTO_INCREMENT=4 DEFAULT CHARSET=utf8;

--
-- Дамп данных таблицы `bnduv_viewlevels`
--

INSERT INTO `bnduv_viewlevels` (`id`, `title`, `ordering`, `rules`) VALUES
(1, 'Public', 0, '[1]'),
(2, 'Registered', 1, '[6,2,8]'),
(3, 'Special', 2, '[6,3,8]');

-- --------------------------------------------------------

--
-- Структура таблицы `bnduv_virtuemart_adminmenuentries`
--

CREATE TABLE IF NOT EXISTS `bnduv_virtuemart_adminmenuentries` (
  `id` tinyint(1) unsigned NOT NULL,
  `module_id` tinyint(10) unsigned NOT NULL DEFAULT '0' COMMENT 'The ID of the VM Module, this Item is assigned to',
  `parent_id` tinyint(11) unsigned NOT NULL DEFAULT '0',
  `name` char(64) NOT NULL DEFAULT '0',
  `link` char(64) NOT NULL DEFAULT '0',
  `depends` char(64) NOT NULL DEFAULT '' COMMENT 'Names of the Parameters, this Item depends on',
  `icon_class` char(96) DEFAULT NULL,
  `ordering` int(2) NOT NULL DEFAULT '0',
  `published` tinyint(1) NOT NULL DEFAULT '1',
  `tooltip` char(128) DEFAULT NULL,
  `view` char(32) DEFAULT NULL,
  `task` char(32) DEFAULT NULL
) ENGINE=MyISAM AUTO_INCREMENT=30 DEFAULT CHARSET=utf8 COMMENT='Administration Menu Items';

--
-- Дамп данных таблицы `bnduv_virtuemart_adminmenuentries`
--

INSERT INTO `bnduv_virtuemart_adminmenuentries` (`id`, `module_id`, `parent_id`, `name`, `link`, `depends`, `icon_class`, `ordering`, `published`, `tooltip`, `view`, `task`) VALUES
(1, 1, 0, 'COM_VIRTUEMART_CATEGORY_S', '', '', 'vmicon vmicon-16-folder_camera', 1, 1, '', 'category', ''),
(2, 1, 0, 'COM_VIRTUEMART_PRODUCT_S', '', '', 'vmicon vmicon-16-camera', 2, 1, '', 'product', ''),
(3, 1, 0, 'COM_VIRTUEMART_PRODUCT_CUSTOM_FIELD_S', '', '', 'vmicon vmicon-16-document_move', 5, 1, '', 'custom', ''),
(4, 1, 0, 'COM_VIRTUEMART_PRODUCT_INVENTORY', '', '', 'vmicon vmicon-16-price_watch', 7, 1, '', 'inventory', ''),
(5, 1, 0, 'COM_VIRTUEMART_CALC_S', '', '', 'vmicon vmicon-16-calculator', 8, 1, '', 'calc', ''),
(6, 1, 0, 'COM_VIRTUEMART_REVIEW_RATE_S', '', '', 'vmicon vmicon-16-comments', 9, 1, '', 'ratings', ''),
(7, 2, 0, 'COM_VIRTUEMART_ORDER_S', '', '', 'vmicon vmicon-16-page_white_stack', 1, 1, '', 'orders', ''),
(8, 2, 0, 'COM_VIRTUEMART_COUPON_S', '', '', 'vmicon vmicon-16-shopping', 10, 1, '', 'coupon', ''),
(9, 2, 0, 'COM_VIRTUEMART_REPORT', '', '', 'vmicon vmicon-16-chart_bar', 3, 1, '', 'report', ''),
(10, 2, 0, 'COM_VIRTUEMART_USER_S', '', '', 'vmicon vmicon-16-user', 4, 1, '', 'user', ''),
(11, 2, 0, 'COM_VIRTUEMART_SHOPPERGROUP_S', '', '', 'vmicon vmicon-16-user-group', 5, 1, '', 'shoppergroup', ''),
(12, 3, 0, 'COM_VIRTUEMART_MANUFACTURER_S', '', '', 'vmicon vmicon-16-wrench_orange', 1, 1, '', 'manufacturer', ''),
(13, 3, 0, 'COM_VIRTUEMART_MANUFACTURER_CATEGORY_S', '', '', 'vmicon vmicon-16-folder_wrench', 2, 1, '', 'manufacturercategories', ''),
(14, 4, 0, 'COM_VIRTUEMART_STORE', '', '', 'vmicon vmicon-16-reseller_account_template', 1, 1, '', 'user', 'editshop'),
(15, 4, 0, 'COM_VIRTUEMART_MEDIA_S', '', '', 'vmicon vmicon-16-pictures', 2, 1, '', 'media', ''),
(16, 4, 0, 'COM_VIRTUEMART_SHIPMENTMETHOD_S', '', '', 'vmicon vmicon-16-lorry', 3, 1, '', 'shipmentmethod', ''),
(17, 4, 0, 'COM_VIRTUEMART_PAYMENTMETHOD_S', '', '', 'vmicon vmicon-16-creditcards', 4, 1, '', 'paymentmethod', ''),
(18, 5, 0, 'COM_VIRTUEMART_CONFIGURATION', '', '', 'vmicon vmicon-16-config', 1, 1, '', 'config', ''),
(19, 5, 0, 'COM_VIRTUEMART_USERFIELD_S', '', '', 'vmicon vmicon-16-participation_rate', 2, 1, '', 'userfields', ''),
(20, 5, 0, 'COM_VIRTUEMART_ORDERSTATUS_S', '', '', 'vmicon vmicon-16-document_editing', 3, 1, '', 'orderstatus', ''),
(21, 5, 0, 'COM_VIRTUEMART_CURRENCY_S', '', '', 'vmicon vmicon-16-coins', 5, 1, '', 'currency', ''),
(22, 5, 0, 'COM_VIRTUEMART_COUNTRY_S', '', '', 'vmicon vmicon-16-globe', 6, 1, '', 'country', ''),
(23, 11, 0, 'COM_VIRTUEMART_MIGRATION_UPDATE', '', '', 'vmicon vmicon-16-installer_box', 1, 1, '', 'updatesmigration', ''),
(24, 11, 0, 'COM_VIRTUEMART_ABOUT', '', '', 'vmicon vmicon-16-info', 3, 1, '', 'about', ''),
(25, 11, 0, 'COM_VIRTUEMART_HELP_TOPICS', 'http://docs.virtuemart.net/', '', 'vmicon vmicon-16-help', 4, 1, '', '', ''),
(26, 11, 0, 'COM_VIRTUEMART_COMMUNITY_FORUM', 'http://forum.virtuemart.net/', '', 'vmicon vmicon-16-reseller_programm', 6, 1, '', '', ''),
(27, 11, 0, 'COM_VIRTUEMART_STATISTIC_SUMMARY', '', '', 'vmicon vmicon-16-info', 1, 1, '', 'virtuemart', ''),
(28, 77, 0, 'COM_VIRTUEMART_USER_GROUP_S', '', '', 'vmicon vmicon-16-user', 2, 1, '', 'usergroups', ''),
(29, 11, 0, 'COM_VIRTUEMART_LOG', '', '', 'vmicon vmicon-16-info', 2, 1, '', 'log', '');

-- --------------------------------------------------------

--
-- Структура таблицы `bnduv_virtuemart_calcs`
--

CREATE TABLE IF NOT EXISTS `bnduv_virtuemart_calcs` (
  `virtuemart_calc_id` smallint(1) unsigned NOT NULL,
  `virtuemart_vendor_id` smallint(1) unsigned NOT NULL DEFAULT '1' COMMENT 'Belongs to vendor',
  `calc_jplugin_id` int(11) NOT NULL DEFAULT '0',
  `calc_name` char(64) NOT NULL DEFAULT '' COMMENT 'Name of the rule',
  `calc_descr` char(128) NOT NULL DEFAULT '' COMMENT 'Description',
  `calc_kind` char(16) NOT NULL DEFAULT '' COMMENT 'Discount/Tax/Margin/Commission',
  `calc_value_mathop` char(8) NOT NULL DEFAULT '' COMMENT 'the mathematical operation like (+,-,+%,-%)',
  `calc_value` decimal(10,4) NOT NULL DEFAULT '0.0000' COMMENT 'The Amount',
  `calc_currency` smallint(1) unsigned NOT NULL DEFAULT '0' COMMENT 'Currency of the Rule',
  `calc_shopper_published` tinyint(1) NOT NULL DEFAULT '0' COMMENT 'Visible for Shoppers',
  `calc_vendor_published` tinyint(1) NOT NULL DEFAULT '0' COMMENT 'Visible for Vendors',
  `publish_up` datetime NOT NULL DEFAULT '0000-00-00 00:00:00' COMMENT 'Startdate if nothing is set = permanent',
  `publish_down` datetime NOT NULL DEFAULT '0000-00-00 00:00:00' COMMENT 'Enddate if nothing is set = permanent',
  `for_override` tinyint(1) NOT NULL DEFAULT '0',
  `calc_params` varchar(18000) DEFAULT NULL,
  `ordering` int(2) NOT NULL DEFAULT '0',
  `shared` tinyint(1) NOT NULL DEFAULT '0',
  `published` tinyint(1) NOT NULL DEFAULT '1',
  `created_on` datetime NOT NULL DEFAULT '0000-00-00 00:00:00',
  `created_by` int(11) NOT NULL DEFAULT '0',
  `modified_on` datetime NOT NULL DEFAULT '0000-00-00 00:00:00',
  `modified_by` int(11) NOT NULL DEFAULT '0',
  `locked_on` datetime NOT NULL DEFAULT '0000-00-00 00:00:00',
  `locked_by` int(11) NOT NULL DEFAULT '0'
) ENGINE=MyISAM AUTO_INCREMENT=2 DEFAULT CHARSET=utf8;

--
-- Дамп данных таблицы `bnduv_virtuemart_calcs`
--

INSERT INTO `bnduv_virtuemart_calcs` (`virtuemart_calc_id`, `virtuemart_vendor_id`, `calc_jplugin_id`, `calc_name`, `calc_descr`, `calc_kind`, `calc_value_mathop`, `calc_value`, `calc_currency`, `calc_shopper_published`, `calc_vendor_published`, `publish_up`, `publish_down`, `for_override`, `calc_params`, `ordering`, `shared`, `published`, `created_on`, `created_by`, `modified_on`, `modified_by`, `locked_on`, `locked_by`) VALUES
(1, 1, 0, 'Налог 20%', 'НДС 20%', 'VatTax', '-%', 20.0000, 131, 0, 0, '2014-05-20 07:59:51', '0000-00-00 00:00:00', 0, '', 0, 0, 1, '2014-05-20 07:59:51', 351, '2019-03-06 10:06:28', 354, '0000-00-00 00:00:00', 0);

-- --------------------------------------------------------

--
-- Структура таблицы `bnduv_virtuemart_calc_categories`
--

CREATE TABLE IF NOT EXISTS `bnduv_virtuemart_calc_categories` (
  `id` mediumint(1) unsigned NOT NULL,
  `virtuemart_calc_id` smallint(1) unsigned NOT NULL DEFAULT '0',
  `virtuemart_category_id` mediumint(1) unsigned NOT NULL DEFAULT '0'
) ENGINE=MyISAM DEFAULT CHARSET=utf8;

-- --------------------------------------------------------

--
-- Структура таблицы `bnduv_virtuemart_calc_countries`
--

CREATE TABLE IF NOT EXISTS `bnduv_virtuemart_calc_countries` (
  `id` mediumint(1) unsigned NOT NULL,
  `virtuemart_calc_id` smallint(1) unsigned NOT NULL DEFAULT '0',
  `virtuemart_country_id` smallint(1) unsigned NOT NULL DEFAULT '0'
) ENGINE=MyISAM DEFAULT CHARSET=utf8;

-- --------------------------------------------------------

--
-- Структура таблицы `bnduv_virtuemart_calc_manufacturers`
--

CREATE TABLE IF NOT EXISTS `bnduv_virtuemart_calc_manufacturers` (
  `id` mediumint(1) unsigned NOT NULL,
  `virtuemart_calc_id` smallint(1) unsigned NOT NULL DEFAULT '0',
  `virtuemart_manufacturer_id` smallint(1) unsigned NOT NULL DEFAULT '0'
) ENGINE=MyISAM DEFAULT CHARSET=utf8;

-- --------------------------------------------------------

--
-- Структура таблицы `bnduv_virtuemart_calc_shoppergroups`
--

CREATE TABLE IF NOT EXISTS `bnduv_virtuemart_calc_shoppergroups` (
  `id` mediumint(1) unsigned NOT NULL,
  `virtuemart_calc_id` smallint(1) unsigned NOT NULL DEFAULT '0',
  `virtuemart_shoppergroup_id` smallint(1) unsigned NOT NULL DEFAULT '0'
) ENGINE=MyISAM DEFAULT CHARSET=utf8;

-- --------------------------------------------------------

--
-- Структура таблицы `bnduv_virtuemart_calc_states`
--

CREATE TABLE IF NOT EXISTS `bnduv_virtuemart_calc_states` (
  `id` mediumint(1) unsigned NOT NULL,
  `virtuemart_calc_id` smallint(1) unsigned NOT NULL DEFAULT '0',
  `virtuemart_state_id` smallint(1) unsigned NOT NULL DEFAULT '0'
) ENGINE=MyISAM DEFAULT CHARSET=utf8;

-- --------------------------------------------------------

--
-- Структура таблицы `bnduv_virtuemart_categories`
--

CREATE TABLE IF NOT EXISTS `bnduv_virtuemart_categories` (
  `virtuemart_category_id` mediumint(1) unsigned NOT NULL,
  `virtuemart_vendor_id` smallint(1) unsigned NOT NULL DEFAULT '1',
  `category_template` char(128) DEFAULT NULL,
  `category_layout` char(64) DEFAULT NULL,
  `category_product_layout` char(64) DEFAULT NULL,
  `products_per_row` tinyint(2) DEFAULT NULL,
  `limit_list_step` char(32) DEFAULT NULL,
  `limit_list_initial` smallint(1) unsigned DEFAULT NULL,
  `hits` int(1) unsigned NOT NULL DEFAULT '0',
  `metarobot` char(40) NOT NULL DEFAULT '',
  `metaauthor` char(64) NOT NULL DEFAULT '',
  `ordering` int(2) NOT NULL DEFAULT '0',
  `shared` tinyint(1) NOT NULL DEFAULT '0',
  `published` tinyint(1) NOT NULL DEFAULT '1',
  `created_on` datetime NOT NULL DEFAULT '0000-00-00 00:00:00',
  `created_by` int(11) NOT NULL DEFAULT '0',
  `modified_on` datetime NOT NULL DEFAULT '0000-00-00 00:00:00',
  `modified_by` int(11) NOT NULL DEFAULT '0',
  `locked_on` datetime NOT NULL DEFAULT '0000-00-00 00:00:00',
  `locked_by` int(11) NOT NULL DEFAULT '0'
) ENGINE=MyISAM AUTO_INCREMENT=10 DEFAULT CHARSET=utf8 COMMENT='Product Categories are stored here';

--
-- Дамп данных таблицы `bnduv_virtuemart_categories`
--

INSERT INTO `bnduv_virtuemart_categories` (`virtuemart_category_id`, `virtuemart_vendor_id`, `category_template`, `category_layout`, `category_product_layout`, `products_per_row`, `limit_list_step`, `limit_list_initial`, `hits`, `metarobot`, `metaauthor`, `ordering`, `shared`, `published`, `created_on`, `created_by`, `modified_on`, `modified_by`, `locked_on`, `locked_by`) VALUES
(7, 1, '0', '0', '0', 0, '0', 0, 0, '', '', 0, 0, 1, '2019-03-05 12:00:52', 351, '2019-03-11 12:05:55', 354, '0000-00-00 00:00:00', 0),
(6, 1, '0', '0', '0', 0, '0', 0, 0, '', '', 0, 0, 1, '2019-02-28 12:53:04', 351, '2019-03-05 11:58:46', 354, '0000-00-00 00:00:00', 0),
(5, 1, '0', '0', '0', 0, '0', 0, 0, '', '', 0, 0, 1, '2019-02-07 10:58:27', 351, '2019-03-05 11:54:48', 354, '0000-00-00 00:00:00', 0),
(8, 1, '0', '0', '0', 0, '0', 0, 0, '', '', 0, 0, 1, '2019-03-05 12:01:08', 351, '2019-03-05 12:01:08', 351, '0000-00-00 00:00:00', 0),
(9, 1, '0', '0', '0', 0, '0', 0, 0, '', '', 0, 0, 1, '2019-03-05 12:44:17', 351, '2019-03-05 12:44:17', 351, '0000-00-00 00:00:00', 0);

-- --------------------------------------------------------

--
-- Структура таблицы `bnduv_virtuemart_categories_en_gb`
--

CREATE TABLE IF NOT EXISTS `bnduv_virtuemart_categories_en_gb` (
  `virtuemart_category_id` int(1) unsigned NOT NULL,
  `category_name` char(180) NOT NULL DEFAULT '',
  `category_description` varchar(19000) NOT NULL DEFAULT '',
  `metadesc` varchar(400) NOT NULL DEFAULT '',
  `metakey` varchar(400) NOT NULL DEFAULT '',
  `customtitle` char(255) NOT NULL DEFAULT '',
  `slug` char(192) NOT NULL DEFAULT ''
) ENGINE=MyISAM DEFAULT CHARSET=utf8;

-- --------------------------------------------------------

--
-- Структура таблицы `bnduv_virtuemart_categories_ru_ru`
--

CREATE TABLE IF NOT EXISTS `bnduv_virtuemart_categories_ru_ru` (
  `virtuemart_category_id` int(1) unsigned NOT NULL,
  `category_name` char(180) NOT NULL DEFAULT '',
  `category_description` varchar(19000) NOT NULL DEFAULT '',
  `metadesc` varchar(400) NOT NULL DEFAULT '',
  `metakey` varchar(400) NOT NULL DEFAULT '',
  `customtitle` char(255) NOT NULL DEFAULT '',
  `slug` char(192) NOT NULL DEFAULT ''
) ENGINE=MyISAM DEFAULT CHARSET=utf8;

--
-- Дамп данных таблицы `bnduv_virtuemart_categories_ru_ru`
--

INSERT INTO `bnduv_virtuemart_categories_ru_ru` (`virtuemart_category_id`, `category_name`, `category_description`, `metadesc`, `metakey`, `customtitle`, `slug`) VALUES
(6, 'Расходные материалы', '', '', '', '', 'raskhodnye-materialy'),
(5, 'МФУ', '', '', '', '', 'printer'),
(7, 'Принтеры', '', '', '', '', 'printery'),
(8, 'Сканеры', '', '', '', '', 'skanery'),
(9, 'Бумага', '', '', '', '', 'bumaga');

-- --------------------------------------------------------

--
-- Структура таблицы `bnduv_virtuemart_category_categories`
--

CREATE TABLE IF NOT EXISTS `bnduv_virtuemart_category_categories` (
  `id` int(11) unsigned NOT NULL,
  `category_parent_id` int(1) unsigned NOT NULL DEFAULT '0',
  `category_child_id` int(1) unsigned NOT NULL DEFAULT '0',
  `ordering` int(2) NOT NULL DEFAULT '0'
) ENGINE=MyISAM AUTO_INCREMENT=10 DEFAULT CHARSET=utf8 COMMENT='Category child-parent relation list';

--
-- Дамп данных таблицы `bnduv_virtuemart_category_categories`
--

INSERT INTO `bnduv_virtuemart_category_categories` (`id`, `category_parent_id`, `category_child_id`, `ordering`) VALUES
(6, 0, 6, 0),
(7, 0, 7, 0),
(5, 0, 5, 0),
(8, 0, 8, 0),
(9, 0, 9, 0);

-- --------------------------------------------------------

--
-- Структура таблицы `bnduv_virtuemart_category_medias`
--

CREATE TABLE IF NOT EXISTS `bnduv_virtuemart_category_medias` (
  `id` int(11) unsigned NOT NULL,
  `virtuemart_category_id` mediumint(1) unsigned NOT NULL DEFAULT '0',
  `virtuemart_media_id` int(1) unsigned NOT NULL DEFAULT '0',
  `ordering` int(2) NOT NULL DEFAULT '0'
) ENGINE=MyISAM AUTO_INCREMENT=7 DEFAULT CHARSET=utf8;

--
-- Дамп данных таблицы `bnduv_virtuemart_category_medias`
--

INSERT INTO `bnduv_virtuemart_category_medias` (`id`, `virtuemart_category_id`, `virtuemart_media_id`, `ordering`) VALUES
(3, 5, 14, 1),
(5, 6, 16, 1),
(6, 7, 145, 1);

-- --------------------------------------------------------

--
-- Структура таблицы `bnduv_virtuemart_configs`
--

CREATE TABLE IF NOT EXISTS `bnduv_virtuemart_configs` (
  `virtuemart_config_id` tinyint(1) unsigned NOT NULL,
  `config` text,
  `created_on` datetime NOT NULL DEFAULT '0000-00-00 00:00:00',
  `created_by` int(11) NOT NULL DEFAULT '0',
  `modified_on` datetime NOT NULL DEFAULT '0000-00-00 00:00:00',
  `modified_by` int(11) NOT NULL DEFAULT '0',
  `locked_on` datetime NOT NULL DEFAULT '0000-00-00 00:00:00',
  `locked_by` int(11) NOT NULL DEFAULT '0'
) ENGINE=MyISAM AUTO_INCREMENT=2 DEFAULT CHARSET=utf8 COMMENT='Holds configuration settings';

--
-- Дамп данных таблицы `bnduv_virtuemart_configs`
--

INSERT INTO `bnduv_virtuemart_configs` (`virtuemart_config_id`, `config`, `created_on`, `created_by`, `modified_on`, `modified_by`, `locked_on`, `locked_by`) VALUES
(1, 'shop_is_offline=s:1:"0";|offline_message=czo3MzoiT3VyIFNob3AgaXMgY3VycmVudGx5IGRvd24gZm9yIG1haW50ZW5hbmNlLiBQbGVhc2UgY2hlY2sgYmFjayBhZ2FpbiBzb29uLiI7|use_as_catalog=s:1:"0";|currency_converter_module=s:14:"convertECB.php";|order_mail_html=s:1:"1";|dateformat=s:8:"%m/%d/%y";|useSSL=s:1:"0";|dangeroustools=s:1:"0";|debug_enable=s:4:"none";|google_jquery=s:1:"1";|multix=s:4:"none";|pdf_button_enable=s:1:"1";|show_emailfriend=s:1:"1";|show_printicon=s:1:"0";|show_out_of_stock_products=s:1:"1";|coupons_enable=s:1:"0";|coupons_default_expire=s:3:"1,D";|weight_unit_default=s:2:"KG";|lwh_unit_default=s:1:"M";|showReviewFor=s:3:"all";|reviewMode=s:10:"registered";|showRatingFor=s:3:"all";|ratingMode=s:10:"registered";|reviews_autopublish=s:1:"1";|reviews_minimum_comment_length=s:3:"100";|reviews_maximum_comment_length=s:4:"2000";|vmtemplate=s:1:"9";|categorytemplate=s:1:"9";|showCategory=s:1:"1";|categorylayout=s:7:"default";|categories_per_row=s:1:"3";|productlayout=s:7:"default";|products_per_row=s:1:"3";|vmlayout=s:7:"default";|show_featured=s:1:"1";|featured_products_per_row=s:1:"3";|show_topTen=s:1:"1";|topten_products_per_row=s:1:"3";|show_recent=s:1:"1";|show_latest=s:1:"1";|assets_general_path=s:33:"components/com_virtuemart/assets/";|media_category_path=s:35:"images/stories/virtuemart/category/";|media_product_path=s:34:"images/stories/virtuemart/product/";|media_manufacturer_path=s:39:"images/stories/virtuemart/manufacturer/";|media_vendor_path=s:33:"images/stories/virtuemart/vendor/";|forSale_path_thumb=s:42:"images/stories/virtuemart/forSale/resized/";|img_resize_enable=s:1:"1";|img_width=s:2:"90";|img_height=s:2:"90";|no_image_set=s:11:"noimage.gif";|no_image_found=s:11:"warning.png";|browse_orderby_field=s:12:"product_name";|browse_orderby_fields=a:3:{i:0;s:12:"product_name";i:1;s:13:"category_name";i:2;s:7:"mf_name";}|browse_search_fields=a:5:{i:0;s:12:"product_name";i:1;s:14:"product_s_desc";i:2;s:13:"category_name";i:3;s:20:"category_description";i:4;s:7:"mf_name";}|show_prices=s:1:"1";|price_access_level_published=s:1:"0";|price_show_packaging_pricelabel=s:1:"0";|show_tax=s:1:"1";|basePrice=s:1:"1";|basePriceText=s:1:"1";|basePriceRounding=s:1:"2";|variantModification=s:1:"0";|variantModificationText=s:1:"0";|variantModificationRounding=s:1:"2";|basePriceVariant=s:1:"1";|basePriceVariantText=s:1:"1";|basePriceVariantRounding=s:1:"2";|basePriceWithTax=s:1:"0";|basePriceWithTaxText=s:1:"0";|basePriceWithTaxRounding=s:1:"2";|discountedPriceWithoutTax=s:1:"0";|discountedPriceWithoutTaxText=s:1:"0";|discountedPriceWithoutTaxRounding=s:1:"2";|salesPriceWithDiscount=s:1:"1";|salesPriceWithDiscountText=s:1:"1";|salesPriceWithDiscountRounding=s:1:"2";|salesPrice=s:1:"1";|salesPriceText=s:1:"1";|salesPriceRounding=s:1:"2";|priceWithoutTax=s:1:"0";|priceWithoutTaxText=s:1:"0";|priceWithoutTaxRounding=s:1:"2";|discountAmount=s:1:"1";|discountAmountText=s:1:"1";|discountAmountRounding=s:1:"2";|taxAmount=s:1:"0";|taxAmountText=s:1:"0";|taxAmountRounding=s:1:"2";|check_stock=s:1:"0";|automatic_payment=s:1:"1";|automatic_shipment=s:1:"1";|agree_to_tos_onorder=s:1:"0";|oncheckout_show_legal_info=s:1:"1";|oncheckout_show_register=s:1:"1";|oncheckout_show_steps=s:1:"1";|oncheckout_show_register_text=s:47:"COM_VIRTUEMART_ONCHECKOUT_DEFAULT_TEXT_REGISTER";|seo_disabled=s:1:"0";|seo_translate=s:1:"0";|seo_use_id=s:1:"0";|transliterateSlugs=s:1:"1";|soap_ws_cat_on=s:1:"0";|soap_ws_cat_cache_on=s:1:"1";|soap_auth_getcat=s:1:"1";|soap_auth_addcat=s:1:"1";|soap_auth_upcat=s:1:"1";|soap_auth_delcat=s:1:"1";|soap_auth_cat_otherget=s:1:"1";|soap_auth_cat_otheradd=s:1:"1";|soap_auth_cat_otherupdate=s:1:"1";|soap_auth_cat_otherdelete=s:1:"1";|soap_ws_user_on=s:1:"0";|soap_ws_user_cache_on=s:1:"1";|soap_auth_getuser=s:1:"1";|soap_auth_adduser=s:1:"1";|soap_auth_upuser=s:1:"1";|soap_auth_deluser=s:1:"1";|soap_auth_user_otherget=s:1:"1";|soap_auth_user_otheradd=s:1:"1";|soap_auth_user_otherupdate=s:1:"1";|soap_auth_user_otherdelete=s:1:"1";|soap_ws_prod_on=s:1:"0";|soap_ws_prod_cache_on=s:1:"1";|soap_auth_getprod=s:1:"1";|soap_auth_addprod=s:1:"1";|soap_auth_upprod=s:1:"1";|soap_auth_delprod=s:1:"1";|soap_auth_prod_otherget=s:1:"1";|soap_auth_prod_otheradd=s:1:"1";|soap_auth_prod_otherupdate=s:1:"1";|soap_auth_prod_otherdelete=s:1:"1";|soap_ws_order_on=s:1:"0";|soap_ws_order_cache_on=s:1:"1";|soap_auth_getorder=s:1:"1";|soap_auth_addorder=s:1:"1";|soap_auth_uporder=s:1:"1";|soap_auth_delorder=s:1:"1";|soap_auth_order_otherget=s:1:"1";|soap_auth_order_otheradd=s:1:"1";|soap_auth_order_otherupdate=s:1:"1";|soap_auth_order_otherdelete=s:1:"1";|soap_ws_sql_on=s:1:"0";|soap_ws_sql_cache_on=s:1:"1";|soap_auth_execsql=s:1:"1";|soap_auth_execsql_select=s:1:"1";|soap_auth_execsql_insert=s:1:"1";|soap_auth_execsql_update=s:1:"1";|soap_ws_custom_on=s:1:"0";|soap_ws_custom_cache_on=s:1:"1";|soap_EP_custom=s:24:"VM_CustomizedService.php";|soap_wsdl_custom=s:18:"VM_Customized.wsdl";|sctime=d:1551794826.820262;|vmlang=s:5:"ru_ru";|llimit_init_BE=s:2:"10";|llimit_init_FE=s:2:"10";|virtuemart_config_id=i:1;|enable_content_plugin=s:1:"0";|reg_captcha=s:1:"0";|active_languages=a:1:{i:0;s:5:"ru-RU";}|enableEnglish=s:1:"1";|useVendorEmail=s:1:"1";|pdf_icon=s:1:"0";|recommend_unauth=s:1:"0";|ask_captcha=s:1:"0";|ask_question=s:1:"0";|asks_minimum_comment_length=s:2:"50";|asks_maximum_comment_length=s:4:"2000";|product_navigation=s:1:"0";|display_stock=s:1:"0";|show_uncat_child_products=s:1:"0";|handle_404=s:1:"1";|cp_rm=a:1:{i:0;s:1:"C";}|latest_products_days=s:1:"7";|latest_products_orderBy=s:10:"created_on";|lstockmail=s:1:"0";|stockhandle=s:4:"none";|rised_availability=s:0:"";|image=s:0:"";|rr_os=a:1:{i:0;s:1:"C";}|show_manufacturers=s:1:"1";|manufacturer_per_row=s:1:"3";|mediaLimit=s:2:"20";|pagseq=s:0:"";|pagseq_1=s:0:"";|pagseq_2=s:0:"";|pagseq_3=s:0:"";|pagseq_4=s:0:"";|pagseq_5=s:0:"";|feed_cat_published=s:1:"0";|feed_cat_show_images=s:1:"0";|feed_cat_show_prices=s:1:"0";|feed_cat_show_description=s:1:"0";|feed_cat_description_type=s:14:"product_s_desc";|feed_cat_max_text_length=s:3:"500";|forSale_path=s:0:"";|add_img_main=s:1:"1";|show_store_desc=s:1:"0";|show_categories=s:1:"1";|homepage_categories_per_row=s:1:"3";|homepage_products_per_row=s:1:"3";|featured_products_rows=s:1:"1";|topTen_products_rows=s:1:"1";|recent_products_rows=s:1:"1";|latest_products_rows=s:1:"1";|feed_latest_published=s:1:"0";|feed_latest_nb=s:1:"5";|feed_topten_published=s:1:"0";|feed_topten_nb=s:1:"5";|feed_featured_published=s:1:"0";|feed_featured_nb=s:1:"5";|feed_home_show_images=s:1:"0";|feed_home_show_prices=s:1:"0";|feed_home_show_description=s:1:"0";|feed_home_description_type=s:14:"product_s_desc";|feed_home_max_text_length=s:3:"500";|usefancy=s:1:"0";|css=s:1:"1";|jquery=s:1:"1";|jprice=s:1:"1";|jsite=s:1:"1";|jchosen=s:1:"0";|askprice=s:1:"0";|rappenrundung=s:1:"0";|roundindig=s:1:"0";|cVarswT=s:1:"0";|unitPrice=s:1:"0";|unitPriceText=s:1:"1";|unitPriceRounding=s:1:"2";|addtocart_popup=s:1:"1";|popup_rel=s:1:"1";|oncheckout_opc=s:1:"0";|oncheckout_only_registered=s:1:"0";|oncheckout_change_shopper=s:1:"0";|oncheckout_show_images=s:1:"0";|del_date_type=s:1:"m";|inv_os=a:1:{i:0;s:1:"C";}|email_os_s=a:6:{i:0;s:1:"P";i:1;s:1:"U";i:2;s:1:"C";i:3;s:1:"X";i:4;s:1:"R";i:5;s:1:"S";}|email_os_v=a:5:{i:0;s:1:"P";i:1;s:1:"U";i:2;s:1:"C";i:3;s:1:"X";i:4;s:1:"R";}|vmlang_js=s:1:"0";|prd_brws_orderby_dir=s:3:"ASC";|browse_cat_orderby_field=s:13:"category_name";|cat_brws_orderby_dir=s:3:"ASC";|seo_sufix=s:7:"-detail";|task=s:5:"apply";|option=s:14:"com_virtuemart";|view=s:6:"config";|1f825de100cec37d74d4a0c762cc5592=s:1:"1";|3ca1bc1f985f692f3fbddc7b555d2d36=s:1:"1";|532fc17e1a9ae4ee3d9279257c8a6a75=s:1:"1";|df05a3b6b4c4df03a607bc496d55c99e=s:1:"1";|e3ef77ddabb9586e6b7a98d55673a600=s:1:"1";', '0000-00-00 00:00:00', 0, '2019-03-05 14:07:06', 354, '0000-00-00 00:00:00', 0);

-- --------------------------------------------------------

--
-- Структура таблицы `bnduv_virtuemart_countries`
--

CREATE TABLE IF NOT EXISTS `bnduv_virtuemart_countries` (
  `virtuemart_country_id` smallint(1) unsigned NOT NULL,
  `virtuemart_worldzone_id` tinyint(11) NOT NULL DEFAULT '1',
  `country_name` char(64) DEFAULT NULL,
  `country_3_code` char(3) DEFAULT NULL,
  `country_2_code` char(2) DEFAULT NULL,
  `ordering` int(2) NOT NULL DEFAULT '0',
  `published` tinyint(1) NOT NULL DEFAULT '1',
  `created_on` datetime NOT NULL DEFAULT '0000-00-00 00:00:00',
  `created_by` int(11) NOT NULL DEFAULT '0',
  `modified_on` datetime NOT NULL DEFAULT '0000-00-00 00:00:00',
  `modified_by` int(11) NOT NULL DEFAULT '0',
  `locked_on` datetime NOT NULL DEFAULT '0000-00-00 00:00:00',
  `locked_by` int(11) NOT NULL DEFAULT '0'
) ENGINE=MyISAM AUTO_INCREMENT=249 DEFAULT CHARSET=utf8 COMMENT='Country records';

--
-- Дамп данных таблицы `bnduv_virtuemart_countries`
--

INSERT INTO `bnduv_virtuemart_countries` (`virtuemart_country_id`, `virtuemart_worldzone_id`, `country_name`, `country_3_code`, `country_2_code`, `ordering`, `published`, `created_on`, `created_by`, `modified_on`, `modified_by`, `locked_on`, `locked_by`) VALUES
(1, 1, 'Afghanistan', 'AFG', 'AF', 0, 0, '0000-00-00 00:00:00', 0, '0000-00-00 00:00:00', 0, '0000-00-00 00:00:00', 0),
(2, 1, 'Albania', 'ALB', 'AL', 0, 0, '0000-00-00 00:00:00', 0, '0000-00-00 00:00:00', 0, '0000-00-00 00:00:00', 0),
(3, 1, 'Algeria', 'DZA', 'DZ', 0, 0, '0000-00-00 00:00:00', 0, '0000-00-00 00:00:00', 0, '0000-00-00 00:00:00', 0),
(4, 1, 'American Samoa', 'ASM', 'AS', 0, 0, '0000-00-00 00:00:00', 0, '0000-00-00 00:00:00', 0, '0000-00-00 00:00:00', 0),
(5, 1, 'Andorra', 'AND', 'AD', 0, 0, '0000-00-00 00:00:00', 0, '0000-00-00 00:00:00', 0, '0000-00-00 00:00:00', 0),
(6, 1, 'Angola', 'AGO', 'AO', 0, 0, '0000-00-00 00:00:00', 0, '0000-00-00 00:00:00', 0, '0000-00-00 00:00:00', 0),
(7, 1, 'Anguilla', 'AIA', 'AI', 0, 0, '0000-00-00 00:00:00', 0, '0000-00-00 00:00:00', 0, '0000-00-00 00:00:00', 0),
(8, 1, 'Antarctica', 'ATA', 'AQ', 0, 0, '0000-00-00 00:00:00', 0, '0000-00-00 00:00:00', 0, '0000-00-00 00:00:00', 0),
(9, 1, 'Antigua and Barbuda', 'ATG', 'AG', 0, 0, '0000-00-00 00:00:00', 0, '0000-00-00 00:00:00', 0, '0000-00-00 00:00:00', 0),
(10, 1, 'Argentina', 'ARG', 'AR', 0, 0, '0000-00-00 00:00:00', 0, '0000-00-00 00:00:00', 0, '0000-00-00 00:00:00', 0),
(11, 1, 'Armenia', 'ARM', 'AM', 0, 0, '0000-00-00 00:00:00', 0, '0000-00-00 00:00:00', 0, '0000-00-00 00:00:00', 0),
(12, 1, 'Aruba', 'ABW', 'AW', 0, 0, '0000-00-00 00:00:00', 0, '0000-00-00 00:00:00', 0, '0000-00-00 00:00:00', 0),
(13, 1, 'Australia', 'AUS', 'AU', 0, 0, '0000-00-00 00:00:00', 0, '0000-00-00 00:00:00', 0, '0000-00-00 00:00:00', 0),
(14, 1, 'Austria', 'AUT', 'AT', 0, 0, '0000-00-00 00:00:00', 0, '0000-00-00 00:00:00', 0, '0000-00-00 00:00:00', 0),
(15, 1, 'Azerbaijan', 'AZE', 'AZ', 0, 0, '0000-00-00 00:00:00', 0, '0000-00-00 00:00:00', 0, '0000-00-00 00:00:00', 0),
(16, 1, 'Bahamas', 'BHS', 'BS', 0, 0, '0000-00-00 00:00:00', 0, '0000-00-00 00:00:00', 0, '0000-00-00 00:00:00', 0),
(17, 1, 'Bahrain', 'BHR', 'BH', 0, 0, '0000-00-00 00:00:00', 0, '0000-00-00 00:00:00', 0, '0000-00-00 00:00:00', 0),
(18, 1, 'Bangladesh', 'BGD', 'BD', 0, 0, '0000-00-00 00:00:00', 0, '0000-00-00 00:00:00', 0, '0000-00-00 00:00:00', 0),
(19, 1, 'Barbados', 'BRB', 'BB', 0, 0, '0000-00-00 00:00:00', 0, '0000-00-00 00:00:00', 0, '0000-00-00 00:00:00', 0),
(20, 1, 'Belarus', 'BLR', 'BY', 0, 0, '0000-00-00 00:00:00', 0, '0000-00-00 00:00:00', 0, '0000-00-00 00:00:00', 0),
(21, 1, 'Belgium', 'BEL', 'BE', 0, 0, '0000-00-00 00:00:00', 0, '0000-00-00 00:00:00', 0, '0000-00-00 00:00:00', 0),
(22, 1, 'Belize', 'BLZ', 'BZ', 0, 0, '0000-00-00 00:00:00', 0, '0000-00-00 00:00:00', 0, '0000-00-00 00:00:00', 0),
(23, 1, 'Benin', 'BEN', 'BJ', 0, 0, '0000-00-00 00:00:00', 0, '0000-00-00 00:00:00', 0, '0000-00-00 00:00:00', 0),
(24, 1, 'Bermuda', 'BMU', 'BM', 0, 0, '0000-00-00 00:00:00', 0, '0000-00-00 00:00:00', 0, '0000-00-00 00:00:00', 0),
(25, 1, 'Bhutan', 'BTN', 'BT', 0, 0, '0000-00-00 00:00:00', 0, '0000-00-00 00:00:00', 0, '0000-00-00 00:00:00', 0),
(26, 1, 'Bolivia', 'BOL', 'BO', 0, 0, '0000-00-00 00:00:00', 0, '0000-00-00 00:00:00', 0, '0000-00-00 00:00:00', 0),
(27, 1, 'Bosnia and Herzegowina', 'BIH', 'BA', 0, 0, '0000-00-00 00:00:00', 0, '0000-00-00 00:00:00', 0, '0000-00-00 00:00:00', 0),
(28, 1, 'Botswana', 'BWA', 'BW', 0, 0, '0000-00-00 00:00:00', 0, '0000-00-00 00:00:00', 0, '0000-00-00 00:00:00', 0),
(29, 1, 'Bouvet Island', 'BVT', 'BV', 0, 0, '0000-00-00 00:00:00', 0, '0000-00-00 00:00:00', 0, '0000-00-00 00:00:00', 0),
(30, 1, 'Brazil', 'BRA', 'BR', 0, 0, '0000-00-00 00:00:00', 0, '0000-00-00 00:00:00', 0, '0000-00-00 00:00:00', 0),
(31, 1, 'British Indian Ocean Territory', 'IOT', 'IO', 0, 0, '0000-00-00 00:00:00', 0, '0000-00-00 00:00:00', 0, '0000-00-00 00:00:00', 0),
(32, 1, 'Brunei Darussalam', 'BRN', 'BN', 0, 0, '0000-00-00 00:00:00', 0, '0000-00-00 00:00:00', 0, '0000-00-00 00:00:00', 0),
(33, 1, 'Bulgaria', 'BGR', 'BG', 0, 0, '0000-00-00 00:00:00', 0, '0000-00-00 00:00:00', 0, '0000-00-00 00:00:00', 0),
(34, 1, 'Burkina Faso', 'BFA', 'BF', 0, 0, '0000-00-00 00:00:00', 0, '0000-00-00 00:00:00', 0, '0000-00-00 00:00:00', 0),
(35, 1, 'Burundi', 'BDI', 'BI', 0, 0, '0000-00-00 00:00:00', 0, '0000-00-00 00:00:00', 0, '0000-00-00 00:00:00', 0),
(36, 1, 'Cambodia', 'KHM', 'KH', 0, 0, '0000-00-00 00:00:00', 0, '0000-00-00 00:00:00', 0, '0000-00-00 00:00:00', 0),
(37, 1, 'Cameroon', 'CMR', 'CM', 0, 0, '0000-00-00 00:00:00', 0, '0000-00-00 00:00:00', 0, '0000-00-00 00:00:00', 0),
(38, 1, 'Canada', 'CAN', 'CA', 0, 0, '0000-00-00 00:00:00', 0, '0000-00-00 00:00:00', 0, '0000-00-00 00:00:00', 0),
(39, 1, 'Cape Verde', 'CPV', 'CV', 0, 0, '0000-00-00 00:00:00', 0, '0000-00-00 00:00:00', 0, '0000-00-00 00:00:00', 0),
(40, 1, 'Cayman Islands', 'CYM', 'KY', 0, 0, '0000-00-00 00:00:00', 0, '0000-00-00 00:00:00', 0, '0000-00-00 00:00:00', 0),
(41, 1, 'Central African Republic', 'CAF', 'CF', 0, 0, '0000-00-00 00:00:00', 0, '0000-00-00 00:00:00', 0, '0000-00-00 00:00:00', 0),
(42, 1, 'Chad', 'TCD', 'TD', 0, 0, '0000-00-00 00:00:00', 0, '0000-00-00 00:00:00', 0, '0000-00-00 00:00:00', 0),
(43, 1, 'Chile', 'CHL', 'CL', 0, 0, '0000-00-00 00:00:00', 0, '0000-00-00 00:00:00', 0, '0000-00-00 00:00:00', 0),
(44, 1, 'China', 'CHN', 'CN', 0, 0, '0000-00-00 00:00:00', 0, '0000-00-00 00:00:00', 0, '0000-00-00 00:00:00', 0),
(45, 1, 'Christmas Island', 'CXR', 'CX', 0, 0, '0000-00-00 00:00:00', 0, '0000-00-00 00:00:00', 0, '0000-00-00 00:00:00', 0),
(46, 1, 'Cocos (Keeling) Islands', 'CCK', 'CC', 0, 0, '0000-00-00 00:00:00', 0, '0000-00-00 00:00:00', 0, '0000-00-00 00:00:00', 0),
(47, 1, 'Colombia', 'COL', 'CO', 0, 0, '0000-00-00 00:00:00', 0, '0000-00-00 00:00:00', 0, '0000-00-00 00:00:00', 0),
(48, 1, 'Comoros', 'COM', 'KM', 0, 0, '0000-00-00 00:00:00', 0, '0000-00-00 00:00:00', 0, '0000-00-00 00:00:00', 0),
(49, 1, 'Congo', 'COG', 'CG', 0, 0, '0000-00-00 00:00:00', 0, '0000-00-00 00:00:00', 0, '0000-00-00 00:00:00', 0),
(50, 1, 'Cook Islands', 'COK', 'CK', 0, 0, '0000-00-00 00:00:00', 0, '0000-00-00 00:00:00', 0, '0000-00-00 00:00:00', 0),
(51, 1, 'Costa Rica', 'CRI', 'CR', 0, 0, '0000-00-00 00:00:00', 0, '0000-00-00 00:00:00', 0, '0000-00-00 00:00:00', 0),
(52, 1, 'Cote D''Ivoire', 'CIV', 'CI', 0, 0, '0000-00-00 00:00:00', 0, '0000-00-00 00:00:00', 0, '0000-00-00 00:00:00', 0),
(53, 1, 'Croatia', 'HRV', 'HR', 0, 0, '0000-00-00 00:00:00', 0, '0000-00-00 00:00:00', 0, '0000-00-00 00:00:00', 0),
(54, 1, 'Cuba', 'CUB', 'CU', 0, 0, '0000-00-00 00:00:00', 0, '0000-00-00 00:00:00', 0, '0000-00-00 00:00:00', 0),
(55, 1, 'Cyprus', 'CYP', 'CY', 0, 0, '0000-00-00 00:00:00', 0, '0000-00-00 00:00:00', 0, '0000-00-00 00:00:00', 0),
(56, 1, 'Czech Republic', 'CZE', 'CZ', 0, 0, '0000-00-00 00:00:00', 0, '0000-00-00 00:00:00', 0, '0000-00-00 00:00:00', 0),
(57, 1, 'Denmark', 'DNK', 'DK', 0, 0, '0000-00-00 00:00:00', 0, '0000-00-00 00:00:00', 0, '0000-00-00 00:00:00', 0),
(58, 1, 'Djibouti', 'DJI', 'DJ', 0, 0, '0000-00-00 00:00:00', 0, '0000-00-00 00:00:00', 0, '0000-00-00 00:00:00', 0),
(59, 1, 'Dominica', 'DMA', 'DM', 0, 0, '0000-00-00 00:00:00', 0, '0000-00-00 00:00:00', 0, '0000-00-00 00:00:00', 0),
(60, 1, 'Dominican Republic', 'DOM', 'DO', 0, 0, '0000-00-00 00:00:00', 0, '0000-00-00 00:00:00', 0, '0000-00-00 00:00:00', 0),
(61, 1, 'East Timor', 'TMP', 'TP', 0, 0, '0000-00-00 00:00:00', 0, '0000-00-00 00:00:00', 0, '0000-00-00 00:00:00', 0),
(62, 1, 'Ecuador', 'ECU', 'EC', 0, 0, '0000-00-00 00:00:00', 0, '0000-00-00 00:00:00', 0, '0000-00-00 00:00:00', 0),
(63, 1, 'Egypt', 'EGY', 'EG', 0, 0, '0000-00-00 00:00:00', 0, '0000-00-00 00:00:00', 0, '0000-00-00 00:00:00', 0),
(64, 1, 'El Salvador', 'SLV', 'SV', 0, 0, '0000-00-00 00:00:00', 0, '0000-00-00 00:00:00', 0, '0000-00-00 00:00:00', 0),
(65, 1, 'Equatorial Guinea', 'GNQ', 'GQ', 0, 0, '0000-00-00 00:00:00', 0, '0000-00-00 00:00:00', 0, '0000-00-00 00:00:00', 0),
(66, 1, 'Eritrea', 'ERI', 'ER', 0, 0, '0000-00-00 00:00:00', 0, '0000-00-00 00:00:00', 0, '0000-00-00 00:00:00', 0),
(67, 1, 'Estonia', 'EST', 'EE', 0, 0, '0000-00-00 00:00:00', 0, '0000-00-00 00:00:00', 0, '0000-00-00 00:00:00', 0),
(68, 1, 'Ethiopia', 'ETH', 'ET', 0, 0, '0000-00-00 00:00:00', 0, '0000-00-00 00:00:00', 0, '0000-00-00 00:00:00', 0),
(69, 1, 'Falkland Islands (Malvinas)', 'FLK', 'FK', 0, 0, '0000-00-00 00:00:00', 0, '0000-00-00 00:00:00', 0, '0000-00-00 00:00:00', 0),
(70, 1, 'Faroe Islands', 'FRO', 'FO', 0, 0, '0000-00-00 00:00:00', 0, '0000-00-00 00:00:00', 0, '0000-00-00 00:00:00', 0),
(71, 1, 'Fiji', 'FJI', 'FJ', 0, 0, '0000-00-00 00:00:00', 0, '0000-00-00 00:00:00', 0, '0000-00-00 00:00:00', 0),
(72, 1, 'Finland', 'FIN', 'FI', 0, 0, '0000-00-00 00:00:00', 0, '0000-00-00 00:00:00', 0, '0000-00-00 00:00:00', 0),
(73, 1, 'France', 'FRA', 'FR', 0, 0, '0000-00-00 00:00:00', 0, '0000-00-00 00:00:00', 0, '0000-00-00 00:00:00', 0),
(75, 1, 'French Guiana', 'GUF', 'GF', 0, 0, '0000-00-00 00:00:00', 0, '0000-00-00 00:00:00', 0, '0000-00-00 00:00:00', 0),
(76, 1, 'French Polynesia', 'PYF', 'PF', 0, 0, '0000-00-00 00:00:00', 0, '0000-00-00 00:00:00', 0, '0000-00-00 00:00:00', 0),
(77, 1, 'French Southern Territories', 'ATF', 'TF', 0, 0, '0000-00-00 00:00:00', 0, '0000-00-00 00:00:00', 0, '0000-00-00 00:00:00', 0),
(78, 1, 'Gabon', 'GAB', 'GA', 0, 0, '0000-00-00 00:00:00', 0, '0000-00-00 00:00:00', 0, '0000-00-00 00:00:00', 0),
(79, 1, 'Gambia', 'GMB', 'GM', 0, 0, '0000-00-00 00:00:00', 0, '0000-00-00 00:00:00', 0, '0000-00-00 00:00:00', 0),
(80, 1, 'Georgia', 'GEO', 'GE', 0, 0, '0000-00-00 00:00:00', 0, '0000-00-00 00:00:00', 0, '0000-00-00 00:00:00', 0),
(81, 1, 'Germany', 'DEU', 'DE', 0, 0, '0000-00-00 00:00:00', 0, '0000-00-00 00:00:00', 0, '0000-00-00 00:00:00', 0),
(82, 1, 'Ghana', 'GHA', 'GH', 0, 0, '0000-00-00 00:00:00', 0, '0000-00-00 00:00:00', 0, '0000-00-00 00:00:00', 0),
(83, 1, 'Gibraltar', 'GIB', 'GI', 0, 0, '0000-00-00 00:00:00', 0, '0000-00-00 00:00:00', 0, '0000-00-00 00:00:00', 0),
(84, 1, 'Greece', 'GRC', 'GR', 0, 0, '0000-00-00 00:00:00', 0, '0000-00-00 00:00:00', 0, '0000-00-00 00:00:00', 0),
(85, 1, 'Greenland', 'GRL', 'GL', 0, 0, '0000-00-00 00:00:00', 0, '0000-00-00 00:00:00', 0, '0000-00-00 00:00:00', 0),
(86, 1, 'Grenada', 'GRD', 'GD', 0, 0, '0000-00-00 00:00:00', 0, '0000-00-00 00:00:00', 0, '0000-00-00 00:00:00', 0),
(87, 1, 'Guadeloupe', 'GLP', 'GP', 0, 0, '0000-00-00 00:00:00', 0, '0000-00-00 00:00:00', 0, '0000-00-00 00:00:00', 0),
(88, 1, 'Guam', 'GUM', 'GU', 0, 0, '0000-00-00 00:00:00', 0, '0000-00-00 00:00:00', 0, '0000-00-00 00:00:00', 0),
(89, 1, 'Guatemala', 'GTM', 'GT', 0, 0, '0000-00-00 00:00:00', 0, '0000-00-00 00:00:00', 0, '0000-00-00 00:00:00', 0),
(90, 1, 'Guinea', 'GIN', 'GN', 0, 0, '0000-00-00 00:00:00', 0, '0000-00-00 00:00:00', 0, '0000-00-00 00:00:00', 0),
(91, 1, 'Guinea-bissau', 'GNB', 'GW', 0, 0, '0000-00-00 00:00:00', 0, '0000-00-00 00:00:00', 0, '0000-00-00 00:00:00', 0),
(92, 1, 'Guyana', 'GUY', 'GY', 0, 0, '0000-00-00 00:00:00', 0, '0000-00-00 00:00:00', 0, '0000-00-00 00:00:00', 0),
(93, 1, 'Haiti', 'HTI', 'HT', 0, 0, '0000-00-00 00:00:00', 0, '0000-00-00 00:00:00', 0, '0000-00-00 00:00:00', 0),
(94, 1, 'Heard and Mc Donald Islands', 'HMD', 'HM', 0, 0, '0000-00-00 00:00:00', 0, '0000-00-00 00:00:00', 0, '0000-00-00 00:00:00', 0),
(95, 1, 'Honduras', 'HND', 'HN', 0, 0, '0000-00-00 00:00:00', 0, '0000-00-00 00:00:00', 0, '0000-00-00 00:00:00', 0),
(96, 1, 'Hong Kong', 'HKG', 'HK', 0, 0, '0000-00-00 00:00:00', 0, '0000-00-00 00:00:00', 0, '0000-00-00 00:00:00', 0),
(97, 1, 'Hungary', 'HUN', 'HU', 0, 0, '0000-00-00 00:00:00', 0, '0000-00-00 00:00:00', 0, '0000-00-00 00:00:00', 0),
(98, 1, 'Iceland', 'ISL', 'IS', 0, 0, '0000-00-00 00:00:00', 0, '0000-00-00 00:00:00', 0, '0000-00-00 00:00:00', 0),
(99, 1, 'India', 'IND', 'IN', 0, 0, '0000-00-00 00:00:00', 0, '0000-00-00 00:00:00', 0, '0000-00-00 00:00:00', 0),
(100, 1, 'Indonesia', 'IDN', 'ID', 0, 0, '0000-00-00 00:00:00', 0, '0000-00-00 00:00:00', 0, '0000-00-00 00:00:00', 0),
(101, 1, 'Iran (Islamic Republic of)', 'IRN', 'IR', 0, 0, '0000-00-00 00:00:00', 0, '0000-00-00 00:00:00', 0, '0000-00-00 00:00:00', 0),
(102, 1, 'Iraq', 'IRQ', 'IQ', 0, 0, '0000-00-00 00:00:00', 0, '0000-00-00 00:00:00', 0, '0000-00-00 00:00:00', 0),
(103, 1, 'Ireland', 'IRL', 'IE', 0, 0, '0000-00-00 00:00:00', 0, '0000-00-00 00:00:00', 0, '0000-00-00 00:00:00', 0),
(104, 1, 'Israel', 'ISR', 'IL', 0, 0, '0000-00-00 00:00:00', 0, '0000-00-00 00:00:00', 0, '0000-00-00 00:00:00', 0),
(105, 1, 'Italy', 'ITA', 'IT', 0, 0, '0000-00-00 00:00:00', 0, '0000-00-00 00:00:00', 0, '0000-00-00 00:00:00', 0),
(106, 1, 'Jamaica', 'JAM', 'JM', 0, 0, '0000-00-00 00:00:00', 0, '0000-00-00 00:00:00', 0, '0000-00-00 00:00:00', 0),
(107, 1, 'Japan', 'JPN', 'JP', 0, 0, '0000-00-00 00:00:00', 0, '0000-00-00 00:00:00', 0, '0000-00-00 00:00:00', 0),
(108, 1, 'Jordan', 'JOR', 'JO', 0, 0, '0000-00-00 00:00:00', 0, '0000-00-00 00:00:00', 0, '0000-00-00 00:00:00', 0),
(109, 1, 'Kazakhstan', 'KAZ', 'KZ', 0, 0, '0000-00-00 00:00:00', 0, '0000-00-00 00:00:00', 0, '0000-00-00 00:00:00', 0),
(110, 1, 'Kenya', 'KEN', 'KE', 0, 0, '0000-00-00 00:00:00', 0, '0000-00-00 00:00:00', 0, '0000-00-00 00:00:00', 0),
(111, 1, 'Kiribati', 'KIR', 'KI', 0, 0, '0000-00-00 00:00:00', 0, '0000-00-00 00:00:00', 0, '0000-00-00 00:00:00', 0),
(112, 1, 'Korea, Democratic People''s Republic of', 'PRK', 'KP', 0, 0, '0000-00-00 00:00:00', 0, '0000-00-00 00:00:00', 0, '0000-00-00 00:00:00', 0),
(113, 1, 'Korea, Republic of', 'KOR', 'KR', 0, 0, '0000-00-00 00:00:00', 0, '0000-00-00 00:00:00', 0, '0000-00-00 00:00:00', 0),
(114, 1, 'Kuwait', 'KWT', 'KW', 0, 0, '0000-00-00 00:00:00', 0, '0000-00-00 00:00:00', 0, '0000-00-00 00:00:00', 0),
(115, 1, 'Kyrgyzstan', 'KGZ', 'KG', 0, 0, '0000-00-00 00:00:00', 0, '0000-00-00 00:00:00', 0, '0000-00-00 00:00:00', 0),
(116, 1, 'Lao People''s Democratic Republic', 'LAO', 'LA', 0, 0, '0000-00-00 00:00:00', 0, '0000-00-00 00:00:00', 0, '0000-00-00 00:00:00', 0),
(117, 1, 'Latvia', 'LVA', 'LV', 0, 0, '0000-00-00 00:00:00', 0, '0000-00-00 00:00:00', 0, '0000-00-00 00:00:00', 0),
(118, 1, 'Lebanon', 'LBN', 'LB', 0, 0, '0000-00-00 00:00:00', 0, '0000-00-00 00:00:00', 0, '0000-00-00 00:00:00', 0),
(119, 1, 'Lesotho', 'LSO', 'LS', 0, 0, '0000-00-00 00:00:00', 0, '0000-00-00 00:00:00', 0, '0000-00-00 00:00:00', 0),
(120, 1, 'Liberia', 'LBR', 'LR', 0, 0, '0000-00-00 00:00:00', 0, '0000-00-00 00:00:00', 0, '0000-00-00 00:00:00', 0),
(121, 1, 'Libya', 'LBY', 'LY', 0, 0, '0000-00-00 00:00:00', 0, '0000-00-00 00:00:00', 0, '0000-00-00 00:00:00', 0),
(122, 1, 'Liechtenstein', 'LIE', 'LI', 0, 0, '0000-00-00 00:00:00', 0, '0000-00-00 00:00:00', 0, '0000-00-00 00:00:00', 0),
(123, 1, 'Lithuania', 'LTU', 'LT', 0, 0, '0000-00-00 00:00:00', 0, '0000-00-00 00:00:00', 0, '0000-00-00 00:00:00', 0),
(124, 1, 'Luxembourg', 'LUX', 'LU', 0, 0, '0000-00-00 00:00:00', 0, '0000-00-00 00:00:00', 0, '0000-00-00 00:00:00', 0),
(125, 1, 'Macau', 'MAC', 'MO', 0, 0, '0000-00-00 00:00:00', 0, '0000-00-00 00:00:00', 0, '0000-00-00 00:00:00', 0),
(126, 1, 'Macedonia, The Former Yugoslav Republic of', 'MKD', 'MK', 0, 0, '0000-00-00 00:00:00', 0, '0000-00-00 00:00:00', 0, '0000-00-00 00:00:00', 0),
(127, 1, 'Madagascar', 'MDG', 'MG', 0, 0, '0000-00-00 00:00:00', 0, '0000-00-00 00:00:00', 0, '0000-00-00 00:00:00', 0),
(128, 1, 'Malawi', 'MWI', 'MW', 0, 0, '0000-00-00 00:00:00', 0, '0000-00-00 00:00:00', 0, '0000-00-00 00:00:00', 0),
(129, 1, 'Malaysia', 'MYS', 'MY', 0, 0, '0000-00-00 00:00:00', 0, '0000-00-00 00:00:00', 0, '0000-00-00 00:00:00', 0),
(130, 1, 'Maldives', 'MDV', 'MV', 0, 0, '0000-00-00 00:00:00', 0, '0000-00-00 00:00:00', 0, '0000-00-00 00:00:00', 0),
(131, 1, 'Mali', 'MLI', 'ML', 0, 0, '0000-00-00 00:00:00', 0, '0000-00-00 00:00:00', 0, '0000-00-00 00:00:00', 0),
(132, 1, 'Malta', 'MLT', 'MT', 0, 0, '0000-00-00 00:00:00', 0, '0000-00-00 00:00:00', 0, '0000-00-00 00:00:00', 0),
(133, 1, 'Marshall Islands', 'MHL', 'MH', 0, 0, '0000-00-00 00:00:00', 0, '0000-00-00 00:00:00', 0, '0000-00-00 00:00:00', 0),
(134, 1, 'Martinique', 'MTQ', 'MQ', 0, 0, '0000-00-00 00:00:00', 0, '0000-00-00 00:00:00', 0, '0000-00-00 00:00:00', 0),
(135, 1, 'Mauritania', 'MRT', 'MR', 0, 0, '0000-00-00 00:00:00', 0, '0000-00-00 00:00:00', 0, '0000-00-00 00:00:00', 0),
(136, 1, 'Mauritius', 'MUS', 'MU', 0, 0, '0000-00-00 00:00:00', 0, '0000-00-00 00:00:00', 0, '0000-00-00 00:00:00', 0),
(137, 1, 'Mayotte', 'MYT', 'YT', 0, 0, '0000-00-00 00:00:00', 0, '0000-00-00 00:00:00', 0, '0000-00-00 00:00:00', 0),
(138, 1, 'Mexico', 'MEX', 'MX', 0, 0, '0000-00-00 00:00:00', 0, '0000-00-00 00:00:00', 0, '0000-00-00 00:00:00', 0),
(139, 1, 'Micronesia, Federated States of', 'FSM', 'FM', 0, 0, '0000-00-00 00:00:00', 0, '0000-00-00 00:00:00', 0, '0000-00-00 00:00:00', 0),
(140, 1, 'Moldova, Republic of', 'MDA', 'MD', 0, 0, '0000-00-00 00:00:00', 0, '0000-00-00 00:00:00', 0, '0000-00-00 00:00:00', 0),
(141, 1, 'Monaco', 'MCO', 'MC', 0, 0, '0000-00-00 00:00:00', 0, '0000-00-00 00:00:00', 0, '0000-00-00 00:00:00', 0),
(142, 1, 'Mongolia', 'MNG', 'MN', 0, 0, '0000-00-00 00:00:00', 0, '0000-00-00 00:00:00', 0, '0000-00-00 00:00:00', 0),
(143, 1, 'Montserrat', 'MSR', 'MS', 0, 0, '0000-00-00 00:00:00', 0, '0000-00-00 00:00:00', 0, '0000-00-00 00:00:00', 0),
(144, 1, 'Morocco', 'MAR', 'MA', 0, 0, '0000-00-00 00:00:00', 0, '0000-00-00 00:00:00', 0, '0000-00-00 00:00:00', 0),
(145, 1, 'Mozambique', 'MOZ', 'MZ', 0, 0, '0000-00-00 00:00:00', 0, '0000-00-00 00:00:00', 0, '0000-00-00 00:00:00', 0),
(146, 1, 'Myanmar', 'MMR', 'MM', 0, 0, '0000-00-00 00:00:00', 0, '0000-00-00 00:00:00', 0, '0000-00-00 00:00:00', 0),
(147, 1, 'Namibia', 'NAM', 'NA', 0, 0, '0000-00-00 00:00:00', 0, '0000-00-00 00:00:00', 0, '0000-00-00 00:00:00', 0),
(148, 1, 'Nauru', 'NRU', 'NR', 0, 0, '0000-00-00 00:00:00', 0, '0000-00-00 00:00:00', 0, '0000-00-00 00:00:00', 0),
(149, 1, 'Nepal', 'NPL', 'NP', 0, 0, '0000-00-00 00:00:00', 0, '0000-00-00 00:00:00', 0, '0000-00-00 00:00:00', 0),
(150, 1, 'Netherlands', 'NLD', 'NL', 0, 0, '0000-00-00 00:00:00', 0, '0000-00-00 00:00:00', 0, '0000-00-00 00:00:00', 0),
(151, 1, 'Netherlands Antilles', 'ANT', 'AN', 0, 0, '0000-00-00 00:00:00', 0, '0000-00-00 00:00:00', 0, '0000-00-00 00:00:00', 0),
(152, 1, 'New Caledonia', 'NCL', 'NC', 0, 0, '0000-00-00 00:00:00', 0, '0000-00-00 00:00:00', 0, '0000-00-00 00:00:00', 0),
(153, 1, 'New Zealand', 'NZL', 'NZ', 0, 0, '0000-00-00 00:00:00', 0, '0000-00-00 00:00:00', 0, '0000-00-00 00:00:00', 0),
(154, 1, 'Nicaragua', 'NIC', 'NI', 0, 0, '0000-00-00 00:00:00', 0, '0000-00-00 00:00:00', 0, '0000-00-00 00:00:00', 0),
(155, 1, 'Niger', 'NER', 'NE', 0, 0, '0000-00-00 00:00:00', 0, '0000-00-00 00:00:00', 0, '0000-00-00 00:00:00', 0),
(156, 1, 'Nigeria', 'NGA', 'NG', 0, 0, '0000-00-00 00:00:00', 0, '0000-00-00 00:00:00', 0, '0000-00-00 00:00:00', 0),
(157, 1, 'Niue', 'NIU', 'NU', 0, 0, '0000-00-00 00:00:00', 0, '0000-00-00 00:00:00', 0, '0000-00-00 00:00:00', 0),
(158, 1, 'Norfolk Island', 'NFK', 'NF', 0, 0, '0000-00-00 00:00:00', 0, '0000-00-00 00:00:00', 0, '0000-00-00 00:00:00', 0),
(159, 1, 'Northern Mariana Islands', 'MNP', 'MP', 0, 0, '0000-00-00 00:00:00', 0, '0000-00-00 00:00:00', 0, '0000-00-00 00:00:00', 0),
(160, 1, 'Norway', 'NOR', 'NO', 0, 0, '0000-00-00 00:00:00', 0, '0000-00-00 00:00:00', 0, '0000-00-00 00:00:00', 0),
(161, 1, 'Oman', 'OMN', 'OM', 0, 0, '0000-00-00 00:00:00', 0, '0000-00-00 00:00:00', 0, '0000-00-00 00:00:00', 0),
(162, 1, 'Pakistan', 'PAK', 'PK', 0, 0, '0000-00-00 00:00:00', 0, '0000-00-00 00:00:00', 0, '0000-00-00 00:00:00', 0),
(163, 1, 'Palau', 'PLW', 'PW', 0, 0, '0000-00-00 00:00:00', 0, '0000-00-00 00:00:00', 0, '0000-00-00 00:00:00', 0),
(164, 1, 'Panama', 'PAN', 'PA', 0, 0, '0000-00-00 00:00:00', 0, '0000-00-00 00:00:00', 0, '0000-00-00 00:00:00', 0),
(165, 1, 'Papua New Guinea', 'PNG', 'PG', 0, 0, '0000-00-00 00:00:00', 0, '0000-00-00 00:00:00', 0, '0000-00-00 00:00:00', 0),
(166, 1, 'Paraguay', 'PRY', 'PY', 0, 0, '0000-00-00 00:00:00', 0, '0000-00-00 00:00:00', 0, '0000-00-00 00:00:00', 0),
(167, 1, 'Peru', 'PER', 'PE', 0, 0, '0000-00-00 00:00:00', 0, '0000-00-00 00:00:00', 0, '0000-00-00 00:00:00', 0),
(168, 1, 'Philippines', 'PHL', 'PH', 0, 0, '0000-00-00 00:00:00', 0, '0000-00-00 00:00:00', 0, '0000-00-00 00:00:00', 0),
(169, 1, 'Pitcairn', 'PCN', 'PN', 0, 0, '0000-00-00 00:00:00', 0, '0000-00-00 00:00:00', 0, '0000-00-00 00:00:00', 0),
(170, 1, 'Poland', 'POL', 'PL', 0, 0, '0000-00-00 00:00:00', 0, '0000-00-00 00:00:00', 0, '0000-00-00 00:00:00', 0),
(171, 1, 'Portugal', 'PRT', 'PT', 0, 0, '0000-00-00 00:00:00', 0, '0000-00-00 00:00:00', 0, '0000-00-00 00:00:00', 0),
(172, 1, 'Puerto Rico', 'PRI', 'PR', 0, 0, '0000-00-00 00:00:00', 0, '0000-00-00 00:00:00', 0, '0000-00-00 00:00:00', 0),
(173, 1, 'Qatar', 'QAT', 'QA', 0, 0, '0000-00-00 00:00:00', 0, '0000-00-00 00:00:00', 0, '0000-00-00 00:00:00', 0),
(174, 1, 'Reunion', 'REU', 'RE', 0, 0, '0000-00-00 00:00:00', 0, '0000-00-00 00:00:00', 0, '0000-00-00 00:00:00', 0),
(175, 1, 'Romania', 'ROM', 'RO', 0, 0, '0000-00-00 00:00:00', 0, '0000-00-00 00:00:00', 0, '0000-00-00 00:00:00', 0),
(176, 1, 'Russian Federation', 'RUS', 'RU', 0, 1, '0000-00-00 00:00:00', 0, '0000-00-00 00:00:00', 0, '0000-00-00 00:00:00', 0),
(177, 1, 'Rwanda', 'RWA', 'RW', 0, 0, '0000-00-00 00:00:00', 0, '0000-00-00 00:00:00', 0, '0000-00-00 00:00:00', 0),
(178, 1, 'Saint Kitts and Nevis', 'KNA', 'KN', 0, 0, '0000-00-00 00:00:00', 0, '0000-00-00 00:00:00', 0, '0000-00-00 00:00:00', 0),
(179, 1, 'Saint Lucia', 'LCA', 'LC', 0, 0, '0000-00-00 00:00:00', 0, '0000-00-00 00:00:00', 0, '0000-00-00 00:00:00', 0),
(180, 1, 'Saint Vincent and the Grenadines', 'VCT', 'VC', 0, 0, '0000-00-00 00:00:00', 0, '0000-00-00 00:00:00', 0, '0000-00-00 00:00:00', 0),
(181, 1, 'Samoa', 'WSM', 'WS', 0, 0, '0000-00-00 00:00:00', 0, '0000-00-00 00:00:00', 0, '0000-00-00 00:00:00', 0),
(182, 1, 'San Marino', 'SMR', 'SM', 0, 0, '0000-00-00 00:00:00', 0, '0000-00-00 00:00:00', 0, '0000-00-00 00:00:00', 0),
(183, 1, 'Sao Tome and Principe', 'STP', 'ST', 0, 0, '0000-00-00 00:00:00', 0, '0000-00-00 00:00:00', 0, '0000-00-00 00:00:00', 0),
(184, 1, 'Saudi Arabia', 'SAU', 'SA', 0, 0, '0000-00-00 00:00:00', 0, '0000-00-00 00:00:00', 0, '0000-00-00 00:00:00', 0),
(185, 1, 'Senegal', 'SEN', 'SN', 0, 0, '0000-00-00 00:00:00', 0, '0000-00-00 00:00:00', 0, '0000-00-00 00:00:00', 0),
(186, 1, 'Seychelles', 'SYC', 'SC', 0, 0, '0000-00-00 00:00:00', 0, '0000-00-00 00:00:00', 0, '0000-00-00 00:00:00', 0),
(187, 1, 'Sierra Leone', 'SLE', 'SL', 0, 0, '0000-00-00 00:00:00', 0, '0000-00-00 00:00:00', 0, '0000-00-00 00:00:00', 0),
(188, 1, 'Singapore', 'SGP', 'SG', 0, 0, '0000-00-00 00:00:00', 0, '0000-00-00 00:00:00', 0, '0000-00-00 00:00:00', 0),
(189, 1, 'Slovakia', 'SVK', 'SK', 0, 0, '0000-00-00 00:00:00', 0, '0000-00-00 00:00:00', 0, '0000-00-00 00:00:00', 0),
(190, 1, 'Slovenia', 'SVN', 'SI', 0, 0, '0000-00-00 00:00:00', 0, '0000-00-00 00:00:00', 0, '0000-00-00 00:00:00', 0),
(191, 1, 'Solomon Islands', 'SLB', 'SB', 0, 0, '0000-00-00 00:00:00', 0, '0000-00-00 00:00:00', 0, '0000-00-00 00:00:00', 0),
(192, 1, 'Somalia', 'SOM', 'SO', 0, 0, '0000-00-00 00:00:00', 0, '0000-00-00 00:00:00', 0, '0000-00-00 00:00:00', 0),
(193, 1, 'South Africa', 'ZAF', 'ZA', 0, 0, '0000-00-00 00:00:00', 0, '0000-00-00 00:00:00', 0, '0000-00-00 00:00:00', 0),
(194, 1, 'South Georgia and the South Sandwich Islands', 'SGS', 'GS', 0, 0, '0000-00-00 00:00:00', 0, '0000-00-00 00:00:00', 0, '0000-00-00 00:00:00', 0),
(195, 1, 'Spain', 'ESP', 'ES', 0, 0, '0000-00-00 00:00:00', 0, '0000-00-00 00:00:00', 0, '0000-00-00 00:00:00', 0),
(196, 1, 'Sri Lanka', 'LKA', 'LK', 0, 0, '0000-00-00 00:00:00', 0, '0000-00-00 00:00:00', 0, '0000-00-00 00:00:00', 0),
(197, 1, 'St. Helena', 'SHN', 'SH', 0, 0, '0000-00-00 00:00:00', 0, '0000-00-00 00:00:00', 0, '0000-00-00 00:00:00', 0),
(198, 1, 'St. Pierre and Miquelon', 'SPM', 'PM', 0, 0, '0000-00-00 00:00:00', 0, '0000-00-00 00:00:00', 0, '0000-00-00 00:00:00', 0),
(199, 1, 'Sudan', 'SDN', 'SD', 0, 0, '0000-00-00 00:00:00', 0, '0000-00-00 00:00:00', 0, '0000-00-00 00:00:00', 0),
(200, 1, 'Suriname', 'SUR', 'SR', 0, 0, '0000-00-00 00:00:00', 0, '0000-00-00 00:00:00', 0, '0000-00-00 00:00:00', 0),
(201, 1, 'Svalbard and Jan Mayen Islands', 'SJM', 'SJ', 0, 0, '0000-00-00 00:00:00', 0, '0000-00-00 00:00:00', 0, '0000-00-00 00:00:00', 0),
(202, 1, 'Swaziland', 'SWZ', 'SZ', 0, 0, '0000-00-00 00:00:00', 0, '0000-00-00 00:00:00', 0, '0000-00-00 00:00:00', 0),
(203, 1, 'Sweden', 'SWE', 'SE', 0, 0, '0000-00-00 00:00:00', 0, '0000-00-00 00:00:00', 0, '0000-00-00 00:00:00', 0),
(204, 1, 'Switzerland', 'CHE', 'CH', 0, 0, '0000-00-00 00:00:00', 0, '0000-00-00 00:00:00', 0, '0000-00-00 00:00:00', 0),
(205, 1, 'Syrian Arab Republic', 'SYR', 'SY', 0, 0, '0000-00-00 00:00:00', 0, '0000-00-00 00:00:00', 0, '0000-00-00 00:00:00', 0),
(206, 1, 'Taiwan', 'TWN', 'TW', 0, 0, '0000-00-00 00:00:00', 0, '0000-00-00 00:00:00', 0, '0000-00-00 00:00:00', 0),
(207, 1, 'Tajikistan', 'TJK', 'TJ', 0, 0, '0000-00-00 00:00:00', 0, '0000-00-00 00:00:00', 0, '0000-00-00 00:00:00', 0),
(208, 1, 'Tanzania, United Republic of', 'TZA', 'TZ', 0, 0, '0000-00-00 00:00:00', 0, '0000-00-00 00:00:00', 0, '0000-00-00 00:00:00', 0),
(209, 1, 'Thailand', 'THA', 'TH', 0, 0, '0000-00-00 00:00:00', 0, '0000-00-00 00:00:00', 0, '0000-00-00 00:00:00', 0),
(210, 1, 'Togo', 'TGO', 'TG', 0, 0, '0000-00-00 00:00:00', 0, '0000-00-00 00:00:00', 0, '0000-00-00 00:00:00', 0),
(211, 1, 'Tokelau', 'TKL', 'TK', 0, 0, '0000-00-00 00:00:00', 0, '0000-00-00 00:00:00', 0, '0000-00-00 00:00:00', 0),
(212, 1, 'Tonga', 'TON', 'TO', 0, 0, '0000-00-00 00:00:00', 0, '0000-00-00 00:00:00', 0, '0000-00-00 00:00:00', 0),
(213, 1, 'Trinidad and Tobago', 'TTO', 'TT', 0, 0, '0000-00-00 00:00:00', 0, '0000-00-00 00:00:00', 0, '0000-00-00 00:00:00', 0),
(214, 1, 'Tunisia', 'TUN', 'TN', 0, 0, '0000-00-00 00:00:00', 0, '0000-00-00 00:00:00', 0, '0000-00-00 00:00:00', 0),
(215, 1, 'Turkey', 'TUR', 'TR', 0, 0, '0000-00-00 00:00:00', 0, '0000-00-00 00:00:00', 0, '0000-00-00 00:00:00', 0),
(216, 1, 'Turkmenistan', 'TKM', 'TM', 0, 0, '0000-00-00 00:00:00', 0, '0000-00-00 00:00:00', 0, '0000-00-00 00:00:00', 0),
(217, 1, 'Turks and Caicos Islands', 'TCA', 'TC', 0, 0, '0000-00-00 00:00:00', 0, '0000-00-00 00:00:00', 0, '0000-00-00 00:00:00', 0),
(218, 1, 'Tuvalu', 'TUV', 'TV', 0, 0, '0000-00-00 00:00:00', 0, '0000-00-00 00:00:00', 0, '0000-00-00 00:00:00', 0),
(219, 1, 'Uganda', 'UGA', 'UG', 0, 0, '0000-00-00 00:00:00', 0, '0000-00-00 00:00:00', 0, '0000-00-00 00:00:00', 0),
(220, 1, 'Ukraine', 'UKR', 'UA', 0, 0, '0000-00-00 00:00:00', 0, '0000-00-00 00:00:00', 0, '0000-00-00 00:00:00', 0),
(221, 1, 'United Arab Emirates', 'ARE', 'AE', 0, 0, '0000-00-00 00:00:00', 0, '0000-00-00 00:00:00', 0, '0000-00-00 00:00:00', 0),
(222, 1, 'United Kingdom', 'GBR', 'GB', 0, 0, '0000-00-00 00:00:00', 0, '0000-00-00 00:00:00', 0, '0000-00-00 00:00:00', 0),
(223, 1, 'United States', 'USA', 'US', 0, 0, '0000-00-00 00:00:00', 0, '0000-00-00 00:00:00', 0, '0000-00-00 00:00:00', 0),
(224, 1, 'United States Minor Outlying Islands', 'UMI', 'UM', 0, 0, '0000-00-00 00:00:00', 0, '0000-00-00 00:00:00', 0, '0000-00-00 00:00:00', 0),
(225, 1, 'Uruguay', 'URY', 'UY', 0, 0, '0000-00-00 00:00:00', 0, '0000-00-00 00:00:00', 0, '0000-00-00 00:00:00', 0),
(226, 1, 'Uzbekistan', 'UZB', 'UZ', 0, 0, '0000-00-00 00:00:00', 0, '0000-00-00 00:00:00', 0, '0000-00-00 00:00:00', 0),
(227, 1, 'Vanuatu', 'VUT', 'VU', 0, 0, '0000-00-00 00:00:00', 0, '0000-00-00 00:00:00', 0, '0000-00-00 00:00:00', 0),
(228, 1, 'Vatican City State (Holy See)', 'VAT', 'VA', 0, 0, '0000-00-00 00:00:00', 0, '0000-00-00 00:00:00', 0, '0000-00-00 00:00:00', 0),
(229, 1, 'Venezuela', 'VEN', 'VE', 0, 0, '0000-00-00 00:00:00', 0, '0000-00-00 00:00:00', 0, '0000-00-00 00:00:00', 0),
(230, 1, 'Viet Nam', 'VNM', 'VN', 0, 0, '0000-00-00 00:00:00', 0, '0000-00-00 00:00:00', 0, '0000-00-00 00:00:00', 0),
(231, 1, 'Virgin Islands (British)', 'VGB', 'VG', 0, 0, '0000-00-00 00:00:00', 0, '0000-00-00 00:00:00', 0, '0000-00-00 00:00:00', 0),
(232, 1, 'Virgin Islands (U.S.)', 'VIR', 'VI', 0, 0, '0000-00-00 00:00:00', 0, '0000-00-00 00:00:00', 0, '0000-00-00 00:00:00', 0),
(233, 1, 'Wallis and Futuna Islands', 'WLF', 'WF', 0, 0, '0000-00-00 00:00:00', 0, '0000-00-00 00:00:00', 0, '0000-00-00 00:00:00', 0),
(234, 1, 'Western Sahara', 'ESH', 'EH', 0, 0, '0000-00-00 00:00:00', 0, '0000-00-00 00:00:00', 0, '0000-00-00 00:00:00', 0),
(235, 1, 'Yemen', 'YEM', 'YE', 0, 0, '0000-00-00 00:00:00', 0, '0000-00-00 00:00:00', 0, '0000-00-00 00:00:00', 0),
(237, 1, 'The Democratic Republic of Congo', 'DRC', 'DC', 0, 0, '0000-00-00 00:00:00', 0, '0000-00-00 00:00:00', 0, '0000-00-00 00:00:00', 0),
(238, 1, 'Zambia', 'ZMB', 'ZM', 0, 0, '0000-00-00 00:00:00', 0, '0000-00-00 00:00:00', 0, '0000-00-00 00:00:00', 0),
(239, 1, 'Zimbabwe', 'ZWE', 'ZW', 0, 0, '0000-00-00 00:00:00', 0, '0000-00-00 00:00:00', 0, '0000-00-00 00:00:00', 0),
(240, 1, 'East Timor', 'XET', 'XE', 0, 0, '0000-00-00 00:00:00', 0, '0000-00-00 00:00:00', 0, '0000-00-00 00:00:00', 0),
(241, 1, 'Jersey', 'JEY', 'JE', 0, 0, '0000-00-00 00:00:00', 0, '0000-00-00 00:00:00', 0, '0000-00-00 00:00:00', 0),
(242, 1, 'St. Barthelemy', 'XSB', 'XB', 0, 0, '0000-00-00 00:00:00', 0, '0000-00-00 00:00:00', 0, '0000-00-00 00:00:00', 0),
(243, 1, 'St. Eustatius', 'XSE', 'XU', 0, 0, '0000-00-00 00:00:00', 0, '0000-00-00 00:00:00', 0, '0000-00-00 00:00:00', 0),
(244, 1, 'Canary Islands', 'XCA', 'XC', 0, 0, '0000-00-00 00:00:00', 0, '0000-00-00 00:00:00', 0, '0000-00-00 00:00:00', 0),
(245, 1, 'Serbia', 'SRB', 'RS', 0, 0, '0000-00-00 00:00:00', 0, '0000-00-00 00:00:00', 0, '0000-00-00 00:00:00', 0),
(246, 1, 'Sint Maarten (French Antilles)', 'MAF', 'MF', 0, 0, '0000-00-00 00:00:00', 0, '0000-00-00 00:00:00', 0, '0000-00-00 00:00:00', 0),
(247, 1, 'Sint Maarten (Netherlands Antilles)', 'SXM', 'SX', 0, 0, '0000-00-00 00:00:00', 0, '0000-00-00 00:00:00', 0, '0000-00-00 00:00:00', 0),
(248, 1, 'Palestinian Territory, occupied', 'PSE', 'PS', 0, 0, '0000-00-00 00:00:00', 0, '0000-00-00 00:00:00', 0, '0000-00-00 00:00:00', 0);

-- --------------------------------------------------------

--
-- Структура таблицы `bnduv_virtuemart_coupons`
--

CREATE TABLE IF NOT EXISTS `bnduv_virtuemart_coupons` (
  `virtuemart_coupon_id` int(11) unsigned NOT NULL,
  `coupon_code` char(32) NOT NULL DEFAULT '',
  `percent_or_total` enum('percent','total') NOT NULL DEFAULT 'percent',
  `coupon_type` enum('gift','permanent') NOT NULL DEFAULT 'gift',
  `coupon_value` decimal(15,5) NOT NULL DEFAULT '0.00000',
  `coupon_start_date` datetime DEFAULT NULL,
  `coupon_expiry_date` datetime DEFAULT NULL,
  `coupon_value_valid` decimal(15,5) NOT NULL DEFAULT '0.00000',
  `coupon_used` varchar(200) NOT NULL DEFAULT '',
  `published` tinyint(1) NOT NULL DEFAULT '1',
  `created_on` datetime NOT NULL DEFAULT '0000-00-00 00:00:00',
  `created_by` int(11) NOT NULL DEFAULT '0',
  `modified_on` datetime NOT NULL DEFAULT '0000-00-00 00:00:00',
  `modified_by` int(11) NOT NULL DEFAULT '0',
  `locked_on` datetime NOT NULL DEFAULT '0000-00-00 00:00:00',
  `locked_by` int(11) NOT NULL DEFAULT '0'
) ENGINE=MyISAM DEFAULT CHARSET=utf8 COMMENT='Used to store coupon codes';

-- --------------------------------------------------------

--
-- Структура таблицы `bnduv_virtuemart_currencies`
--

CREATE TABLE IF NOT EXISTS `bnduv_virtuemart_currencies` (
  `virtuemart_currency_id` smallint(1) unsigned NOT NULL,
  `virtuemart_vendor_id` smallint(1) unsigned NOT NULL DEFAULT '1',
  `currency_name` char(64) DEFAULT NULL,
  `currency_code_2` char(2) DEFAULT NULL,
  `currency_code_3` char(3) DEFAULT NULL,
  `currency_numeric_code` int(4) DEFAULT NULL,
  `currency_exchange_rate` decimal(10,5) DEFAULT NULL,
  `currency_symbol` char(4) DEFAULT NULL,
  `currency_decimal_place` char(4) DEFAULT NULL,
  `currency_decimal_symbol` char(4) DEFAULT NULL,
  `currency_thousands` char(4) DEFAULT NULL,
  `currency_positive_style` char(64) DEFAULT NULL,
  `currency_negative_style` char(64) DEFAULT NULL,
  `ordering` int(2) NOT NULL DEFAULT '0',
  `shared` tinyint(1) NOT NULL DEFAULT '1',
  `published` tinyint(1) NOT NULL DEFAULT '1',
  `created_on` datetime NOT NULL DEFAULT '0000-00-00 00:00:00',
  `created_by` int(11) NOT NULL DEFAULT '0',
  `modified_on` datetime NOT NULL DEFAULT '0000-00-00 00:00:00',
  `modified_by` int(11) NOT NULL DEFAULT '0',
  `locked_on` datetime NOT NULL DEFAULT '0000-00-00 00:00:00',
  `locked_by` int(11) NOT NULL DEFAULT '0'
) ENGINE=MyISAM AUTO_INCREMENT=202 DEFAULT CHARSET=utf8 COMMENT='Used to store currencies';

--
-- Дамп данных таблицы `bnduv_virtuemart_currencies`
--

INSERT INTO `bnduv_virtuemart_currencies` (`virtuemart_currency_id`, `virtuemart_vendor_id`, `currency_name`, `currency_code_2`, `currency_code_3`, `currency_numeric_code`, `currency_exchange_rate`, `currency_symbol`, `currency_decimal_place`, `currency_decimal_symbol`, `currency_thousands`, `currency_positive_style`, `currency_negative_style`, `ordering`, `shared`, `published`, `created_on`, `created_by`, `modified_on`, `modified_by`, `locked_on`, `locked_by`) VALUES
(2, 1, 'United Arab Emirates dirham', '', 'AED', 784, 0.00000, 'د.إ', '2', ',', '', '{number} {symbol}', '{sign}{number} {symbol}', 0, 1, 0, '0000-00-00 00:00:00', 0, '0000-00-00 00:00:00', 0, '0000-00-00 00:00:00', 0),
(4, 1, 'Albanian lek', '', 'ALL', 8, 0.00000, 'Lek', '2', ',', '', '{number} {symbol}', '{sign}{number} {symbol}', 0, 1, 0, '0000-00-00 00:00:00', 0, '0000-00-00 00:00:00', 0, '0000-00-00 00:00:00', 0),
(5, 1, 'Netherlands Antillean gulden', '', 'ANG', 532, 0.00000, 'ƒ', '2', ',', '', '{number} {symbol}', '{sign}{number} {symbol}', 0, 1, 0, '0000-00-00 00:00:00', 0, '0000-00-00 00:00:00', 0, '0000-00-00 00:00:00', 0),
(7, 1, 'Argentine peso', '', 'ARS', 32, 0.00000, '$', '2', ',', '', '{number} {symbol}', '{sign}{number} {symbol}', 0, 1, 0, '0000-00-00 00:00:00', 0, '0000-00-00 00:00:00', 0, '0000-00-00 00:00:00', 0),
(9, 1, 'Australian dollar', '', 'AUD', 36, 0.00000, '$', '2', '.', '', '{symbol} {number}', '{sign}{symbol} {number}', 0, 1, 0, '0000-00-00 00:00:00', 0, '0000-00-00 00:00:00', 0, '0000-00-00 00:00:00', 0),
(10, 1, 'Aruban florin', '', 'AWG', 533, 0.00000, 'ƒ', '2', ',', '', '{number} {symbol}', '{sign}{number} {symbol}', 0, 1, 0, '0000-00-00 00:00:00', 0, '0000-00-00 00:00:00', 0, '0000-00-00 00:00:00', 0),
(11, 1, 'Barbadian dollar', '', 'BBD', 52, 0.00000, '$', '2', ',', '', '{number} {symbol}', '{sign}{number} {symbol}', 0, 1, 0, '0000-00-00 00:00:00', 0, '0000-00-00 00:00:00', 0, '0000-00-00 00:00:00', 0),
(12, 1, 'Bangladeshi taka', '', 'BDT', 50, 0.00000, '৳', '2', ',', '', '{number} {symbol}', '{sign}{number} {symbol}', 0, 1, 0, '0000-00-00 00:00:00', 0, '0000-00-00 00:00:00', 0, '0000-00-00 00:00:00', 0),
(15, 1, 'Bahraini dinar', '', 'BHD', 48, 0.00000, 'ب.د', '2', ',', '', '{number} {symbol}', '{sign}{number} {symbol}', 0, 1, 0, '0000-00-00 00:00:00', 0, '0000-00-00 00:00:00', 0, '0000-00-00 00:00:00', 0),
(16, 1, 'Burundian franc', '', 'BIF', 108, 0.00000, 'Fr', '0', '', '', '{number} {symbol}', '{sign}{number} {symbol}', 0, 1, 0, '0000-00-00 00:00:00', 0, '0000-00-00 00:00:00', 0, '0000-00-00 00:00:00', 0),
(17, 1, 'Bermudian dollar', '', 'BMD', 60, 0.00000, '$', '2', ',', '', '{number} {symbol}', '{sign}{number} {symbol}', 0, 1, 0, '0000-00-00 00:00:00', 0, '0000-00-00 00:00:00', 0, '0000-00-00 00:00:00', 0),
(18, 1, 'Brunei dollar', '', 'BND', 96, 0.00000, '$', '2', ',', '', '{number} {symbol}', '{sign}{number} {symbol}', 0, 1, 0, '0000-00-00 00:00:00', 0, '0000-00-00 00:00:00', 0, '0000-00-00 00:00:00', 0),
(19, 1, 'Bolivian boliviano', '', 'BOB', 68, 0.00000, '$b', '2', ',', '', '{number} {symbol}', '{sign}{number} {symbol}', 0, 1, 0, '0000-00-00 00:00:00', 0, '0000-00-00 00:00:00', 0, '0000-00-00 00:00:00', 0),
(20, 1, 'Brazilian real', '', 'BRL', 986, 0.00000, 'R$', '2', ',', '.', '{symbol} {number}', '{symbol} {sign}{number}', 0, 1, 0, '0000-00-00 00:00:00', 0, '0000-00-00 00:00:00', 0, '0000-00-00 00:00:00', 0),
(21, 1, 'Bahamian dollar', '', 'BSD', 44, 0.00000, '$', '2', ',', '', '{number} {symbol}', '{sign}{number} {symbol}', 0, 1, 0, '0000-00-00 00:00:00', 0, '0000-00-00 00:00:00', 0, '0000-00-00 00:00:00', 0),
(22, 1, 'Bhutanese ngultrum', '', 'BTN', 64, 0.00000, 'BTN', '2', ',', '', '{number} {symbol}', '{sign}{number} {symbol}', 0, 1, 0, '0000-00-00 00:00:00', 0, '0000-00-00 00:00:00', 0, '0000-00-00 00:00:00', 0),
(24, 1, 'Botswana pula', '', 'BWP', 72, 0.00000, 'P', '2', ',', '', '{number} {symbol}', '{sign}{number} {symbol}', 0, 1, 0, '0000-00-00 00:00:00', 0, '0000-00-00 00:00:00', 0, '0000-00-00 00:00:00', 0),
(25, 1, 'Belize dollar', '', 'BZD', 84, 0.00000, 'BZ$', '2', ',', '', '{number} {symbol}', '{sign}{number} {symbol}', 0, 1, 0, '0000-00-00 00:00:00', 0, '0000-00-00 00:00:00', 0, '0000-00-00 00:00:00', 0),
(26, 1, 'Canadian dollar', '', 'CAD', 124, 0.00000, '$', '2', '.', ',', '{symbol}{number}', '{symbol}{sign}{number}', 0, 1, 0, '0000-00-00 00:00:00', 0, '0000-00-00 00:00:00', 0, '0000-00-00 00:00:00', 0),
(27, 1, 'Swiss franc', '', 'CHF', 756, 0.00000, 'CHF', '2', ',', '', '{number} {symbol}', '{sign}{number} {symbol}', 0, 1, 0, '0000-00-00 00:00:00', 0, '0000-00-00 00:00:00', 0, '0000-00-00 00:00:00', 0),
(28, 1, 'Unidad de Fomento', '', 'CLF', 990, 0.00000, 'CLF', '0', ',', '', '{number} {symbol}', '{sign}{number} {symbol}', 0, 1, 0, '0000-00-00 00:00:00', 0, '0000-00-00 00:00:00', 0, '0000-00-00 00:00:00', 0),
(29, 1, 'Chilean peso', '', 'CLP', 152, 0.00000, '$', '2', ',', '', '{number} {symbol}', '{sign}{number} {symbol}', 0, 1, 0, '0000-00-00 00:00:00', 0, '0000-00-00 00:00:00', 0, '0000-00-00 00:00:00', 0),
(30, 1, 'Chinese renminbi yuan', '', 'CNY', 156, 0.00000, '元', '2', ',', '', '{number} {symbol}', '{sign}{number} {symbol}', 0, 1, 0, '0000-00-00 00:00:00', 0, '0000-00-00 00:00:00', 0, '0000-00-00 00:00:00', 0),
(31, 1, 'Colombian peso', '', 'COP', 170, 0.00000, '$', '2', ',', '', '{number} {symbol}', '{sign}{number} {symbol}', 0, 1, 0, '0000-00-00 00:00:00', 0, '0000-00-00 00:00:00', 0, '0000-00-00 00:00:00', 0),
(32, 1, 'Costa Rican colón', '', 'CRC', 188, 0.00000, '₡', '2', ',', '', '{number} {symbol}', '{sign}{number} {symbol}', 0, 1, 0, '0000-00-00 00:00:00', 0, '0000-00-00 00:00:00', 0, '0000-00-00 00:00:00', 0),
(33, 1, 'Czech koruna', '', 'CZK', 203, 0.00000, 'Kč', '2', ',', '', '{number} {symbol}', '{sign}{number} {symbol}', 0, 1, 0, '0000-00-00 00:00:00', 0, '0000-00-00 00:00:00', 0, '0000-00-00 00:00:00', 0),
(34, 1, 'Cuban peso', '', 'CUP', 192, 0.00000, '₱', '2', ',', '', '{number} {symbol}', '{sign}{number} {symbol}', 0, 1, 0, '0000-00-00 00:00:00', 0, '0000-00-00 00:00:00', 0, '0000-00-00 00:00:00', 0),
(35, 1, 'Cape Verdean escudo', '', 'CVE', 132, 0.00000, '$', '0', '', '', '{number} {symbol}', '{sign}{number} {symbol}', 0, 1, 0, '0000-00-00 00:00:00', 0, '0000-00-00 00:00:00', 0, '0000-00-00 00:00:00', 0),
(40, 1, 'Danish krone', '', 'DKK', 208, 0.00000, 'kr', '2', '.', ',', '{symbol}{number}', '{symbol}{sign}{number}', 0, 1, 0, '0000-00-00 00:00:00', 0, '0000-00-00 00:00:00', 0, '0000-00-00 00:00:00', 0),
(41, 1, 'Dominican peso', '', 'DOP', 214, 0.00000, 'RD$', '2', ',', '', '{number} {symbol}', '{sign}{number} {symbol}', 0, 1, 0, '0000-00-00 00:00:00', 0, '0000-00-00 00:00:00', 0, '0000-00-00 00:00:00', 0),
(42, 1, 'Algerian dinar', '', 'DZD', 12, 0.00000, 'د.ج', '2', ',', '', '{number} {symbol}', '{sign}{number} {symbol}', 0, 1, 0, '0000-00-00 00:00:00', 0, '0000-00-00 00:00:00', 0, '0000-00-00 00:00:00', 0),
(44, 1, 'Egyptian pound', '', 'EGP', 818, 0.00000, '£', '2', ',', '', '{number} {symbol}', '{sign}{number} {symbol}', 0, 1, 0, '0000-00-00 00:00:00', 0, '0000-00-00 00:00:00', 0, '0000-00-00 00:00:00', 0),
(46, 1, 'Ethiopian birr', '', 'ETB', 230, 0.00000, 'ETB', '2', ',', '', '{number} {symbol}', '{sign}{number} {symbol}', 0, 1, 0, '0000-00-00 00:00:00', 0, '0000-00-00 00:00:00', 0, '0000-00-00 00:00:00', 0),
(47, 1, 'Euro', '', 'EUR', 978, 0.00000, '€', '2', ',', '', '{number} {symbol}', '{sign}{number} {symbol}', 0, 1, 0, '0000-00-00 00:00:00', 0, '0000-00-00 00:00:00', 0, '0000-00-00 00:00:00', 0),
(49, 1, 'Fijian dollar', '', 'FJD', 242, 0.00000, '$', '2', ',', '', '{number} {symbol}', '{sign}{number} {symbol}', 0, 1, 0, '0000-00-00 00:00:00', 0, '0000-00-00 00:00:00', 0, '0000-00-00 00:00:00', 0),
(50, 1, 'Falkland pound', '', 'FKP', 238, 0.00000, '£', '2', ',', '', '{number} {symbol}', '{sign}{number} {symbol}', 0, 1, 0, '0000-00-00 00:00:00', 0, '0000-00-00 00:00:00', 0, '0000-00-00 00:00:00', 0),
(52, 1, 'British pound', '', 'GBP', 826, 0.00000, '£', '2', '.', ',', '{symbol}{number}', '{symbol}{sign}{number}', 0, 1, 0, '0000-00-00 00:00:00', 0, '0000-00-00 00:00:00', 0, '0000-00-00 00:00:00', 0),
(54, 1, 'Gibraltar pound', '', 'GIP', 292, 0.00000, '£', '2', ',', '', '{number} {symbol}', '{sign}{number} {symbol}', 0, 1, 0, '0000-00-00 00:00:00', 0, '0000-00-00 00:00:00', 0, '0000-00-00 00:00:00', 0),
(55, 1, 'Gambian dalasi', '', 'GMD', 270, 0.00000, 'D', '2', ',', '', '{number} {symbol}', '{sign}{number} {symbol}', 0, 1, 0, '0000-00-00 00:00:00', 0, '0000-00-00 00:00:00', 0, '0000-00-00 00:00:00', 0),
(56, 1, 'Guinean franc', '', 'GNF', 324, 0.00000, 'Fr', '0', '', '', '{number} {symbol}', '{sign}{number} {symbol}', 0, 1, 0, '0000-00-00 00:00:00', 0, '0000-00-00 00:00:00', 0, '0000-00-00 00:00:00', 0),
(58, 1, 'Guatemalan quetzal', '', 'GTQ', 320, 0.00000, 'Q', '2', ',', '', '{number} {symbol}', '{sign}{number} {symbol}', 0, 1, 0, '0000-00-00 00:00:00', 0, '0000-00-00 00:00:00', 0, '0000-00-00 00:00:00', 0),
(60, 1, 'Guyanese dollar', '', 'GYD', 328, 0.00000, '$', '2', ',', '', '{number} {symbol}', '{sign}{number} {symbol}', 0, 1, 0, '0000-00-00 00:00:00', 0, '0000-00-00 00:00:00', 0, '0000-00-00 00:00:00', 0),
(61, 1, 'Hong Kong dollar', '', 'HKD', 344, 0.00000, '元', '2', ',', '', '{number} {symbol}', '{sign}{number} {symbol}', 0, 1, 0, '0000-00-00 00:00:00', 0, '0000-00-00 00:00:00', 0, '0000-00-00 00:00:00', 0),
(62, 1, 'Honduran lempira', '', 'HNL', 340, 0.00000, 'L', '2', ',', '', '{number} {symbol}', '{sign}{number} {symbol}', 0, 1, 0, '0000-00-00 00:00:00', 0, '0000-00-00 00:00:00', 0, '0000-00-00 00:00:00', 0),
(63, 1, 'Haitian gourde', '', 'HTG', 332, 0.00000, 'G', '2', ',', '', '{number} {symbol}', '{sign}{number} {symbol}', 0, 1, 0, '0000-00-00 00:00:00', 0, '0000-00-00 00:00:00', 0, '0000-00-00 00:00:00', 0),
(64, 1, 'Hungarian forint', '', 'HUF', 348, 0.00000, 'Ft', '2', ',', '', '{number} {symbol}', '{sign}{number} {symbol}', 0, 1, 0, '0000-00-00 00:00:00', 0, '0000-00-00 00:00:00', 0, '0000-00-00 00:00:00', 0),
(65, 1, 'Indonesian rupiah', '', 'IDR', 360, 0.00000, 'Rp', '0', '', '', '{symbol}{number}', '{symbol}{sign}{number}', 0, 1, 0, '0000-00-00 00:00:00', 0, '0000-00-00 00:00:00', 0, '0000-00-00 00:00:00', 0),
(67, 1, 'Israeli new sheqel', '', 'ILS', 376, 0.00000, '₪', '2', ',', '', '{number} {symbol}', '{sign}{number} {symbol}', 0, 1, 0, '0000-00-00 00:00:00', 0, '0000-00-00 00:00:00', 0, '0000-00-00 00:00:00', 0),
(68, 1, 'Indian rupee', '', 'INR', 356, 0.00000, '₨', '2', ',', '', '{number} {symbol}', '{sign}{number} {symbol}', 0, 1, 0, '0000-00-00 00:00:00', 0, '0000-00-00 00:00:00', 0, '0000-00-00 00:00:00', 0),
(69, 1, 'Iraqi dinar', '', 'IQD', 368, 0.00000, 'ع.د', '0', '', '', '{number} {symbol}', '{sign}{number} {symbol}', 0, 1, 0, '0000-00-00 00:00:00', 0, '0000-00-00 00:00:00', 0, '0000-00-00 00:00:00', 0),
(70, 1, 'Iranian rial', '', 'IRR', 364, 0.00000, '﷼', '2', ',', '', '{number} {symbol}', '{sign}{number}{symb0l}', 0, 1, 0, '0000-00-00 00:00:00', 0, '0000-00-00 00:00:00', 0, '0000-00-00 00:00:00', 0),
(73, 1, 'Jamaican dollar', '', 'JMD', 388, 0.00000, 'J$', '2', ',', '', '{number} {symbol}', '{sign}{number} {symbol}', 0, 1, 0, '0000-00-00 00:00:00', 0, '0000-00-00 00:00:00', 0, '0000-00-00 00:00:00', 0),
(74, 1, 'Jordanian dinar', '', 'JOD', 400, 0.00000, 'د.ا', '2', ',', '', '{number} {symbol}', '{sign}{number} {symbol}', 0, 1, 0, '0000-00-00 00:00:00', 0, '0000-00-00 00:00:00', 0, '0000-00-00 00:00:00', 0),
(75, 1, 'Japanese yen', '', 'JPY', 392, 0.00000, '¥', '0', ',', '', '{number} {symbol}', '{sign}{number} {symbol}', 0, 1, 0, '0000-00-00 00:00:00', 0, '0000-00-00 00:00:00', 0, '0000-00-00 00:00:00', 0),
(76, 1, 'Kenyan shilling', '', 'KES', 404, 0.00000, 'Sh', '2', ',', '', '{number} {symbol}', '{sign}{number} {symbol}', 0, 1, 0, '0000-00-00 00:00:00', 0, '0000-00-00 00:00:00', 0, '0000-00-00 00:00:00', 0),
(77, 1, 'Cambodian riel', '', 'KHR', 116, 0.00000, '៛', '2', ',', '', '{number} {symbol}', '{sign}{number} {symbol}', 0, 1, 0, '0000-00-00 00:00:00', 0, '0000-00-00 00:00:00', 0, '0000-00-00 00:00:00', 0),
(78, 1, 'Comorian franc', '', 'KMF', 174, 0.00000, 'Fr', '0', '', '', '{number} {symbol}', '{sign}{number} {symbol}', 0, 1, 0, '0000-00-00 00:00:00', 0, '0000-00-00 00:00:00', 0, '0000-00-00 00:00:00', 0),
(79, 1, 'North Korean won', '', 'KPW', 408, 0.00000, '₩', '0', '', '', '{number} {symbol}', '{sign}{number} {symbol}', 0, 1, 0, '0000-00-00 00:00:00', 0, '0000-00-00 00:00:00', 0, '0000-00-00 00:00:00', 0),
(80, 1, 'South Korean won', '', 'KRW', 410, 0.00000, '₩', '0', '', '', '{number} {symbol}', '{sign}{number} {symbol}', 0, 1, 0, '0000-00-00 00:00:00', 0, '0000-00-00 00:00:00', 0, '0000-00-00 00:00:00', 0),
(81, 1, 'Kuwaiti dinar', '', 'KWD', 414, 0.00000, 'د.ك', '2', ',', '', '{number} {symbol}', '{sign}{number} {symbol}', 0, 1, 0, '0000-00-00 00:00:00', 0, '0000-00-00 00:00:00', 0, '0000-00-00 00:00:00', 0),
(82, 1, 'Cayman Islands dollar', '', 'KYD', 136, 0.00000, '$', '2', ',', '', '{number} {symbol}', '{sign}{number} {symbol}', 0, 1, 0, '0000-00-00 00:00:00', 0, '0000-00-00 00:00:00', 0, '0000-00-00 00:00:00', 0),
(83, 1, 'Lao kip', '', 'LAK', 418, 0.00000, '₭', '0', '', '', '{number} {symbol}', '{sign}{number} {symbol}', 0, 1, 0, '0000-00-00 00:00:00', 0, '0000-00-00 00:00:00', 0, '0000-00-00 00:00:00', 0),
(84, 1, 'Lebanese pound', '', 'LBP', 422, 0.00000, '£', '0', '', '', '{number} {symbol}', '{sign}{number} {symbol}', 0, 1, 0, '0000-00-00 00:00:00', 0, '0000-00-00 00:00:00', 0, '0000-00-00 00:00:00', 0),
(85, 1, 'Sri Lankan rupee', '', 'LKR', 144, 0.00000, '₨', '2', ',', '', '{number} {symbol}', '{sign}{number} {symbol}', 0, 1, 0, '0000-00-00 00:00:00', 0, '0000-00-00 00:00:00', 0, '0000-00-00 00:00:00', 0),
(86, 1, 'Liberian dollar', '', 'LRD', 430, 0.00000, '$', '2', ',', '', '{number} {symbol}', '{sign}{number} {symbol}', 0, 1, 0, '0000-00-00 00:00:00', 0, '0000-00-00 00:00:00', 0, '0000-00-00 00:00:00', 0),
(87, 1, 'Lesotho loti', '', 'LSL', 426, 0.00000, 'L', '2', ',', '', '{number} {symbol}', '{sign}{number} {symbol}', 0, 1, 0, '0000-00-00 00:00:00', 0, '0000-00-00 00:00:00', 0, '0000-00-00 00:00:00', 0),
(89, 1, 'Libyan dinar', '', 'LYD', 434, 0.00000, 'ل.د', '3', ',', '', '{number} {symbol}', '{sign}{number} {symbol}', 0, 1, 0, '0000-00-00 00:00:00', 0, '0000-00-00 00:00:00', 0, '0000-00-00 00:00:00', 0),
(90, 1, 'Moroccan dirham', '', 'MAD', 504, 0.00000, 'د.م.', '2', ',', '', '{number} {symbol}', '{sign}{number} {symbol}', 0, 1, 0, '0000-00-00 00:00:00', 0, '0000-00-00 00:00:00', 0, '0000-00-00 00:00:00', 0),
(92, 1, 'Mongolian tögrög', '', 'MNT', 496, 0.00000, '₮', '2', ',', '', '{number} {symbol}', '{sign}{number} {symbol}', 0, 1, 0, '0000-00-00 00:00:00', 0, '0000-00-00 00:00:00', 0, '0000-00-00 00:00:00', 0),
(93, 1, 'Macanese pataca', '', 'MOP', 446, 0.00000, 'P', '1', ',', '', '{symbol}{number}', '{symbol}{sign}{number}', 0, 1, 0, '0000-00-00 00:00:00', 0, '0000-00-00 00:00:00', 0, '0000-00-00 00:00:00', 0),
(94, 1, 'Mauritanian ouguiya', '', 'MRO', 478, 0.00000, 'UM', '2', ',', '', '{number} {symbol}', '{sign}{number} {symbol}', 0, 1, 0, '0000-00-00 00:00:00', 0, '0000-00-00 00:00:00', 0, '0000-00-00 00:00:00', 0),
(96, 1, 'Mauritian rupee', '', 'MUR', 480, 0.00000, '₨', '2', ',', '', '{number} {symbol}', '{sign}{number} {symbol}', 0, 1, 0, '0000-00-00 00:00:00', 0, '0000-00-00 00:00:00', 0, '0000-00-00 00:00:00', 0),
(97, 1, 'Maldivian rufiyaa', '', 'MVR', 462, 0.00000, 'ރ.', '2', ',', '', '{number} {symbol}', '{sign}{number} {symbol}', 0, 1, 0, '0000-00-00 00:00:00', 0, '0000-00-00 00:00:00', 0, '0000-00-00 00:00:00', 0),
(98, 1, 'Malawian kwacha', '', 'MWK', 454, 0.00000, 'MK', '2', ',', '', '{number} {symbol}', '{sign}{number} {symbol}', 0, 1, 0, '0000-00-00 00:00:00', 0, '0000-00-00 00:00:00', 0, '0000-00-00 00:00:00', 0),
(100, 1, 'Malaysian ringgit', '', 'MYR', 458, 0.00000, 'RM', '2', ',', '', '{number} {symbol}', '{sign}{number} {symbol}', 0, 1, 0, '0000-00-00 00:00:00', 0, '0000-00-00 00:00:00', 0, '0000-00-00 00:00:00', 0),
(102, 1, 'Nigerian naira', '', 'NGN', 566, 0.00000, '₦', '2', ',', '', '{number} {symbol}', '{sign}{number} {symbol}', 0, 1, 0, '0000-00-00 00:00:00', 0, '0000-00-00 00:00:00', 0, '0000-00-00 00:00:00', 0),
(105, 1, 'Norwegian krone', '', 'NOK', 578, 0.00000, 'kr', '2', ',', '', '{symbol}{number}', '{symbol}{sign}{number}', 0, 1, 0, '0000-00-00 00:00:00', 0, '0000-00-00 00:00:00', 0, '0000-00-00 00:00:00', 0),
(106, 1, 'Nepalese rupee', '', 'NPR', 524, 0.00000, '₨', '2', ',', '', '{number} {symbol}', '{sign}{number} {symbol}', 0, 1, 0, '0000-00-00 00:00:00', 0, '0000-00-00 00:00:00', 0, '0000-00-00 00:00:00', 0),
(107, 1, 'New Zealand dollar', '', 'NZD', 554, 0.00000, '$', '2', ',', '', '{number} {symbol}', '{symbol}{sign}{number}', 0, 1, 0, '0000-00-00 00:00:00', 0, '0000-00-00 00:00:00', 0, '0000-00-00 00:00:00', 0),
(108, 1, 'Omani rial', '', 'OMR', 512, 0.00000, '﷼', '3', '.', '', '{number} {symbol}', '{sign}{number} {symbol}', 0, 1, 0, '0000-00-00 00:00:00', 0, '0000-00-00 00:00:00', 0, '0000-00-00 00:00:00', 0),
(109, 1, 'Panamanian balboa', '', 'PAB', 590, 0.00000, 'B/.', '2', ',', '', '{number} {symbol}', '{sign}{number} {symbol}', 0, 1, 0, '0000-00-00 00:00:00', 0, '0000-00-00 00:00:00', 0, '0000-00-00 00:00:00', 0),
(110, 1, 'Peruvian nuevo sol', '', 'PEN', 604, 0.00000, 'S/.', '2', ',', '', '{number} {symbol}', '{sign}{number} {symbol}', 0, 1, 0, '0000-00-00 00:00:00', 0, '0000-00-00 00:00:00', 0, '0000-00-00 00:00:00', 0),
(111, 1, 'Papua New Guinean kina', '', 'PGK', 598, 0.00000, 'K', '2', ',', '', '{number} {symbol}', '{sign}{number} {symbol}', 0, 1, 0, '0000-00-00 00:00:00', 0, '0000-00-00 00:00:00', 0, '0000-00-00 00:00:00', 0),
(112, 1, 'Philippine peso', '', 'PHP', 608, 0.00000, '₱', '2', ',', '', '{number} {symbol}', '{sign}{number} {symbol}', 0, 1, 0, '0000-00-00 00:00:00', 0, '0000-00-00 00:00:00', 0, '0000-00-00 00:00:00', 0),
(113, 1, 'Pakistani rupee', '', 'PKR', 586, 0.00000, '₨', '2', ',', '', '{number} {symbol}', '{sign}{number} {symbol}', 0, 1, 0, '0000-00-00 00:00:00', 0, '0000-00-00 00:00:00', 0, '0000-00-00 00:00:00', 0),
(114, 1, 'Polish Złoty', '', 'PLN', 985, 0.00000, 'zł', '2', ',', '', '{number} {symbol}', '{sign}{number} {symbol}', 0, 1, 0, '0000-00-00 00:00:00', 0, '0000-00-00 00:00:00', 0, '0000-00-00 00:00:00', 0),
(116, 1, 'Paraguayan guaraní', '', 'PYG', 600, 0.00000, '₲', '0', '', '.', '{symbol} {number}', '{symbol} {sign}{number}', 0, 1, 0, '0000-00-00 00:00:00', 0, '0000-00-00 00:00:00', 0, '0000-00-00 00:00:00', 0),
(117, 1, 'Qatari riyal', '', 'QAR', 634, 0.00000, '﷼', '2', ',', '', '{number} {symbol}', '{sign}{number} {symbol}', 0, 1, 0, '0000-00-00 00:00:00', 0, '0000-00-00 00:00:00', 0, '0000-00-00 00:00:00', 0),
(118, 1, 'Romanian leu', '', 'RON', 946, 0.00000, 'lei', '2', ',', '.', '{number} {symbol}', '{sign}{number} {symbol}', 0, 1, 0, '0000-00-00 00:00:00', 0, '0000-00-00 00:00:00', 0, '0000-00-00 00:00:00', 0),
(119, 1, 'Rwandan franc', '', 'RWF', 646, 0.00000, 'Fr', '2', ',', '', '{number} {symbol}', '{sign}{number} {symbol}', 0, 1, 0, '0000-00-00 00:00:00', 0, '0000-00-00 00:00:00', 0, '0000-00-00 00:00:00', 0),
(120, 1, 'Saudi riyal', '', 'SAR', 682, 0.00000, '﷼', '2', ',', '', '{number} {symbol}', '{sign}{number} {symbol}', 0, 1, 0, '0000-00-00 00:00:00', 0, '0000-00-00 00:00:00', 0, '0000-00-00 00:00:00', 0),
(121, 1, 'Solomon Islands dollar', '', 'SBD', 90, 0.00000, '$', '2', ',', '', '{number} {symbol}', '{sign}{number} {symbol}', 0, 1, 0, '0000-00-00 00:00:00', 0, '0000-00-00 00:00:00', 0, '0000-00-00 00:00:00', 0),
(122, 1, 'Seychellois rupee', '', 'SCR', 690, 0.00000, '₨', '2', ',', '', '{number} {symbol}', '{sign}{number} {symbol}', 0, 1, 0, '0000-00-00 00:00:00', 0, '0000-00-00 00:00:00', 0, '0000-00-00 00:00:00', 0),
(124, 1, 'Swedish krona', '', 'SEK', 752, 0.00000, 'kr', '2', ',', '.', '{number} {symbol}', '{sign}{number} {symbol}', 0, 1, 0, '0000-00-00 00:00:00', 0, '0000-00-00 00:00:00', 0, '0000-00-00 00:00:00', 0),
(125, 1, 'Singapore dollar', '', 'SGD', 702, 0.00000, '$', '2', ',', '', '{number} {symbol}', '{sign}{number} {symbol}', 0, 1, 0, '0000-00-00 00:00:00', 0, '0000-00-00 00:00:00', 0, '0000-00-00 00:00:00', 0),
(126, 1, 'Saint Helenian pound', '', 'SHP', 654, 0.00000, '£', '2', ',', '', '{number} {symbol}', '{sign}{number} {symbol}', 0, 1, 0, '0000-00-00 00:00:00', 0, '0000-00-00 00:00:00', 0, '0000-00-00 00:00:00', 0),
(127, 1, 'Sierra Leonean leone', '', 'SLL', 694, 0.00000, 'Le', '2', ',', '', '{number} {symbol}', '{sign}{number} {symbol}', 0, 1, 0, '0000-00-00 00:00:00', 0, '0000-00-00 00:00:00', 0, '0000-00-00 00:00:00', 0),
(128, 1, 'Somali shilling', '', 'SOS', 706, 0.00000, 'S', '2', ',', '', '{number} {symbol}', '{sign}{number} {symbol}', 0, 1, 0, '0000-00-00 00:00:00', 0, '0000-00-00 00:00:00', 0, '0000-00-00 00:00:00', 0),
(130, 1, 'São Tomé and Príncipe dobra', '', 'STD', 678, 0.00000, 'Db', '0', '', '', '{number} {symbol}', '{sign}{number} {symbol}', 0, 1, 0, '0000-00-00 00:00:00', 0, '0000-00-00 00:00:00', 0, '0000-00-00 00:00:00', 0),
(131, 1, 'Russian ruble', '', 'RUB', 643, 0.00000, 'руб', '2', ',', ' ', '{number} {symbol}', '{sign}{number} {symbol}', 0, 0, 1, '0000-00-00 00:00:00', 0, '2019-03-05 14:21:17', 354, '0000-00-00 00:00:00', 0),
(132, 1, 'Salvadoran colón', '', 'SVC', 222, 0.00000, '$', '2', ',', '', '{number} {symbol}', '{sign}{number} {symbol}', 0, 1, 0, '0000-00-00 00:00:00', 0, '0000-00-00 00:00:00', 0, '0000-00-00 00:00:00', 0),
(133, 1, 'Syrian pound', '', 'SYP', 760, 0.00000, '£', '2', ',', '', '{number} {symbol}', '{sign}{number} {symbol}', 0, 1, 0, '0000-00-00 00:00:00', 0, '0000-00-00 00:00:00', 0, '0000-00-00 00:00:00', 0),
(134, 1, 'Swazi lilangeni', '', 'SZL', 748, 0.00000, 'L', '2', ',', '', '{number} {symbol}', '{sign}{number} {symbol}', 0, 1, 0, '0000-00-00 00:00:00', 0, '0000-00-00 00:00:00', 0, '0000-00-00 00:00:00', 0),
(135, 1, 'Thai baht', '', 'THB', 764, 0.00000, '฿', '2', ',', '', '{number} {symbol}', '{sign}{number} {symbol}', 0, 1, 0, '0000-00-00 00:00:00', 0, '0000-00-00 00:00:00', 0, '0000-00-00 00:00:00', 0),
(136, 1, 'Tunisian dinar', '', 'TND', 788, 0.00000, 'د.ت', '3', ',', '', '{number} {symbol}', '{sign}{number} {symbol}', 0, 1, 0, '0000-00-00 00:00:00', 0, '0000-00-00 00:00:00', 0, '0000-00-00 00:00:00', 0),
(137, 1, 'Tongan paʻanga', '', 'TOP', 776, 0.00000, 'T$', '2', ',', '', '{number} {symbol}', '{sign}{number} {symbol}', 0, 1, 0, '0000-00-00 00:00:00', 0, '0000-00-00 00:00:00', 0, '0000-00-00 00:00:00', 0),
(139, 1, 'Turkish new lira', '', 'TRY', 949, 0.00000, 'YTL', '2', ',', '.', '{number} {symbol}', '{sign}{number} {symbol}', 0, 1, 0, '0000-00-00 00:00:00', 0, '0000-00-00 00:00:00', 0, '0000-00-00 00:00:00', 0),
(140, 1, 'Trinidad and Tobago dollar', '', 'TTD', 780, 0.00000, 'TT$', '2', ',', '', '{number} {symbol}', '{sign}{number} {symbol}', 0, 1, 0, '0000-00-00 00:00:00', 0, '0000-00-00 00:00:00', 0, '0000-00-00 00:00:00', 0),
(141, 1, 'New Taiwan dollar', '', 'TWD', 901, 0.00000, 'NT$', '2', ',', '', '{number} {symbol}', '{sign}{number} {symbol}', 0, 1, 0, '0000-00-00 00:00:00', 0, '0000-00-00 00:00:00', 0, '0000-00-00 00:00:00', 0),
(142, 1, 'Tanzanian shilling', '', 'TZS', 834, 0.00000, 'Sh', '2', ',', '', '{number} {symbol}', '{sign}{number} {symbol}', 0, 1, 0, '0000-00-00 00:00:00', 0, '0000-00-00 00:00:00', 0, '0000-00-00 00:00:00', 0),
(144, 1, 'United States dollar', '', 'USD', 840, 0.01512, '$', '2', '.', ',', '{symbol}{number}', '{symbol}{sign}{number}', 0, 0, 1, '0000-00-00 00:00:00', 0, '2019-03-05 14:14:53', 354, '0000-00-00 00:00:00', 0),
(147, 1, 'Vietnamese Dong', '', 'VND', 704, 0.00000, '₫', '0', '', '', '{number} {symbol}', '{sign}{number} {symbol}', 0, 1, 0, '0000-00-00 00:00:00', 0, '0000-00-00 00:00:00', 0, '0000-00-00 00:00:00', 0),
(148, 1, 'Vanuatu vatu', '', 'VUV', 548, 0.00000, 'Vt', '2', ',', '', '{number} {symbol}', '{sign}{number} {symbol}', 0, 1, 0, '0000-00-00 00:00:00', 0, '0000-00-00 00:00:00', 0, '0000-00-00 00:00:00', 0),
(149, 1, 'Samoan tala', '', 'WST', 882, 0.00000, 'T', '2', ',', '', '{number} {symbol}', '{sign}{number} {symbol}', 0, 1, 0, '0000-00-00 00:00:00', 0, '0000-00-00 00:00:00', 0, '0000-00-00 00:00:00', 0),
(151, 1, 'Yemeni rial', '', 'YER', 886, 0.00000, '﷼', '2', ',', '', '{number} {symbol}', '{sign}{number} {symbol}', 0, 1, 0, '0000-00-00 00:00:00', 0, '0000-00-00 00:00:00', 0, '0000-00-00 00:00:00', 0),
(152, 1, 'Serbian dinar', '', 'RSD', 941, 0.00000, 'Дин.', '2', ',', '', '{number} {symbol}', '{sign}{number} {symbol}', 0, 1, 0, '0000-00-00 00:00:00', 0, '0000-00-00 00:00:00', 0, '0000-00-00 00:00:00', 0),
(153, 1, 'South African rand', '', 'ZAR', 710, 0.00000, 'R', '2', ',', '', '{number} {symbol}', '{sign}{number} {symbol}', 0, 1, 0, '0000-00-00 00:00:00', 0, '0000-00-00 00:00:00', 0, '0000-00-00 00:00:00', 0),
(154, 1, 'Zambian kwacha', '', 'ZMK', 894, 0.00000, 'ZK', '2', ',', '', '{number} {symbol}', '{sign}{number} {symbol}', 0, 1, 0, '0000-00-00 00:00:00', 0, '0000-00-00 00:00:00', 0, '0000-00-00 00:00:00', 0),
(156, 1, 'Zimbabwean dollar', '', 'ZWD', 932, 0.00000, 'Z$', '2', ',', '', '{number} {symbol}', '{sign}{number} {symbol}', 0, 1, 0, '0000-00-00 00:00:00', 0, '0000-00-00 00:00:00', 0, '0000-00-00 00:00:00', 0),
(158, 1, 'Armenian dram', '', 'AMD', 51, 0.00000, 'դր.', '2', ',', '', '{number} {symbol}', '{sign}{number} {symbol}', 0, 1, 0, '0000-00-00 00:00:00', 0, '0000-00-00 00:00:00', 0, '0000-00-00 00:00:00', 0),
(159, 1, 'Myanmar kyat', '', 'MMK', 104, 0.00000, 'K', '2', ',', '', '{number} {symbol}', '{symbol} {sign}{number}', 0, 1, 0, '0000-00-00 00:00:00', 0, '0000-00-00 00:00:00', 0, '0000-00-00 00:00:00', 0),
(160, 1, 'Croatian kuna', '', 'HRK', 191, 0.00000, 'kn', '2', ',', '.', '{number} {symbol}', '{sign}{number} {symbol}', 0, 1, 0, '0000-00-00 00:00:00', 0, '0000-00-00 00:00:00', 0, '0000-00-00 00:00:00', 0),
(161, 1, 'Eritrean nakfa', '', 'ERN', 232, 0.00000, 'Nfk', '2', ',', '', '{number} {symbol}', '{sign}{number} {symbol}', 0, 1, 0, '0000-00-00 00:00:00', 0, '0000-00-00 00:00:00', 0, '0000-00-00 00:00:00', 0),
(162, 1, 'Djiboutian franc', '', 'DJF', 262, 0.00000, 'Fr', '0', '', '', '{number} {symbol}', '{sign}{number} {symbol}', 0, 1, 0, '0000-00-00 00:00:00', 0, '0000-00-00 00:00:00', 0, '0000-00-00 00:00:00', 0),
(163, 1, 'Icelandic króna', '', 'ISK', 352, 0.00000, 'kr', '2', ',', '', '{number} {symbol}', '{sign}{number} {symbol}', 0, 1, 0, '0000-00-00 00:00:00', 0, '0000-00-00 00:00:00', 0, '0000-00-00 00:00:00', 0),
(164, 1, 'Kazakhstani tenge', '', 'KZT', 398, 0.00000, 'лв', '2', ',', '', '{number} {symbol}', '{sign}{number} {symbol}', 0, 1, 0, '0000-00-00 00:00:00', 0, '0000-00-00 00:00:00', 0, '0000-00-00 00:00:00', 0),
(165, 1, 'Kyrgyzstani som', '', 'KGS', 417, 0.00000, 'лв', '2', ',', '', '{number} {symbol}', '{sign}{number} {symbol}', 0, 1, 0, '0000-00-00 00:00:00', 0, '0000-00-00 00:00:00', 0, '0000-00-00 00:00:00', 0),
(166, 1, 'Latvian lats', '', 'LVL', 428, 0.00000, 'Ls', '2', ',', '', '{number} {symbol}', '{sign}{number} {symbol}', 0, 1, 0, '0000-00-00 00:00:00', 0, '0000-00-00 00:00:00', 0, '0000-00-00 00:00:00', 0),
(167, 1, 'Lithuanian litas', '', 'LTL', 440, 0.00000, 'Lt', '2', ',', '', '{number} {symbol}', '{sign}{number} {symbol}', 0, 1, 0, '0000-00-00 00:00:00', 0, '0000-00-00 00:00:00', 0, '0000-00-00 00:00:00', 0),
(168, 1, 'Mexican peso', '', 'MXN', 484, 0.00000, '$', '2', ',', '', '{number} {symbol}', '{sign}{number} {symbol}', 0, 1, 0, '0000-00-00 00:00:00', 0, '0000-00-00 00:00:00', 0, '0000-00-00 00:00:00', 0),
(169, 1, 'Moldovan leu', '', 'MDL', 498, 0.00000, 'L', '2', ',', '', '{number} {symbol}', '{sign}{number} {symbol}', 0, 1, 0, '0000-00-00 00:00:00', 0, '0000-00-00 00:00:00', 0, '0000-00-00 00:00:00', 0),
(170, 1, 'Namibian dollar', '', 'NAD', 516, 0.00000, '$', '2', ',', '', '{number} {symbol}', '{sign}{number} {symbol}', 0, 1, 0, '0000-00-00 00:00:00', 0, '0000-00-00 00:00:00', 0, '0000-00-00 00:00:00', 0),
(171, 1, 'Nicaraguan córdoba', '', 'NIO', 558, 0.00000, 'C$', '2', ',', '', '{number} {symbol}', '{sign}{number} {symbol}', 0, 1, 0, '0000-00-00 00:00:00', 0, '0000-00-00 00:00:00', 0, '0000-00-00 00:00:00', 0),
(172, 1, 'Ugandan shilling', '', 'UGX', 800, 0.00000, 'Sh', '2', ',', '', '{number} {symbol}', '{sign}{number} {symbol}', 0, 1, 0, '0000-00-00 00:00:00', 0, '0000-00-00 00:00:00', 0, '0000-00-00 00:00:00', 0),
(173, 1, 'Macedonian denar', '', 'MKD', 807, 0.00000, 'ден', '2', ',', '', '{number} {symbol}', '{sign}{number} {symbol}', 0, 1, 0, '0000-00-00 00:00:00', 0, '0000-00-00 00:00:00', 0, '0000-00-00 00:00:00', 0),
(174, 1, 'Uruguayan peso', '', 'UYU', 858, 0.00000, '$', '0', '', '', '{symbol}number}', '{symbol}{sign}{number}', 0, 1, 0, '0000-00-00 00:00:00', 0, '0000-00-00 00:00:00', 0, '0000-00-00 00:00:00', 0),
(175, 1, 'Uzbekistani som', '', 'UZS', 860, 0.00000, 'лв', '2', ',', '', '{number} {symbol}', '{sign}{number} {symbol}', 0, 1, 0, '0000-00-00 00:00:00', 0, '0000-00-00 00:00:00', 0, '0000-00-00 00:00:00', 0),
(176, 1, 'Azerbaijani manat', '', 'AZN', 934, 0.00000, 'ман', '2', ',', '', '{number} {symbol}', '{sign}{number} {symbol}', 0, 1, 0, '0000-00-00 00:00:00', 0, '0000-00-00 00:00:00', 0, '0000-00-00 00:00:00', 0),
(177, 1, 'Ghanaian cedi', '', 'GHS', 936, 0.00000, '₵', '2', ',', '', '{number} {symbol}', '{sign}{number} {symbol}', 0, 1, 0, '0000-00-00 00:00:00', 0, '0000-00-00 00:00:00', 0, '0000-00-00 00:00:00', 0),
(178, 1, 'Venezuelan bolívar', '', 'VEF', 937, 0.00000, 'Bs', '2', ',', '', '{number} {symbol}', '{sign}{number} {symbol}', 0, 1, 0, '0000-00-00 00:00:00', 0, '0000-00-00 00:00:00', 0, '0000-00-00 00:00:00', 0),
(179, 1, 'Sudanese pound', '', 'SDG', 938, 0.00000, '£', '2', ',', '', '{number} {symbol}', '{sign}{number} {symbol}', 0, 1, 0, '0000-00-00 00:00:00', 0, '0000-00-00 00:00:00', 0, '0000-00-00 00:00:00', 0),
(180, 1, 'Uruguay Peso', '', 'UYI', 940, 0.00000, 'UYI', '2', ',', '', '{number} {symbol}', '{sign}{number} {symbol}', 0, 1, 0, '0000-00-00 00:00:00', 0, '0000-00-00 00:00:00', 0, '0000-00-00 00:00:00', 0),
(181, 1, 'Mozambican metical', '', 'MZN', 943, 0.00000, 'MT', '2', ',', '', '{number} {symbol}', '{sign}{number} {symbol}', 0, 1, 0, '0000-00-00 00:00:00', 0, '0000-00-00 00:00:00', 0, '0000-00-00 00:00:00', 0),
(182, 1, 'WIR Euro', '', 'CHE', 947, 0.00000, '€', '2', ',', '', '{number} {symbol}', '{sign}{number} {symbol}', 0, 1, 0, '0000-00-00 00:00:00', 0, '0000-00-00 00:00:00', 0, '0000-00-00 00:00:00', 0),
(183, 1, 'WIR Franc', '', 'CHW', 948, 0.00000, 'CHW', '2', ',', '', '{number} {symbol}', '{sign}{number} {symbol}', 0, 1, 0, '0000-00-00 00:00:00', 0, '0000-00-00 00:00:00', 0, '0000-00-00 00:00:00', 0),
(184, 1, 'Central African CFA franc', '', 'XAF', 950, 0.00000, 'Fr', '0', '', '', '{number} {symbol}', '{sign}{number} {symbol}', 0, 1, 0, '0000-00-00 00:00:00', 0, '0000-00-00 00:00:00', 0, '0000-00-00 00:00:00', 0),
(185, 1, 'East Caribbean dollar', '', 'XCD', 951, 0.00000, '$', '2', ',', '', '{number} {symbol}', '{sign}{number} {symbol}', 0, 1, 0, '0000-00-00 00:00:00', 0, '0000-00-00 00:00:00', 0, '0000-00-00 00:00:00', 0),
(186, 1, 'West African CFA franc', '', 'XOF', 952, 0.00000, 'Fr', '2', ',', '', '{number} {symbol}', '{sign}{number} {symbol}', 0, 1, 0, '0000-00-00 00:00:00', 0, '0000-00-00 00:00:00', 0, '0000-00-00 00:00:00', 0),
(187, 1, 'CFP franc', '', 'XPF', 953, 0.00000, 'Fr', '2', ',', '', '{number} {symbol}', '{sign}{number} {symbol}', 0, 1, 0, '0000-00-00 00:00:00', 0, '0000-00-00 00:00:00', 0, '0000-00-00 00:00:00', 0),
(188, 1, 'Surinamese dollar', '', 'SRD', 968, 0.00000, '$', '2', ',', '', '{number} {symbol}', '{sign}{number} {symbol}', 0, 1, 0, '0000-00-00 00:00:00', 0, '0000-00-00 00:00:00', 0, '0000-00-00 00:00:00', 0),
(189, 1, 'Malagasy ariary', '', 'MGA', 969, 0.00000, 'MGA', '2', ',', '', '{number} {symbol}', '{sign}{number} {symbol}', 0, 1, 0, '0000-00-00 00:00:00', 0, '0000-00-00 00:00:00', 0, '0000-00-00 00:00:00', 0),
(190, 1, 'Unidad de Valor Real', '', 'COU', 970, 0.00000, 'COU', '2', ',', '', '{number} {symbol}', '{sign}{number} {symbol}', 0, 1, 0, '0000-00-00 00:00:00', 0, '0000-00-00 00:00:00', 0, '0000-00-00 00:00:00', 0),
(191, 1, 'Afghan afghani', '', 'AFN', 971, 0.00000, '؋', '2', ',', '', '{number} {symbol}', '{sign}{number} {symbol}', 0, 1, 0, '0000-00-00 00:00:00', 0, '0000-00-00 00:00:00', 0, '0000-00-00 00:00:00', 0),
(192, 1, 'Tajikistani somoni', '', 'TJS', 972, 0.00000, 'ЅМ', '2', ',', '', '{number} {symbol}', '{sign}{number} {symbol}', 0, 1, 0, '0000-00-00 00:00:00', 0, '0000-00-00 00:00:00', 0, '0000-00-00 00:00:00', 0),
(193, 1, 'Angolan kwanza', '', 'AOA', 973, 0.00000, 'Kz', '2', ',', '', '{number} {symbol}', '{sign}{number} {symbol}', 0, 1, 0, '0000-00-00 00:00:00', 0, '0000-00-00 00:00:00', 0, '0000-00-00 00:00:00', 0),
(194, 1, 'Belarusian ruble', '', 'BYR', 974, 0.00000, 'p.', '0', '', '', '{number} {symbol}', '{sign}{number} {symbol}', 0, 1, 0, '0000-00-00 00:00:00', 0, '0000-00-00 00:00:00', 0, '0000-00-00 00:00:00', 0),
(195, 1, 'Bulgarian lev', '', 'BGN', 975, 0.00000, 'лв', '2', ',', '', '{number} {symbol}', '{sign}{number} {symbol}', 0, 1, 0, '0000-00-00 00:00:00', 0, '0000-00-00 00:00:00', 0, '0000-00-00 00:00:00', 0),
(196, 1, 'Congolese franc', '', 'CDF', 976, 0.00000, 'Fr', '2', ',', '', '{number} {symbol}', '{sign}{number} {symbol}', 0, 1, 0, '0000-00-00 00:00:00', 0, '0000-00-00 00:00:00', 0, '0000-00-00 00:00:00', 0),
(197, 1, 'Bosnia and Herzegovina convert', '', 'BAM', 977, 0.00000, 'KM', '2', ',', '', '{number} {symbol}', '{sign}{number} {symbol}', 0, 1, 0, '0000-00-00 00:00:00', 0, '0000-00-00 00:00:00', 0, '0000-00-00 00:00:00', 0),
(198, 1, 'Mexican Unid', '', 'MXV', 979, 0.00000, 'MXV', '2', ',', '', '{number} {symbol}', '{sign}{number} {symbol}', 0, 1, 0, '0000-00-00 00:00:00', 0, '0000-00-00 00:00:00', 0, '0000-00-00 00:00:00', 0),
(199, 1, 'Ukrainian hryvnia', '', 'UAH', 980, 0.00000, '₴', '2', ',', '', '{number} {symbol}', '{sign}{number} {symbol}', 0, 1, 0, '0000-00-00 00:00:00', 0, '0000-00-00 00:00:00', 0, '0000-00-00 00:00:00', 0),
(200, 1, 'Georgian lari', '', 'GEL', 981, 0.00000, 'ლ', '2', ',', '', '{number} {symbol}', '{sign}{number} {symbol}', 0, 1, 0, '0000-00-00 00:00:00', 0, '0000-00-00 00:00:00', 0, '0000-00-00 00:00:00', 0),
(201, 1, 'Mvdol', '', 'BOV', 984, 0.00000, 'BOV', '2', ',', '', '{number} {symbol}', '{sign}{number} {symbol}', 0, 1, 0, '0000-00-00 00:00:00', 0, '0000-00-00 00:00:00', 0, '0000-00-00 00:00:00', 0);

-- --------------------------------------------------------

--
-- Структура таблицы `bnduv_virtuemart_customs`
--

CREATE TABLE IF NOT EXISTS `bnduv_virtuemart_customs` (
  `virtuemart_custom_id` int(11) unsigned NOT NULL,
  `custom_parent_id` int(1) unsigned NOT NULL DEFAULT '0',
  `virtuemart_vendor_id` smallint(1) NOT NULL DEFAULT '1',
  `custom_jplugin_id` int(11) NOT NULL DEFAULT '0',
  `custom_element` char(50) NOT NULL DEFAULT '',
  `admin_only` tinyint(1) NOT NULL DEFAULT '0' COMMENT '1:Display in admin only',
  `custom_title` char(255) NOT NULL DEFAULT '' COMMENT 'field title',
  `show_title` tinyint(1) NOT NULL DEFAULT '1',
  `custom_tip` char(255) NOT NULL DEFAULT '' COMMENT 'tip',
  `custom_value` char(255) DEFAULT NULL COMMENT 'defaut value',
  `custom_field_desc` char(255) DEFAULT NULL COMMENT 'description or unit',
  `field_type` char(1) NOT NULL DEFAULT '0' COMMENT 'S:string,I:int,P:parent, B:bool,D:date,T:time,H:hidden',
  `is_list` tinyint(1) NOT NULL DEFAULT '0' COMMENT 'list of values',
  `is_hidden` tinyint(1) NOT NULL DEFAULT '0' COMMENT '1:hidden',
  `is_cart_attribute` tinyint(1) NOT NULL DEFAULT '0' COMMENT 'Add attributes to cart',
  `layout_pos` char(24) DEFAULT NULL COMMENT 'Layout Position',
  `custom_params` text,
  `shared` tinyint(1) NOT NULL DEFAULT '0' COMMENT 'valide for all vendors?',
  `published` tinyint(1) NOT NULL DEFAULT '1',
  `created_on` datetime NOT NULL DEFAULT '0000-00-00 00:00:00',
  `created_by` int(11) NOT NULL DEFAULT '0',
  `ordering` int(2) NOT NULL DEFAULT '0',
  `modified_on` datetime NOT NULL DEFAULT '0000-00-00 00:00:00',
  `modified_by` int(11) NOT NULL DEFAULT '0',
  `locked_on` datetime NOT NULL DEFAULT '0000-00-00 00:00:00',
  `locked_by` int(11) NOT NULL DEFAULT '0'
) ENGINE=MyISAM AUTO_INCREMENT=23 DEFAULT CHARSET=utf8 COMMENT='custom fields definition';

--
-- Дамп данных таблицы `bnduv_virtuemart_customs`
--

INSERT INTO `bnduv_virtuemart_customs` (`virtuemart_custom_id`, `custom_parent_id`, `virtuemart_vendor_id`, `custom_jplugin_id`, `custom_element`, `admin_only`, `custom_title`, `show_title`, `custom_tip`, `custom_value`, `custom_field_desc`, `field_type`, `is_list`, `is_hidden`, `is_cart_attribute`, `layout_pos`, `custom_params`, `shared`, `published`, `created_on`, `created_by`, `ordering`, `modified_on`, `modified_by`, `locked_on`, `locked_by`) VALUES
(1, 0, 1, 0, '', 0, 'COM_VIRTUEMART_RELATED_PRODUCTS', 1, 'COM_VIRTUEMART_RELATED_PRODUCTS_TIP', '', 'COM_VIRTUEMART_RELATED_PRODUCTS_DESC', 'R', 0, 0, 0, NULL, NULL, 0, 1, '2011-05-25 21:52:43', 62, 5, '2011-05-25 21:52:43', 62, '0000-00-00 00:00:00', 0),
(2, 0, 1, 0, '', 0, 'COM_VIRTUEMART_RELATED_CATEGORIES', 1, 'COM_VIRTUEMART_RELATED_CATEGORIES_TIP', NULL, 'COM_VIRTUEMART_RELATED_CATEGORIES_DESC', 'Z', 0, 0, 0, NULL, NULL, 0, 1, '0000-00-00 00:00:00', 0, 10, '0000-00-00 00:00:00', 0, '0000-00-00 00:00:00', 0),
(4, 0, 1, 0, '0', 0, 'Формат', 1, '', 'A3; A4; SRA3', '', 'S', 1, 0, 0, '', '0', 0, 1, '2019-02-07 11:07:12', 351, 15, '2019-02-11 13:30:34', 351, '0000-00-00 00:00:00', 0),
(7, 0, 1, 0, '0', 0, 'Технология', 1, '', 'ЛАЗЕРНАЯ; СВЕТОДИОДНАЯ; ТВЕРДОЧЕРНИЛЬНАЯ', '', 'S', 1, 0, 0, '', '0', 0, 1, '2019-02-11 13:27:04', 351, 20, '2019-02-11 13:27:04', 351, '0000-00-00 00:00:00', 0),
(6, 0, 1, 0, '0', 0, 'Цветность', 1, '', 'ЦВЕТНОЙ; МОНОХРОМНЫЙ', '', 'S', 1, 0, 0, '', '0', 0, 1, '2019-02-11 12:55:51', 351, 25, '2019-02-11 12:55:51', 351, '0000-00-00 00:00:00', 0),
(8, 0, 1, 0, '0', 0, 'Разрешение', 1, '', '', '', 'S', 0, 0, 0, '', '0', 0, 1, '2019-02-11 13:28:03', 351, 30, '2019-02-11 13:28:03', 351, '0000-00-00 00:00:00', 0),
(9, 0, 1, 0, '0', 0, 'Тип', 1, '', 'Принтер; МФУ; Сканер', '', 'S', 1, 0, 0, 'ontop', '0', 0, 1, '2019-02-11 13:29:58', 351, 35, '2019-03-11 14:50:29', 351, '0000-00-00 00:00:00', 0),
(10, 15, 1, 0, '0', 0, 'LAN', 1, '', '', '', 'B', 0, 0, 0, '', '0', 0, 1, '2019-02-11 13:31:05', 351, 40, '2019-02-28 11:33:17', 351, '0000-00-00 00:00:00', 0),
(11, 15, 1, 0, '0', 0, 'Wi-Fi', 1, '', '', '', 'B', 0, 0, 0, '', '0', 0, 1, '2019-02-11 13:31:17', 351, 45, '2019-02-28 11:33:09', 351, '0000-00-00 00:00:00', 0),
(12, 15, 1, 0, '0', 0, 'USB', 1, '', '', '', 'B', 0, 0, 0, '', '0', 0, 1, '2019-02-11 13:31:31', 351, 50, '2019-02-28 11:33:03', 351, '0000-00-00 00:00:00', 0),
(13, 0, 1, 0, '0', 0, 'Скорость печати', 1, '', '', '', 'S', 0, 0, 0, '', '0', 0, 1, '2019-02-27 09:39:19', 351, 60, '2019-02-27 09:39:19', 351, '0000-00-00 00:00:00', 0),
(14, 0, 1, 0, '0', 0, 'Скорость', 1, '', '', '', 'I', 0, 0, 0, 'ontop', '0', 0, 1, '2019-02-28 08:27:34', 351, 55, '2019-03-11 14:49:27', 351, '0000-00-00 00:00:00', 0),
(15, 0, 1, 0, '0', 0, 'Коммуникация', 1, '', '', '', 'P', 1, 0, 0, '', '0', 0, 1, '2019-02-28 11:32:47', 351, 65, '2019-02-28 11:32:47', 351, '0000-00-00 00:00:00', 0),
(16, 17, 1, 0, '0', 0, 'Ресурс', 1, '', '', '', 'I', 0, 0, 0, '', '0', 0, 1, '2019-02-28 13:42:02', 351, 70, '2019-02-28 13:43:24', 351, '0000-00-00 00:00:00', 0),
(17, 0, 1, 0, '0', 0, 'Расходный', 1, '', '', '', 'P', 0, 0, 0, '', '0', 0, 1, '2019-02-28 13:43:04', 351, 75, '2019-02-28 13:43:04', 351, '0000-00-00 00:00:00', 0),
(18, 17, 1, 0, '0', 0, 'Тип расходного материала', 1, '', 'Тонер;Барабан;Ролик', '', 'S', 1, 0, 0, '', '0', 0, 1, '2019-02-28 13:45:01', 351, 80, '2019-02-28 13:45:43', 351, '0000-00-00 00:00:00', 0),
(19, 0, 1, 0, '0', 0, 'Бумага', 1, '', '', '', 'P', 0, 0, 0, '', '0', 0, 1, '2019-03-11 15:48:57', 351, 0, '2019-03-11 15:48:57', 351, '0000-00-00 00:00:00', 0),
(20, 19, 1, 0, '0', 0, 'Фасовка', 1, '', 'Рулон; Лист', '', 'S', 1, 0, 0, '', '0', 0, 1, '2019-03-26 20:45:23', 351, 0, '2019-03-26 20:50:31', 351, '0000-00-00 00:00:00', 0),
(21, 19, 1, 0, '0', 0, 'Формат бумаги', 1, '', 'A4;A3;SRA3', '', 'S', 0, 0, 0, '', '0', 0, 1, '2019-03-26 20:46:34', 351, 0, '2019-03-26 20:46:34', 351, '0000-00-00 00:00:00', 0),
(22, 19, 1, 0, '0', 0, 'Плотность', 1, '', '', '', 'I', 0, 0, 0, '', '0', 0, 1, '2019-03-26 20:48:55', 351, 0, '2019-03-26 20:48:55', 351, '0000-00-00 00:00:00', 0);

-- --------------------------------------------------------

--
-- Структура таблицы `bnduv_virtuemart_invoices`
--

CREATE TABLE IF NOT EXISTS `bnduv_virtuemart_invoices` (
  `virtuemart_invoice_id` int(1) unsigned NOT NULL,
  `virtuemart_vendor_id` smallint(1) unsigned NOT NULL DEFAULT '1',
  `virtuemart_order_id` int(1) unsigned DEFAULT NULL,
  `invoice_number` char(64) DEFAULT NULL,
  `order_status` char(2) DEFAULT NULL,
  `xhtml` text,
  `created_on` datetime NOT NULL DEFAULT '0000-00-00 00:00:00',
  `created_by` int(11) NOT NULL DEFAULT '0',
  `modified_on` datetime NOT NULL DEFAULT '0000-00-00 00:00:00',
  `modified_by` int(11) NOT NULL DEFAULT '0',
  `locked_on` datetime NOT NULL DEFAULT '0000-00-00 00:00:00',
  `locked_by` int(11) NOT NULL DEFAULT '0'
) ENGINE=InnoDB DEFAULT CHARSET=utf8 COMMENT='custom fields definition';

-- --------------------------------------------------------

--
-- Структура таблицы `bnduv_virtuemart_manufacturercategories`
--

CREATE TABLE IF NOT EXISTS `bnduv_virtuemart_manufacturercategories` (
  `virtuemart_manufacturercategories_id` int(11) unsigned NOT NULL,
  `published` tinyint(1) NOT NULL DEFAULT '1',
  `created_on` datetime NOT NULL DEFAULT '0000-00-00 00:00:00',
  `created_by` int(11) NOT NULL DEFAULT '0',
  `modified_on` datetime NOT NULL DEFAULT '0000-00-00 00:00:00',
  `modified_by` int(11) NOT NULL DEFAULT '0',
  `locked_on` datetime NOT NULL DEFAULT '0000-00-00 00:00:00',
  `locked_by` int(11) NOT NULL DEFAULT '0'
) ENGINE=MyISAM DEFAULT CHARSET=utf8 COMMENT='Manufacturers are assigned to these categories';

-- --------------------------------------------------------

--
-- Структура таблицы `bnduv_virtuemart_manufacturercategories_en_gb`
--

CREATE TABLE IF NOT EXISTS `bnduv_virtuemart_manufacturercategories_en_gb` (
  `virtuemart_manufacturercategories_id` int(1) unsigned NOT NULL,
  `mf_category_name` char(180) NOT NULL DEFAULT '',
  `mf_category_desc` varchar(19000) NOT NULL DEFAULT '',
  `slug` char(192) NOT NULL DEFAULT ''
) ENGINE=MyISAM DEFAULT CHARSET=utf8;

-- --------------------------------------------------------

--
-- Структура таблицы `bnduv_virtuemart_manufacturercategories_ru_ru`
--

CREATE TABLE IF NOT EXISTS `bnduv_virtuemart_manufacturercategories_ru_ru` (
  `virtuemart_manufacturercategories_id` int(1) unsigned NOT NULL,
  `mf_category_name` char(180) NOT NULL DEFAULT '',
  `mf_category_desc` varchar(19000) NOT NULL DEFAULT '',
  `slug` char(192) NOT NULL DEFAULT ''
) ENGINE=MyISAM DEFAULT CHARSET=utf8;

-- --------------------------------------------------------

--
-- Структура таблицы `bnduv_virtuemart_manufacturers`
--

CREATE TABLE IF NOT EXISTS `bnduv_virtuemart_manufacturers` (
  `virtuemart_manufacturer_id` smallint(1) unsigned NOT NULL,
  `virtuemart_manufacturercategories_id` int(11) DEFAULT NULL,
  `hits` int(11) unsigned NOT NULL DEFAULT '0',
  `published` tinyint(1) NOT NULL DEFAULT '1',
  `created_on` datetime NOT NULL DEFAULT '0000-00-00 00:00:00',
  `created_by` int(11) NOT NULL DEFAULT '0',
  `modified_on` datetime NOT NULL DEFAULT '0000-00-00 00:00:00',
  `modified_by` int(11) NOT NULL DEFAULT '0',
  `locked_on` datetime NOT NULL DEFAULT '0000-00-00 00:00:00',
  `locked_by` int(11) NOT NULL DEFAULT '0'
) ENGINE=MyISAM AUTO_INCREMENT=2 DEFAULT CHARSET=utf8 COMMENT='Manufacturers are those who deliver products';

--
-- Дамп данных таблицы `bnduv_virtuemart_manufacturers`
--

INSERT INTO `bnduv_virtuemart_manufacturers` (`virtuemart_manufacturer_id`, `virtuemart_manufacturercategories_id`, `hits`, `published`, `created_on`, `created_by`, `modified_on`, `modified_by`, `locked_on`, `locked_by`) VALUES
(1, 0, 0, 1, '2019-02-06 13:08:22', 351, '2019-02-06 13:08:22', 351, '0000-00-00 00:00:00', 0);

-- --------------------------------------------------------

--
-- Структура таблицы `bnduv_virtuemart_manufacturers_en_gb`
--

CREATE TABLE IF NOT EXISTS `bnduv_virtuemart_manufacturers_en_gb` (
  `virtuemart_manufacturer_id` int(1) unsigned NOT NULL,
  `mf_name` char(180) NOT NULL DEFAULT '',
  `mf_email` char(255) NOT NULL DEFAULT '',
  `mf_desc` varchar(19000) NOT NULL DEFAULT '',
  `mf_url` char(255) NOT NULL DEFAULT '',
  `slug` char(192) NOT NULL DEFAULT ''
) ENGINE=MyISAM DEFAULT CHARSET=utf8;

-- --------------------------------------------------------

--
-- Структура таблицы `bnduv_virtuemart_manufacturers_ru_ru`
--

CREATE TABLE IF NOT EXISTS `bnduv_virtuemart_manufacturers_ru_ru` (
  `virtuemart_manufacturer_id` int(1) unsigned NOT NULL,
  `mf_name` char(180) NOT NULL DEFAULT '',
  `mf_email` char(255) NOT NULL DEFAULT '',
  `mf_desc` varchar(19000) NOT NULL DEFAULT '',
  `mf_url` char(255) NOT NULL DEFAULT '',
  `slug` char(192) NOT NULL DEFAULT ''
) ENGINE=MyISAM DEFAULT CHARSET=utf8;

--
-- Дамп данных таблицы `bnduv_virtuemart_manufacturers_ru_ru`
--

INSERT INTO `bnduv_virtuemart_manufacturers_ru_ru` (`virtuemart_manufacturer_id`, `mf_name`, `mf_email`, `mf_desc`, `mf_url`, `slug`) VALUES
(1, 'Xerox', '', '', '', 'xerox');

-- --------------------------------------------------------

--
-- Структура таблицы `bnduv_virtuemart_manufacturer_medias`
--

CREATE TABLE IF NOT EXISTS `bnduv_virtuemart_manufacturer_medias` (
  `id` int(11) unsigned NOT NULL,
  `virtuemart_manufacturer_id` smallint(1) unsigned NOT NULL DEFAULT '0',
  `virtuemart_media_id` int(1) unsigned NOT NULL DEFAULT '0',
  `ordering` int(2) NOT NULL DEFAULT '0'
) ENGINE=MyISAM DEFAULT CHARSET=utf8;

-- --------------------------------------------------------

--
-- Структура таблицы `bnduv_virtuemart_medias`
--

CREATE TABLE IF NOT EXISTS `bnduv_virtuemart_medias` (
  `virtuemart_media_id` int(11) unsigned NOT NULL,
  `virtuemart_vendor_id` smallint(1) NOT NULL DEFAULT '1',
  `file_title` char(126) NOT NULL DEFAULT '',
  `file_description` char(254) NOT NULL DEFAULT '',
  `file_meta` char(254) NOT NULL DEFAULT '',
  `file_mimetype` char(64) NOT NULL DEFAULT '',
  `file_type` char(32) NOT NULL DEFAULT '',
  `file_url` varchar(900) NOT NULL DEFAULT '',
  `file_url_thumb` varchar(900) NOT NULL DEFAULT '',
  `file_is_product_image` tinyint(1) NOT NULL DEFAULT '0',
  `file_is_downloadable` tinyint(1) NOT NULL DEFAULT '0',
  `file_is_forSale` tinyint(1) NOT NULL DEFAULT '0',
  `file_params` varchar(17500) DEFAULT NULL,
  `file_lang` varchar(500) NOT NULL,
  `shared` tinyint(1) NOT NULL DEFAULT '0',
  `published` tinyint(1) NOT NULL DEFAULT '1',
  `created_on` datetime NOT NULL DEFAULT '0000-00-00 00:00:00',
  `created_by` int(11) NOT NULL DEFAULT '0',
  `modified_on` datetime NOT NULL DEFAULT '0000-00-00 00:00:00',
  `modified_by` int(11) NOT NULL DEFAULT '0',
  `locked_on` datetime NOT NULL DEFAULT '0000-00-00 00:00:00',
  `locked_by` int(11) NOT NULL DEFAULT '0'
) ENGINE=MyISAM AUTO_INCREMENT=146 DEFAULT CHARSET=utf8 COMMENT='Additional Images and Files which are assigned to products';

--
-- Дамп данных таблицы `bnduv_virtuemart_medias`
--

INSERT INTO `bnduv_virtuemart_medias` (`virtuemart_media_id`, `virtuemart_vendor_id`, `file_title`, `file_description`, `file_meta`, `file_mimetype`, `file_type`, `file_url`, `file_url_thumb`, `file_is_product_image`, `file_is_downloadable`, `file_is_forSale`, `file_params`, `file_lang`, `shared`, `published`, `created_on`, `created_by`, `modified_on`, `modified_by`, `locked_on`, `locked_by`) VALUES
(1, 1, 'product18.jpg', '', '', 'image/jpeg', 'product', 'images/stories/virtuemart/product/product18.jpg', '', 0, 0, 0, '', '', 0, 1, '2014-05-20 07:50:10', 351, '2014-05-20 07:55:03', 351, '0000-00-00 00:00:00', 0),
(2, 1, 'product18.jpg', '', '', 'image/jpeg', 'category', 'images/stories/virtuemart/category/product18.jpg', '', 0, 0, 0, '', '', 0, 1, '2014-05-20 07:51:40', 351, '2014-05-20 07:51:40', 351, '0000-00-00 00:00:00', 0),
(3, 1, 'product7.jpg', '', '', 'image/jpeg', 'product', 'images/stories/virtuemart/product/product7.jpg', '', 0, 0, 0, '', '', 0, 1, '2014-05-20 07:54:45', 351, '2014-05-21 10:27:50', 351, '0000-00-00 00:00:00', 0),
(4, 1, 'product21.jpg', '', '', 'image/jpeg', 'product', 'images/stories/virtuemart/product/product21.jpg', '', 0, 0, 0, '', '', 0, 1, '2014-05-20 07:57:36', 351, '2014-05-20 07:58:37', 351, '0000-00-00 00:00:00', 0),
(5, 1, 'product21.jpg', '', '', 'image/jpeg', 'category', 'images/stories/virtuemart/category/product21.jpg', '', 0, 0, 0, '', '', 0, 1, '2014-05-20 07:58:00', 351, '2014-05-20 07:58:00', 351, '0000-00-00 00:00:00', 0),
(6, 1, 'australia.jpg', '', '', 'image/jpeg', 'product', 'images/stories/virtuemart/product/australia.jpg', '', 0, 0, 0, '', '', 0, 1, '2014-06-26 09:13:59', 351, '2014-06-26 09:18:28', 351, '0000-00-00 00:00:00', 0),
(7, 1, 'berlin.jpg', '', '', 'image/jpeg', 'product', 'images/stories/virtuemart/product/berlin.jpg', '', 0, 0, 0, '', '', 0, 1, '2014-06-26 09:15:42', 351, '2014-06-26 09:18:37', 351, '0000-00-00 00:00:00', 0),
(8, 1, 'bloody-mary.jpg', '', '', 'image/jpeg', 'product', 'images/stories/virtuemart/product/bloody-mary.jpg', '', 0, 0, 0, '', '', 0, 1, '2014-06-26 09:17:15', 351, '2014-06-26 09:17:15', 351, '0000-00-00 00:00:00', 0),
(9, 1, 'img_1078_800.jpg', '', '', 'image/jpeg', 'product', 'images/stories/virtuemart/product/img_1078_800.jpg', '', 0, 0, 0, '', '', 0, 1, '2014-06-26 09:18:17', 351, '2014-06-26 09:18:17', 351, '0000-00-00 00:00:00', 0),
(10, 1, 'chukka-bardenas.jpg', '', '', 'image/jpeg', 'product', 'images/stories/virtuemart/product/chukka-bardenas.jpg', '', 0, 0, 0, '', '', 0, 1, '2014-06-26 09:20:25', 351, '2014-06-26 09:20:25', 351, '0000-00-00 00:00:00', 0),
(11, 1, 'phpthumb_generated_thumbnailjpg.jpg', '', '', 'image/jpeg', 'product', 'images/stories/virtuemart/product/phpthumb_generated_thumbnailjpg.jpg', '', 0, 0, 0, '', '', 0, 1, '2019-02-07 11:03:50', 351, '2019-02-27 09:02:42', 351, '0000-00-00 00:00:00', 0),
(12, 1, '1.png', '', '', 'image/png', 'product', 'images/stories/virtuemart/product/1.png', '', 0, 0, 0, '', '', 0, 1, '2019-02-25 11:24:07', 351, '2019-03-06 10:06:52', 354, '0000-00-00 00:00:00', 0),
(13, 1, '0520148_1.jpg', '', '', 'image/jpeg', 'product', 'images/stories/virtuemart/product/0520148_1.jpg', '', 0, 0, 0, '', '', 0, 1, '2019-02-28 13:30:17', 351, '2019-02-28 15:13:15', 351, '0000-00-00 00:00:00', 0),
(14, 1, 'printers.jpg', '', '', 'image/jpeg', 'category', 'images/stories/virtuemart/category/printers.jpg', '', 0, 0, 0, '', '', 0, 1, '2019-03-05 11:54:33', 354, '2019-03-05 11:54:48', 354, '0000-00-00 00:00:00', 0),
(15, 1, 'second.jpg', '', '', 'image/jpeg', 'category', 'images/stories/virtuemart/category/second.jpg', '', 0, 0, 0, '', '', 0, 1, '2019-03-05 11:55:32', 354, '2019-03-05 11:55:32', 354, '0000-00-00 00:00:00', 0),
(16, 1, 'supplies.jpg', '', '', 'image/jpeg', 'category', 'images/stories/virtuemart/category/supplies.jpg', '', 0, 0, 0, '', '', 0, 1, '2019-03-05 11:58:46', 354, '2019-03-05 11:58:46', 354, '0000-00-00 00:00:00', 0),
(17, 1, '0520148_1.jpg_product', '', '', 'image/jpeg', 'product', 'images/stories/virtuemart/product/006r01683.jpg', '', 0, 0, 0, '', '', 0, 1, '2019-03-05 14:46:54', 354, '2019-03-05 14:55:42', 354, '0000-00-00 00:00:00', 0),
(18, 1, 'cap.jpg', 'cap.jpg', 'cap.jpg', 'image/jpeg', 'product', 'images/stories/virtuemart/product/cap.jpg', '', 0, 0, 0, '', '', 0, 1, '2019-03-06 14:14:09', 351, '2019-03-06 14:14:09', 351, '0000-00-00 00:00:00', 0),
(19, 1, 'vm_demo95.jpg', 'vm_demo95.jpg', 'vm_demo95.jpg', 'image/jpeg', 'product', 'images/stories/virtuemart/product/vm_demo95.jpg', '', 0, 0, 0, '', '', 0, 1, '2019-03-06 14:14:09', 351, '2019-03-06 14:14:09', 351, '0000-00-00 00:00:00', 0),
(20, 1, 'vm_demo57.jpg', 'vm_demo57.jpg', 'vm_demo57.jpg', 'image/jpeg', 'product', 'images/stories/virtuemart/product/vm_demo57.jpg', '', 0, 0, 0, '', '', 0, 1, '2019-03-06 14:14:09', 351, '2019-03-06 14:14:09', 351, '0000-00-00 00:00:00', 0),
(21, 1, '480655b410d98a5cc3bef3', '480655b410d98a5cc3bef3', '480655b410d98a5cc3bef3', '', 'product', 'images/stories/virtuemart/product/480655b410d98a5cc3bef3', '', 0, 0, 0, '', '', 0, 1, '2019-03-06 14:14:09', 351, '2019-03-06 14:14:09', 351, '0000-00-00 00:00:00', 0),
(22, 1, 'vm_demo62.jpg', 'vm_demo62.jpg', 'vm_demo62.jpg', 'image/jpeg', 'product', 'images/stories/virtuemart/product/vm_demo62.jpg', '', 0, 0, 0, '', '', 0, 1, '2019-03-06 14:14:09', 351, '2019-03-06 14:14:09', 351, '0000-00-00 00:00:00', 0),
(23, 1, 'vm_demo64.jpg', 'vm_demo64.jpg', 'vm_demo64.jpg', 'image/jpeg', 'product', 'images/stories/virtuemart/product/vm_demo64.jpg', '', 0, 0, 0, '', '', 0, 1, '2019-03-06 14:14:09', 351, '2019-03-06 14:14:09', 351, '0000-00-00 00:00:00', 0),
(24, 1, 'vm_demo79.jpg', 'vm_demo79.jpg', 'vm_demo79.jpg', 'image/jpeg', 'product', 'images/stories/virtuemart/product/vm_demo79.jpg', '', 0, 0, 0, '', '', 0, 1, '2019-03-06 14:14:09', 351, '2019-03-06 14:14:09', 351, '0000-00-00 00:00:00', 0),
(25, 1, 'baseballcap.jpg', 'baseballcap.jpg', 'baseballcap.jpg', 'image/jpeg', 'product', 'images/stories/virtuemart/product/baseballcap.jpg', '', 0, 0, 0, '', '', 0, 1, '2019-03-06 14:14:09', 351, '2019-03-06 14:14:09', 351, '0000-00-00 00:00:00', 0),
(26, 1, '8cb8d644ef299639b7eab2', '8cb8d644ef299639b7eab2', '8cb8d644ef299639b7eab2', '', 'product', 'images/stories/virtuemart/product/8cb8d644ef299639b7eab2', '', 0, 0, 0, '', '', 0, 1, '2019-03-06 14:14:09', 351, '2019-03-06 14:14:09', 351, '0000-00-00 00:00:00', 0),
(27, 1, 'vm_demo21.jpg', 'vm_demo21.jpg', 'vm_demo21.jpg', 'image/jpeg', 'product', 'images/stories/virtuemart/product/vm_demo21.jpg', '', 0, 0, 0, '', '', 0, 1, '2019-03-06 14:14:09', 351, '2019-03-06 14:14:09', 351, '0000-00-00 00:00:00', 0),
(28, 1, 'vm_demo75.jpg', 'vm_demo75.jpg', 'vm_demo75.jpg', 'image/jpeg', 'product', 'images/stories/virtuemart/product/vm_demo75.jpg', '', 0, 0, 0, '', '', 0, 1, '2019-03-06 14:14:09', 351, '2019-03-06 14:14:09', 351, '0000-00-00 00:00:00', 0),
(29, 1, 'cowboy_hat.jpg', 'cowboy_hat.jpg', 'cowboy_hat.jpg', 'image/jpeg', 'product', 'images/stories/virtuemart/product/cowboy_hat.jpg', '', 0, 0, 0, '', '', 0, 1, '2019-03-06 14:14:09', 351, '2019-03-06 14:14:09', 351, '0000-00-00 00:00:00', 0),
(30, 1, 'circular_saw.jpg', 'circular_saw.jpg', 'circular_saw.jpg', 'image/jpeg', 'product', 'images/stories/virtuemart/product/circular_saw.jpg', '', 0, 0, 0, '', '', 0, 1, '2019-03-06 14:14:09', 351, '2019-03-06 14:14:09', 351, '0000-00-00 00:00:00', 0),
(31, 1, 'hammer.jpg', 'hammer.jpg', 'hammer.jpg', 'image/jpeg', 'product', 'images/stories/virtuemart/product/hammer.jpg', '', 0, 0, 0, '', '', 0, 1, '2019-03-06 14:14:09', 351, '2019-03-06 14:14:09', 351, '0000-00-00 00:00:00', 0),
(32, 1, 'santa_cap.jpg', 'santa_cap.jpg', 'santa_cap.jpg', 'image/jpeg', 'product', 'images/stories/virtuemart/product/santa_cap.jpg', '', 0, 0, 0, '', '', 0, 1, '2019-03-06 14:14:09', 351, '2019-03-06 14:14:09', 351, '0000-00-00 00:00:00', 0),
(33, 1, 'vm_demo184.jpg', 'vm_demo184.jpg', 'vm_demo184.jpg', 'image/jpeg', 'product', 'images/stories/virtuemart/product/vm_demo184.jpg', '', 0, 0, 0, '', '', 0, 1, '2019-03-06 14:14:09', 351, '2019-03-06 14:14:09', 351, '0000-00-00 00:00:00', 0),
(34, 1, 'hand_shovel.jpg', 'hand_shovel.jpg', 'hand_shovel.jpg', 'image/jpeg', 'product', 'images/stories/virtuemart/product/hand_shovel.jpg', '', 0, 0, 0, '', '', 0, 1, '2019-03-06 14:14:09', 351, '2019-03-06 14:14:09', 351, '0000-00-00 00:00:00', 0),
(35, 1, 'vm_demo6.jpg', 'vm_demo6.jpg', 'vm_demo6.jpg', 'image/jpeg', 'product', 'images/stories/virtuemart/product/vm_demo6.jpg', '', 0, 0, 0, '', '', 0, 1, '2019-03-06 14:14:09', 351, '2019-03-06 14:14:09', 351, '0000-00-00 00:00:00', 0),
(36, 1, 'avatar_gavickpro.png', 'avatar_gavickpro.png', 'avatar_gavickpro.png', 'image/png', 'product', 'images/stories/virtuemart/product/avatar_gavickpro.png', '', 0, 0, 0, '', '', 0, 1, '2019-03-06 14:14:09', 351, '2019-03-06 14:14:09', 351, '0000-00-00 00:00:00', 0),
(37, 1, 'vm_demo93.jpg', 'vm_demo93.jpg', 'vm_demo93.jpg', 'image/jpeg', 'product', 'images/stories/virtuemart/product/vm_demo93.jpg', '', 0, 0, 0, '', '', 0, 1, '2019-03-06 14:14:09', 351, '2019-03-06 14:14:09', 351, '0000-00-00 00:00:00', 0),
(38, 1, 'vm_demo.jpg', 'vm_demo.jpg', 'vm_demo.jpg', 'image/jpeg', 'product', 'images/stories/virtuemart/product/vm_demo.jpg', '', 0, 0, 0, '', '', 0, 1, '2019-03-06 14:14:09', 351, '2019-03-06 14:14:09', 351, '0000-00-00 00:00:00', 0),
(39, 1, 'dress.jpg', 'dress.jpg', 'dress.jpg', 'image/jpeg', 'product', 'images/stories/virtuemart/product/dress.jpg', '', 0, 0, 0, '', '', 0, 1, '2019-03-06 14:14:09', 351, '2019-03-06 14:14:09', 351, '0000-00-00 00:00:00', 0),
(40, 1, 'vm_demo98.jpg', 'vm_demo98.jpg', 'vm_demo98.jpg', 'image/jpeg', 'product', 'images/stories/virtuemart/product/vm_demo98.jpg', '', 0, 0, 0, '', '', 0, 1, '2019-03-06 14:14:09', 351, '2019-03-06 14:14:09', 351, '0000-00-00 00:00:00', 0),
(41, 1, 'jumper.jpg', 'jumper.jpg', 'jumper.jpg', 'image/jpeg', 'product', 'images/stories/virtuemart/product/jumper.jpg', '', 0, 0, 0, '', '', 0, 1, '2019-03-06 14:14:09', 351, '2019-03-06 14:14:09', 351, '0000-00-00 00:00:00', 0),
(42, 1, 'vm_demo74.jpg', 'vm_demo74.jpg', 'vm_demo74.jpg', 'image/jpeg', 'product', 'images/stories/virtuemart/product/vm_demo74.jpg', '', 0, 0, 0, '', '', 0, 1, '2019-03-06 14:14:09', 351, '2019-03-06 14:14:09', 351, '0000-00-00 00:00:00', 0),
(43, 1, 'wide_dress_2.jpg', 'wide_dress_2.jpg', 'wide_dress_2.jpg', 'image/jpeg', 'product', 'images/stories/virtuemart/product/wide_dress_2.jpg', '', 0, 0, 0, '', '', 0, 1, '2019-03-06 14:14:09', 351, '2019-03-06 14:14:09', 351, '0000-00-00 00:00:00', 0),
(44, 1, 'ladder.jpg', 'ladder.jpg', 'ladder.jpg', 'image/jpeg', 'product', 'images/stories/virtuemart/product/ladder.jpg', '', 0, 0, 0, '', '', 0, 1, '2019-03-06 14:14:09', 351, '2019-03-06 14:14:09', 351, '0000-00-00 00:00:00', 0),
(45, 1, 'vm_demo7.jpg', 'vm_demo7.jpg', 'vm_demo7.jpg', 'image/jpeg', 'product', 'images/stories/virtuemart/product/vm_demo7.jpg', '', 0, 0, 0, '', '', 0, 1, '2019-03-06 14:14:09', 351, '2019-03-06 14:14:09', 351, '0000-00-00 00:00:00', 0),
(46, 1, 'vm_demo54.jpg', 'vm_demo54.jpg', 'vm_demo54.jpg', 'image/jpeg', 'product', 'images/stories/virtuemart/product/vm_demo54.jpg', '', 0, 0, 0, '', '', 0, 1, '2019-03-06 14:14:09', 351, '2019-03-06 14:14:09', 351, '0000-00-00 00:00:00', 0),
(47, 1, '520efefd6d7977f91b16fa', '520efefd6d7977f91b16fa', '520efefd6d7977f91b16fa', '', 'product', 'images/stories/virtuemart/product/520efefd6d7977f91b16fa', '', 0, 0, 0, '', '', 0, 1, '2019-03-06 14:14:09', 351, '2019-03-06 14:14:09', 351, '0000-00-00 00:00:00', 0),
(48, 1, 'vm_demo797.jpg', 'vm_demo797.jpg', 'vm_demo797.jpg', 'image/jpeg', 'product', 'images/stories/virtuemart/product/vm_demo797.jpg', '', 0, 0, 0, '', '', 0, 1, '2019-03-06 14:14:09', 351, '2019-03-06 14:14:09', 351, '0000-00-00 00:00:00', 0),
(49, 1, '8716aefc3b0dce88703606', '8716aefc3b0dce88703606', '8716aefc3b0dce88703606', '', 'product', 'images/stories/virtuemart/product/8716aefc3b0dce88703606', '', 0, 0, 0, '', '', 0, 1, '2019-03-06 14:14:09', 351, '2019-03-06 14:14:09', 351, '0000-00-00 00:00:00', 0),
(50, 1, 'vm_demo5.jpg', 'vm_demo5.jpg', 'vm_demo5.jpg', 'image/jpeg', 'product', 'images/stories/virtuemart/product/vm_demo5.jpg', '', 0, 0, 0, '', '', 0, 1, '2019-03-06 14:14:09', 351, '2019-03-06 14:14:09', 351, '0000-00-00 00:00:00', 0),
(51, 1, 'vm_demo83.jpg', 'vm_demo83.jpg', 'vm_demo83.jpg', 'image/jpeg', 'product', 'images/stories/virtuemart/product/vm_demo83.jpg', '', 0, 0, 0, '', '', 0, 1, '2019-03-06 14:14:09', 351, '2019-03-06 14:14:09', 351, '0000-00-00 00:00:00', 0),
(52, 1, 'classic_hat.jpg', 'classic_hat.jpg', 'classic_hat.jpg', 'image/jpeg', 'product', 'images/stories/virtuemart/product/classic_hat.jpg', '', 0, 0, 0, '', '', 0, 1, '2019-03-06 14:14:09', 351, '2019-03-06 14:14:09', 351, '0000-00-00 00:00:00', 0),
(53, 1, 'vm_demo1.jpg', 'vm_demo1.jpg', 'vm_demo1.jpg', 'image/jpeg', 'product', 'images/stories/virtuemart/product/vm_demo1.jpg', '', 0, 0, 0, '', '', 0, 1, '2019-03-06 14:14:09', 351, '2019-03-06 14:14:09', 351, '0000-00-00 00:00:00', 0),
(54, 1, 'vm_demo578.jpg', 'vm_demo578.jpg', 'vm_demo578.jpg', 'image/jpeg', 'product', 'images/stories/virtuemart/product/vm_demo578.jpg', '', 0, 0, 0, '', '', 0, 1, '2019-03-06 14:14:09', 351, '2019-03-06 14:14:09', 351, '0000-00-00 00:00:00', 0),
(55, 1, 'vm_demo91.jpg', 'vm_demo91.jpg', 'vm_demo91.jpg', 'image/jpeg', 'product', 'images/stories/virtuemart/product/vm_demo91.jpg', '', 0, 0, 0, '', '', 0, 1, '2019-03-06 14:14:09', 351, '2019-03-06 14:14:09', 351, '0000-00-00 00:00:00', 0),
(56, 1, 'vm_demo51.jpg', 'vm_demo51.jpg', 'vm_demo51.jpg', 'image/jpeg', 'product', 'images/stories/virtuemart/product/vm_demo51.jpg', '', 0, 0, 0, '', '', 0, 1, '2019-03-06 14:14:09', 351, '2019-03-06 14:14:09', 351, '0000-00-00 00:00:00', 0),
(57, 1, 'vm_demo86.jpg', 'vm_demo86.jpg', 'vm_demo86.jpg', 'image/jpeg', 'product', 'images/stories/virtuemart/product/vm_demo86.jpg', '', 0, 0, 0, '', '', 0, 1, '2019-03-06 14:14:09', 351, '2019-03-06 14:14:09', 351, '0000-00-00 00:00:00', 0),
(58, 1, 'cca3cd5db813ee6badf6a3', 'cca3cd5db813ee6badf6a3', 'cca3cd5db813ee6badf6a3', '', 'product', 'images/stories/virtuemart/product/cca3cd5db813ee6badf6a3', '', 0, 0, 0, '', '', 0, 1, '2019-03-06 14:14:09', 351, '2019-03-06 14:14:09', 351, '0000-00-00 00:00:00', 0),
(59, 1, 'vm_demo97.jpg', 'vm_demo97.jpg', 'vm_demo97.jpg', 'image/jpeg', 'product', 'images/stories/virtuemart/product/vm_demo97.jpg', '', 0, 0, 0, '', '', 0, 1, '2019-03-06 14:14:09', 351, '2019-03-06 14:14:09', 351, '0000-00-00 00:00:00', 0),
(60, 1, 'power_drill.jpg', 'power_drill.jpg', 'power_drill.jpg', 'image/jpeg', 'product', 'images/stories/virtuemart/product/power_drill.jpg', '', 0, 0, 0, '', '', 0, 1, '2019-03-06 14:14:09', 351, '2019-03-06 14:14:09', 351, '0000-00-00 00:00:00', 0),
(61, 1, 'vm_demo18.jpg', 'vm_demo18.jpg', 'vm_demo18.jpg', 'image/jpeg', 'product', 'images/stories/virtuemart/product/vm_demo18.jpg', '', 0, 0, 0, '', '', 0, 1, '2019-03-06 14:14:09', 351, '2019-03-06 14:14:09', 351, '0000-00-00 00:00:00', 0),
(62, 1, 'vm_demo24.jpg', 'vm_demo24.jpg', 'vm_demo24.jpg', 'image/jpeg', 'product', 'images/stories/virtuemart/product/vm_demo24.jpg', '', 0, 0, 0, '', '', 0, 1, '2019-03-06 14:14:09', 351, '2019-03-06 14:14:09', 351, '0000-00-00 00:00:00', 0),
(63, 1, 'vm_demo59.jpg', 'vm_demo59.jpg', 'vm_demo59.jpg', 'image/jpeg', 'product', 'images/stories/virtuemart/product/vm_demo59.jpg', '', 0, 0, 0, '', '', 0, 1, '2019-03-06 14:14:09', 351, '2019-03-06 14:14:09', 351, '0000-00-00 00:00:00', 0),
(64, 1, 'vm_demo47.jpg', 'vm_demo47.jpg', 'vm_demo47.jpg', 'image/jpeg', 'product', 'images/stories/virtuemart/product/vm_demo47.jpg', '', 0, 0, 0, '', '', 0, 1, '2019-03-06 14:14:09', 351, '2019-03-06 14:14:09', 351, '0000-00-00 00:00:00', 0),
(65, 1, 'vm_demo767.jpg', 'vm_demo767.jpg', 'vm_demo767.jpg', 'image/jpeg', 'product', 'images/stories/virtuemart/product/vm_demo767.jpg', '', 0, 0, 0, '', '', 0, 1, '2019-03-06 14:14:09', 351, '2019-03-06 14:14:09', 351, '0000-00-00 00:00:00', 0),
(66, 1, 'vm_demo423.jpg', 'vm_demo423.jpg', 'vm_demo423.jpg', 'image/jpeg', 'product', 'images/stories/virtuemart/product/vm_demo423.jpg', '', 0, 0, 0, '', '', 0, 1, '2019-03-06 14:14:09', 351, '2019-03-06 14:14:09', 351, '0000-00-00 00:00:00', 0),
(67, 1, 'vm_demo96.jpg', 'vm_demo96.jpg', 'vm_demo96.jpg', 'image/jpeg', 'product', 'images/stories/virtuemart/product/vm_demo96.jpg', '', 0, 0, 0, '', '', 0, 1, '2019-03-06 14:14:09', 351, '2019-03-06 14:14:09', 351, '0000-00-00 00:00:00', 0),
(68, 1, 'vm_demo76.jpg', 'vm_demo76.jpg', 'vm_demo76.jpg', 'image/jpeg', 'product', 'images/stories/virtuemart/product/vm_demo76.jpg', '', 0, 0, 0, '', '', 0, 1, '2019-03-06 14:14:09', 351, '2019-03-06 14:14:09', 351, '0000-00-00 00:00:00', 0),
(69, 1, 'vm_demo42.jpg', 'vm_demo42.jpg', 'vm_demo42.jpg', 'image/jpeg', 'product', 'images/stories/virtuemart/product/vm_demo42.jpg', '', 0, 0, 0, '', '', 0, 1, '2019-03-06 14:14:09', 351, '2019-03-06 14:14:09', 351, '0000-00-00 00:00:00', 0),
(70, 1, '9a4448bb13e2f7699613b2', '9a4448bb13e2f7699613b2', '9a4448bb13e2f7699613b2', '', 'product', 'images/stories/virtuemart/product/9a4448bb13e2f7699613b2', '', 0, 0, 0, '', '', 0, 1, '2019-03-06 14:14:09', 351, '2019-03-06 14:14:09', 351, '0000-00-00 00:00:00', 0),
(71, 1, '578563851019e01264a9b4', '578563851019e01264a9b4', '578563851019e01264a9b4', '', 'product', 'images/stories/virtuemart/product/578563851019e01264a9b4', '', 0, 0, 0, '', '', 0, 1, '2019-03-06 14:14:09', 351, '2019-03-06 14:14:09', 351, '0000-00-00 00:00:00', 0),
(72, 1, 'marinecap.jpg', 'marinecap.jpg', 'marinecap.jpg', 'image/jpeg', 'product', 'images/stories/virtuemart/product/marinecap.jpg', '', 0, 0, 0, '', '', 0, 1, '2019-03-06 14:14:09', 351, '2019-03-06 14:14:09', 351, '0000-00-00 00:00:00', 0),
(73, 1, 'vm_demo4.jpg', 'vm_demo4.jpg', 'vm_demo4.jpg', 'image/jpeg', 'product', 'images/stories/virtuemart/product/vm_demo4.jpg', '', 0, 0, 0, '', '', 0, 1, '2019-03-06 14:14:09', 351, '2019-03-06 14:14:09', 351, '0000-00-00 00:00:00', 0),
(74, 1, 'vm_demo174.jpg', 'vm_demo174.jpg', 'vm_demo174.jpg', 'image/jpeg', 'product', 'images/stories/virtuemart/product/vm_demo174.jpg', '', 0, 0, 0, '', '', 0, 1, '2019-03-06 14:14:09', 351, '2019-03-06 14:14:09', 351, '0000-00-00 00:00:00', 0),
(75, 1, 'derbyhat.jpg', 'derbyhat.jpg', 'derbyhat.jpg', 'image/jpeg', 'product', 'images/stories/virtuemart/product/derbyhat.jpg', '', 0, 0, 0, '', '', 0, 1, '2019-03-06 14:14:09', 351, '2019-03-06 14:14:09', 351, '0000-00-00 00:00:00', 0),
(76, 1, 'screen-shot-2014-04-10-at-10.21.42.png', 'screen-shot-2014-04-10-at-10.21.42.png', 'screen-shot-2014-04-10-at-10.21.42.png', 'image/png', 'product', 'images/stories/virtuemart/product/screen-shot-2014-04-10-at-10.21.42.png', '', 0, 0, 0, '', '', 0, 1, '2019-03-06 14:14:09', 351, '2019-03-06 14:14:09', 351, '0000-00-00 00:00:00', 0),
(77, 1, 'vm_demo495.jpg', 'vm_demo495.jpg', 'vm_demo495.jpg', 'image/jpeg', 'product', 'images/stories/virtuemart/product/vm_demo495.jpg', '', 0, 0, 0, '', '', 0, 1, '2019-03-06 14:14:09', 351, '2019-03-06 14:14:09', 351, '0000-00-00 00:00:00', 0),
(78, 1, 'vm_demo31.jpg', 'vm_demo31.jpg', 'vm_demo31.jpg', 'image/jpeg', 'product', 'images/stories/virtuemart/product/vm_demo31.jpg', '', 0, 0, 0, '', '', 0, 1, '2019-03-06 14:14:09', 351, '2019-03-06 14:14:09', 351, '0000-00-00 00:00:00', 0),
(79, 1, 'vm_demo45.jpg', 'vm_demo45.jpg', 'vm_demo45.jpg', 'image/jpeg', 'product', 'images/stories/virtuemart/product/vm_demo45.jpg', '', 0, 0, 0, '', '', 0, 1, '2019-03-06 14:14:09', 351, '2019-03-06 14:14:09', 351, '0000-00-00 00:00:00', 0),
(80, 1, 'vm_demo954.jpg', 'vm_demo954.jpg', 'vm_demo954.jpg', 'image/jpeg', 'product', 'images/stories/virtuemart/product/vm_demo954.jpg', '', 0, 0, 0, '', '', 0, 1, '2019-03-06 14:14:09', 351, '2019-03-06 14:14:09', 351, '0000-00-00 00:00:00', 0),
(81, 1, 'vm_demo99.jpg', 'vm_demo99.jpg', 'vm_demo99.jpg', 'image/jpeg', 'product', 'images/stories/virtuemart/product/vm_demo99.jpg', '', 0, 0, 0, '', '', 0, 1, '2019-03-06 14:14:09', 351, '2019-03-06 14:14:09', 351, '0000-00-00 00:00:00', 0),
(82, 1, 'vm_demo3.jpg', 'vm_demo3.jpg', 'vm_demo3.jpg', 'image/jpeg', 'product', 'images/stories/virtuemart/product/vm_demo3.jpg', '', 0, 0, 0, '', '', 0, 1, '2019-03-06 14:14:09', 351, '2019-03-06 14:14:09', 351, '0000-00-00 00:00:00', 0),
(83, 1, 'vm_demo455.jpg', 'vm_demo455.jpg', 'vm_demo455.jpg', 'image/jpeg', 'product', 'images/stories/virtuemart/product/vm_demo455.jpg', '', 0, 0, 0, '', '', 0, 1, '2019-03-06 14:14:09', 351, '2019-03-06 14:14:09', 351, '0000-00-00 00:00:00', 0),
(84, 1, 'vm_demo53.jpg', 'vm_demo53.jpg', 'vm_demo53.jpg', 'image/jpeg', 'product', 'images/stories/virtuemart/product/vm_demo53.jpg', '', 0, 0, 0, '', '', 0, 1, '2019-03-06 14:14:09', 351, '2019-03-06 14:14:09', 351, '0000-00-00 00:00:00', 0),
(85, 1, 'vm_demo44.jpg', 'vm_demo44.jpg', 'vm_demo44.jpg', 'image/jpeg', 'product', 'images/stories/virtuemart/product/vm_demo44.jpg', '', 0, 0, 0, '', '', 0, 1, '2019-03-06 14:14:09', 351, '2019-03-06 14:14:09', 351, '0000-00-00 00:00:00', 0),
(86, 1, 'vm_demo43.jpg', 'vm_demo43.jpg', 'vm_demo43.jpg', 'image/jpeg', 'product', 'images/stories/virtuemart/product/vm_demo43.jpg', '', 0, 0, 0, '', '', 0, 1, '2019-03-06 14:14:09', 351, '2019-03-06 14:14:09', 351, '0000-00-00 00:00:00', 0),
(87, 1, 'nebula-wallpaper.jpg', 'nebula-wallpaper.jpg', 'nebula-wallpaper.jpg', 'image/jpeg', 'product', 'images/stories/virtuemart/product/nebula-wallpaper.jpg', '', 0, 0, 0, '', '', 0, 1, '2019-03-06 14:14:09', 351, '2019-03-06 14:14:09', 351, '0000-00-00 00:00:00', 0),
(88, 1, 'vm_demo974.jpg', 'vm_demo974.jpg', 'vm_demo974.jpg', 'image/jpeg', 'product', 'images/stories/virtuemart/product/vm_demo974.jpg', '', 0, 0, 0, '', '', 0, 1, '2019-03-06 14:14:09', 351, '2019-03-06 14:14:09', 351, '0000-00-00 00:00:00', 0),
(89, 1, 'power_sander.jpg', 'power_sander.jpg', 'power_sander.jpg', 'image/jpeg', 'product', 'images/stories/virtuemart/product/power_sander.jpg', '', 0, 0, 0, '', '', 0, 1, '2019-03-06 14:14:09', 351, '2019-03-06 14:14:09', 351, '0000-00-00 00:00:00', 0),
(90, 1, 'e614ba08c3ee0c2adc62fd', 'e614ba08c3ee0c2adc62fd', 'e614ba08c3ee0c2adc62fd', '', 'product', 'images/stories/virtuemart/product/e614ba08c3ee0c2adc62fd', '', 0, 0, 0, '', '', 0, 1, '2019-03-06 14:14:09', 351, '2019-03-06 14:14:09', 351, '0000-00-00 00:00:00', 0),
(91, 1, 'vm_demo37.jpg', 'vm_demo37.jpg', 'vm_demo37.jpg', 'image/jpeg', 'product', 'images/stories/virtuemart/product/vm_demo37.jpg', '', 0, 0, 0, '', '', 0, 1, '2019-03-06 14:14:09', 351, '2019-03-06 14:14:09', 351, '0000-00-00 00:00:00', 0),
(92, 1, 'vm_demo49.jpg', 'vm_demo49.jpg', 'vm_demo49.jpg', 'image/jpeg', 'product', 'images/stories/virtuemart/product/vm_demo49.jpg', '', 0, 0, 0, '', '', 0, 1, '2019-03-06 14:14:09', 351, '2019-03-06 14:14:09', 351, '0000-00-00 00:00:00', 0),
(93, 1, 'vm_demo17.jpg', 'vm_demo17.jpg', 'vm_demo17.jpg', 'image/jpeg', 'product', 'images/stories/virtuemart/product/vm_demo17.jpg', '', 0, 0, 0, '', '', 0, 1, '2019-03-06 14:14:09', 351, '2019-03-06 14:14:09', 351, '0000-00-00 00:00:00', 0),
(94, 1, 'hand_saw.jpg', 'hand_saw.jpg', 'hand_saw.jpg', 'image/jpeg', 'product', 'images/stories/virtuemart/product/hand_saw.jpg', '', 0, 0, 0, '', '', 0, 1, '2019-03-06 14:14:09', 351, '2019-03-06 14:14:09', 351, '0000-00-00 00:00:00', 0),
(95, 1, 'poncho.jpg', 'poncho.jpg', 'poncho.jpg', 'image/jpeg', 'product', 'images/stories/virtuemart/product/poncho.jpg', '', 0, 0, 0, '', '', 0, 1, '2019-03-06 14:14:09', 351, '2019-03-06 14:14:09', 351, '0000-00-00 00:00:00', 0),
(96, 1, 'vm_demo56.jpg', 'vm_demo56.jpg', 'vm_demo56.jpg', 'image/jpeg', 'product', 'images/stories/virtuemart/product/vm_demo56.jpg', '', 0, 0, 0, '', '', 0, 1, '2019-03-06 14:14:09', 351, '2019-03-06 14:14:09', 351, '0000-00-00 00:00:00', 0),
(97, 1, 'vm_demo9.jpg', 'vm_demo9.jpg', 'vm_demo9.jpg', 'image/jpeg', 'product', 'images/stories/virtuemart/product/vm_demo9.jpg', '', 0, 0, 0, '', '', 0, 1, '2019-03-06 14:14:09', 351, '2019-03-06 14:14:09', 351, '0000-00-00 00:00:00', 0),
(98, 1, 'vm_demo171.jpg', 'vm_demo171.jpg', 'vm_demo171.jpg', 'image/jpeg', 'product', 'images/stories/virtuemart/product/vm_demo171.jpg', '', 0, 0, 0, '', '', 0, 1, '2019-03-06 14:14:09', 351, '2019-03-06 14:14:09', 351, '0000-00-00 00:00:00', 0),
(99, 1, 'shovel.jpg', 'shovel.jpg', 'shovel.jpg', 'image/jpeg', 'product', 'images/stories/virtuemart/product/shovel.jpg', '', 0, 0, 0, '', '', 0, 1, '2019-03-06 14:14:09', 351, '2019-03-06 14:14:09', 351, '0000-00-00 00:00:00', 0),
(100, 1, 'vm_demo2.jpg', 'vm_demo2.jpg', 'vm_demo2.jpg', 'image/jpeg', 'product', 'images/stories/virtuemart/product/vm_demo2.jpg', '', 0, 0, 0, '', '', 0, 1, '2019-03-06 14:14:09', 351, '2019-03-06 14:14:09', 351, '0000-00-00 00:00:00', 0),
(101, 1, 'vm_demo8.jpg', 'vm_demo8.jpg', 'vm_demo8.jpg', 'image/jpeg', 'product', 'images/stories/virtuemart/product/vm_demo8.jpg', '', 0, 0, 0, '', '', 0, 1, '2019-03-06 14:14:09', 351, '2019-03-06 14:14:09', 351, '0000-00-00 00:00:00', 0),
(102, 1, 'vm_demo28.jpg', 'vm_demo28.jpg', 'vm_demo28.jpg', 'image/jpeg', 'product', 'images/stories/virtuemart/product/vm_demo28.jpg', '', 0, 0, 0, '', '', 0, 1, '2019-03-06 14:14:09', 351, '2019-03-06 14:14:09', 351, '0000-00-00 00:00:00', 0),
(103, 1, 'chain_saw.jpg', 'chain_saw.jpg', 'chain_saw.jpg', 'image/jpeg', 'product', 'images/stories/virtuemart/product/chain_saw.jpg', '', 0, 0, 0, '', '', 0, 1, '2019-03-06 14:14:09', 351, '2019-03-06 14:14:09', 351, '0000-00-00 00:00:00', 0),
(104, 1, 'vm_demo792.jpg', 'vm_demo792.jpg', 'vm_demo792.jpg', 'image/jpeg', 'product', 'images/stories/virtuemart/product/vm_demo792.jpg', '', 0, 0, 0, '', '', 0, 1, '2019-03-06 14:14:09', 351, '2019-03-06 14:14:09', 351, '0000-00-00 00:00:00', 0),
(105, 1, '1ff5f2527907ca86103288', '1ff5f2527907ca86103288', '1ff5f2527907ca86103288', '', 'product', 'images/stories/virtuemart/product/1ff5f2527907ca86103288', '', 0, 0, 0, '', '', 0, 1, '2019-03-06 14:14:09', 351, '2019-03-06 14:14:09', 351, '0000-00-00 00:00:00', 0),
(106, 1, 'jacket_classic.jpg', 'jacket_classic.jpg', 'jacket_classic.jpg', 'image/jpeg', 'product', 'images/stories/virtuemart/product/jacket_classic.jpg', '', 0, 0, 0, '', '', 0, 1, '2019-03-06 14:14:09', 351, '2019-03-06 14:14:09', 351, '0000-00-00 00:00:00', 0),
(107, 1, 'vm_demo497.jpg', 'vm_demo497.jpg', 'vm_demo497.jpg', 'image/jpeg', 'product', 'images/stories/virtuemart/product/vm_demo497.jpg', '', 0, 0, 0, '', '', 0, 1, '2019-03-06 14:14:09', 351, '2019-03-06 14:14:09', 351, '0000-00-00 00:00:00', 0),
(108, 1, 'vm_demo11.jpg', 'vm_demo11.jpg', 'vm_demo11.jpg', 'image/jpeg', 'product', 'images/stories/virtuemart/product/vm_demo11.jpg', '', 0, 0, 0, '', '', 0, 1, '2019-03-06 14:14:09', 351, '2019-03-06 14:14:09', 351, '0000-00-00 00:00:00', 0),
(109, 1, 'vm_demo85.jpg', 'vm_demo85.jpg', 'vm_demo85.jpg', 'image/jpeg', 'product', 'images/stories/virtuemart/product/vm_demo85.jpg', '', 0, 0, 0, '', '', 0, 1, '2019-03-06 14:14:09', 351, '2019-03-06 14:14:09', 351, '0000-00-00 00:00:00', 0),
(110, 1, 'vm_demo19.jpg', 'vm_demo19.jpg', 'vm_demo19.jpg', 'image/jpeg', 'product', 'images/stories/virtuemart/product/vm_demo19.jpg', '', 0, 0, 0, '', '', 0, 1, '2019-03-06 14:14:09', 351, '2019-03-06 14:14:09', 351, '0000-00-00 00:00:00', 0),
(111, 1, 'cart_logo.jpg', 'cart_logo.jpg', 'cart_logo.jpg', 'image/jpeg', 'product', 'images/stories/virtuemart/product/cart_logo.jpg', '', 0, 0, 0, '', '', 0, 1, '2019-03-06 14:14:09', 351, '2019-03-06 14:14:09', 351, '0000-00-00 00:00:00', 0),
(112, 1, 'vm_demo195.jpg', 'vm_demo195.jpg', 'vm_demo195.jpg', 'image/jpeg', 'product', 'images/stories/virtuemart/product/vm_demo195.jpg', '', 0, 0, 0, '', '', 0, 1, '2019-03-06 14:14:09', 351, '2019-03-06 14:14:09', 351, '0000-00-00 00:00:00', 0),
(113, 1, 'vm_demo65.jpg', 'vm_demo65.jpg', 'vm_demo65.jpg', 'image/jpeg', 'product', 'images/stories/virtuemart/product/vm_demo65.jpg', '', 0, 0, 0, '', '', 0, 1, '2019-03-06 14:14:09', 351, '2019-03-06 14:14:09', 351, '0000-00-00 00:00:00', 0),
(114, 1, 'fc2f001413876a374484df36ed9cf775.jpg', 'fc2f001413876a374484df36ed9cf775.jpg', 'fc2f001413876a374484df36ed9cf775.jpg', 'image/jpeg', 'product', 'images/stories/virtuemart/product/images/stories/virtuemart/category/fc2f001413876a374484df36ed9cf775.jpg', '', 0, 0, 0, '', '', 0, 1, '2019-03-06 14:14:09', 351, '2019-03-06 14:14:09', 351, '0000-00-00 00:00:00', 0),
(115, 1, 'fc2f001413876a374484df36ed9cf775_150x150.jpg', 'fc2f001413876a374484df36ed9cf775_150x150.jpg', 'fc2f001413876a374484df36ed9cf775_150x150.jpg', 'image/jpeg', 'product', 'images/stories/virtuemart/product/images/stories/virtuemart/category/fc2f001413876a374484df36ed9cf775_150x150.jpg', '', 0, 0, 0, '', '', 0, 1, '2019-03-06 14:14:09', 351, '2019-03-06 14:14:09', 351, '0000-00-00 00:00:00', 0),
(116, 1, 'student_hat_16.jpg', 'student_hat_16.jpg', 'student_hat_16.jpg', 'image/jpeg', 'category', 'images/stories/virtuemart/category/student_hat_16.jpg', '', 0, 0, 0, '', '', 0, 1, '2019-03-06 14:14:09', 351, '2019-03-06 14:14:09', 351, '0000-00-00 00:00:00', 0),
(117, 1, 'fc2f001413876a374484d', 'fc2f001413876a374484d', 'fc2f001413876a374484d', '', 'category', 'images/stories/virtuemart/category/fc2f001413876a374484d', '', 0, 0, 0, '', '', 0, 1, '2019-03-06 14:14:09', 351, '2019-03-06 14:14:09', 351, '0000-00-00 00:00:00', 0),
(118, 1, 'fe2f63f4c46023e3b3340', 'fe2f63f4c46023e3b3340', 'fe2f63f4c46023e3b3340', '', 'category', 'images/stories/virtuemart/category/fe2f63f4c46023e3b3340', '', 0, 0, 0, '', '', 0, 1, '2019-03-06 14:14:09', 351, '2019-03-06 14:14:09', 351, '0000-00-00 00:00:00', 0),
(119, 1, 'power_outdoor_tool.jpg', 'power_outdoor_tool.jpg', 'power_outdoor_tool.jpg', 'image/jpeg', 'category', 'images/stories/virtuemart/category/power_outdoor_tool.jpg', '', 0, 0, 0, '', '', 0, 1, '2019-03-06 14:14:09', 351, '2019-03-06 14:14:09', 351, '0000-00-00 00:00:00', 0),
(120, 1, 'vm_demo.jpg', 'vm_demo.jpg', 'vm_demo.jpg', 'image/jpeg', 'category', 'images/stories/virtuemart/category/vm_demo.jpg', '', 0, 0, 0, '', '', 0, 1, '2019-03-06 14:14:09', 351, '2019-03-06 14:14:09', 351, '0000-00-00 00:00:00', 0),
(121, 1, 'power_indoor_tool.jpg', 'power_indoor_tool.jpg', 'power_indoor_tool.jpg', 'image/jpeg', 'category', 'images/stories/virtuemart/category/power_indoor_tool.jpg', '', 0, 0, 0, '', '', 0, 1, '2019-03-06 14:14:09', 351, '2019-03-06 14:14:09', 351, '0000-00-00 00:00:00', 0),
(122, 1, 'vm_demo74.jpg', 'vm_demo74.jpg', 'vm_demo74.jpg', 'image/jpeg', 'category', 'images/stories/virtuemart/category/vm_demo74.jpg', '', 0, 0, 0, '', '', 0, 1, '2019-03-06 14:14:09', 351, '2019-03-06 14:14:09', 351, '0000-00-00 00:00:00', 0),
(123, 1, 'cap6.jpg', 'cap6.jpg', 'cap6.jpg', 'image/jpeg', 'category', 'images/stories/virtuemart/category/cap6.jpg', '', 0, 0, 0, '', '', 0, 1, '2019-03-06 14:14:09', 351, '2019-03-06 14:14:09', 351, '0000-00-00 00:00:00', 0),
(124, 1, 'vm_demo7.jpg', 'vm_demo7.jpg', 'vm_demo7.jpg', 'image/jpeg', 'category', 'images/stories/virtuemart/category/vm_demo7.jpg', '', 0, 0, 0, '', '', 0, 1, '2019-03-06 14:14:09', 351, '2019-03-06 14:14:09', 351, '0000-00-00 00:00:00', 0),
(125, 1, 'black_dress_2.jpg', 'black_dress_2.jpg', 'black_dress_2.jpg', 'image/jpeg', 'category', 'images/stories/virtuemart/category/black_dress_2.jpg', '', 0, 0, 0, '', '', 0, 1, '2019-03-06 14:14:09', 351, '2019-03-06 14:14:09', 351, '0000-00-00 00:00:00', 0),
(126, 1, 'hat_category8.jpg', 'hat_category8.jpg', 'hat_category8.jpg', 'image/jpeg', 'category', 'images/stories/virtuemart/category/hat_category8.jpg', '', 0, 0, 0, '', '', 0, 1, '2019-03-06 14:14:09', 351, '2019-03-06 14:14:09', 351, '0000-00-00 00:00:00', 0),
(127, 1, 'vm_demo1.jpg', 'vm_demo1.jpg', 'vm_demo1.jpg', 'image/jpeg', 'category', 'images/stories/virtuemart/category/vm_demo1.jpg', '', 0, 0, 0, '', '', 0, 1, '2019-03-06 14:14:09', 351, '2019-03-06 14:14:09', 351, '0000-00-00 00:00:00', 0),
(128, 1, '756ff6d140e11079caf56', '756ff6d140e11079caf56', '756ff6d140e11079caf56', '', 'category', 'images/stories/virtuemart/category/756ff6d140e11079caf56', '', 0, 0, 0, '', '', 0, 1, '2019-03-06 14:14:09', 351, '2019-03-06 14:14:09', 351, '0000-00-00 00:00:00', 0),
(129, 1, '1b0c96d67abdbea648cd0', '1b0c96d67abdbea648cd0', '1b0c96d67abdbea648cd0', '', 'category', 'images/stories/virtuemart/category/1b0c96d67abdbea648cd0', '', 0, 0, 0, '', '', 0, 1, '2019-03-06 14:14:09', 351, '2019-03-06 14:14:09', 351, '0000-00-00 00:00:00', 0),
(130, 1, 'vm_demo4.jpg', 'vm_demo4.jpg', 'vm_demo4.jpg', 'image/jpeg', 'category', 'images/stories/virtuemart/category/vm_demo4.jpg', '', 0, 0, 0, '', '', 0, 1, '2019-03-06 14:14:09', 351, '2019-03-06 14:14:09', 351, '0000-00-00 00:00:00', 0),
(131, 1, 'hand_tools.jpg', 'hand_tools.jpg', 'hand_tools.jpg', 'image/jpeg', 'category', 'images/stories/virtuemart/category/hand_tools.jpg', '', 0, 0, 0, '', '', 0, 1, '2019-03-06 14:14:09', 351, '2019-03-06 14:14:09', 351, '0000-00-00 00:00:00', 0),
(132, 1, 'jacket_classic7.jpg', 'jacket_classic7.jpg', 'jacket_classic7.jpg', 'image/jpeg', 'category', 'images/stories/virtuemart/category/jacket_classic7.jpg', '', 0, 0, 0, '', '', 0, 1, '2019-03-06 14:14:09', 351, '2019-03-06 14:14:09', 351, '0000-00-00 00:00:00', 0),
(133, 1, 'garden_tools.jpg', 'garden_tools.jpg', 'garden_tools.jpg', 'image/jpeg', 'category', 'images/stories/virtuemart/category/garden_tools.jpg', '', 0, 0, 0, '', '', 0, 1, '2019-03-06 14:14:09', 351, '2019-03-06 14:14:09', 351, '0000-00-00 00:00:00', 0),
(134, 1, 'vm_demo3.jpg', 'vm_demo3.jpg', 'vm_demo3.jpg', 'image/jpeg', 'category', 'images/stories/virtuemart/category/vm_demo3.jpg', '', 0, 0, 0, '', '', 0, 1, '2019-03-06 14:14:09', 351, '2019-03-06 14:14:09', 351, '0000-00-00 00:00:00', 0),
(135, 1, 'power_tools.jpg', 'power_tools.jpg', 'power_tools.jpg', 'image/jpeg', 'category', 'images/stories/virtuemart/category/power_tools.jpg', '', 0, 0, 0, '', '', 0, 1, '2019-03-06 14:14:09', 351, '2019-03-06 14:14:09', 351, '0000-00-00 00:00:00', 0),
(136, 1, 'vm_demo43.jpg', 'vm_demo43.jpg', 'vm_demo43.jpg', 'image/jpeg', 'category', 'images/stories/virtuemart/category/vm_demo43.jpg', '', 0, 0, 0, '', '', 0, 1, '2019-03-06 14:14:09', 351, '2019-03-06 14:14:09', 351, '0000-00-00 00:00:00', 0),
(137, 1, 'vm_demo2.jpg', 'vm_demo2.jpg', 'vm_demo2.jpg', 'image/jpeg', 'category', 'images/stories/virtuemart/category/vm_demo2.jpg', '', 0, 0, 0, '', '', 0, 1, '2019-03-06 14:14:09', 351, '2019-03-06 14:14:09', 351, '0000-00-00 00:00:00', 0),
(138, 1, 'manufacturersample', 'manufacturersample', 'manufacturersample', '', 'manufacturer', 'images/stories/virtuemart/manufacturer/manufacturersample', '', 0, 0, 0, '', '', 0, 1, '2019-03-06 14:14:09', 351, '2019-03-06 14:14:09', 351, '0000-00-00 00:00:00', 0),
(139, 1, 'manufacturersample.jpg', 'manufacturersample.jpg', 'manufacturersample.jpg', 'image/jpeg', 'manufacturer', 'images/stories/virtuemart/manufacturer/manufacturersample.jpg', '', 0, 0, 0, '', '', 0, 1, '2019-03-06 14:14:09', 351, '2019-03-06 14:14:09', 351, '0000-00-00 00:00:00', 0),
(140, 1, 'manufacturer.jpg', 'manufacturer.jpg', 'manufacturer.jpg', 'image/jpeg', 'manufacturer', 'images/stories/virtuemart/manufacturer/manufacturer.jpg', '', 0, 0, 0, '', '', 0, 1, '2019-03-06 14:14:09', 351, '2019-03-06 14:14:09', 351, '0000-00-00 00:00:00', 0),
(141, 1, 'manufacturersampl', 'manufacturersampl', 'manufacturersampl', '', 'manufacturer', 'images/stories/virtuemart/manufacturer/manufacturersampl', '', 0, 0, 0, '', '', 0, 1, '2019-03-06 14:14:09', 351, '2019-03-06 14:14:09', 351, '0000-00-00 00:00:00', 0),
(142, 1, 'vendor.gif', 'vendor.gif', 'vendor.gif', 'image/gif', 'vendor', 'images/stories/virtuemart/vendor/vendor.gif', '', 0, 0, 0, '', '', 0, 1, '2019-03-06 14:14:09', 351, '2019-03-06 14:14:09', 351, '0000-00-00 00:00:00', 0),
(143, 1, 'washupito.gif', 'washupito.gif', 'washupito.gif', 'image/gif', 'vendor', 'images/stories/virtuemart/vendor/washupito.gif', 'images/stories/virtuemart/vendor/resized/washupito_90x90.gif', 0, 0, 0, '', '', 0, 1, '2019-03-06 14:14:09', 351, '2019-03-06 14:14:09', 351, '0000-00-00 00:00:00', 0),
(144, 1, 'vl_c400.jpg', '', '', 'image/jpeg', 'product', 'images/stories/virtuemart/product/vl_c400.jpg', '', 0, 0, 0, '', '', 0, 1, '2019-03-11 11:58:43', 354, '2019-03-11 13:19:11', 354, '0000-00-00 00:00:00', 0),
(145, 1, 'vl_c400.jpg', '', '', 'image/jpeg', 'category', 'images/stories/virtuemart/category/vl_c400.jpg', '', 0, 0, 0, '', '', 0, 1, '2019-03-11 12:05:55', 354, '2019-03-11 12:05:55', 354, '0000-00-00 00:00:00', 0);

-- --------------------------------------------------------

--
-- Структура таблицы `bnduv_virtuemart_migration_oldtonew_ids`
--

CREATE TABLE IF NOT EXISTS `bnduv_virtuemart_migration_oldtonew_ids` (
  `id` smallint(1) unsigned NOT NULL,
  `cats` longblob,
  `catsxref` blob,
  `manus` longblob,
  `mfcats` blob,
  `shoppergroups` longblob,
  `products` longblob,
  `products_start` int(1) DEFAULT NULL,
  `orderstates` blob,
  `orders` longblob,
  `attributes` longblob,
  `relatedproducts` longblob,
  `orders_start` int(1) DEFAULT NULL
) ENGINE=MyISAM AUTO_INCREMENT=2 DEFAULT CHARSET=utf8 COMMENT='xref table for vm1 ids to vm2 ids';

--
-- Дамп данных таблицы `bnduv_virtuemart_migration_oldtonew_ids`
--

INSERT INTO `bnduv_virtuemart_migration_oldtonew_ids` (`id`, `cats`, `catsxref`, `manus`, `mfcats`, `shoppergroups`, `products`, `products_start`, `orderstates`, `orders`, `attributes`, `relatedproducts`, `orders_start`) VALUES
(1, NULL, NULL, NULL, NULL, NULL, NULL, NULL, NULL, NULL, NULL, NULL, NULL);

-- --------------------------------------------------------

--
-- Структура таблицы `bnduv_virtuemart_modules`
--

CREATE TABLE IF NOT EXISTS `bnduv_virtuemart_modules` (
  `module_id` int(11) unsigned NOT NULL,
  `module_name` char(255) DEFAULT NULL,
  `module_description` varchar(21000) DEFAULT NULL,
  `module_perms` char(255) DEFAULT NULL,
  `published` tinyint(1) NOT NULL DEFAULT '1',
  `is_admin` enum('0','1') NOT NULL DEFAULT '0',
  `ordering` int(11) NOT NULL DEFAULT '0'
) ENGINE=MyISAM AUTO_INCREMENT=14 DEFAULT CHARSET=utf8 COMMENT='VirtueMart Core Modules, not: Joomla modules';

--
-- Дамп данных таблицы `bnduv_virtuemart_modules`
--

INSERT INTO `bnduv_virtuemart_modules` (`module_id`, `module_name`, `module_description`, `module_perms`, `published`, `is_admin`, `ordering`) VALUES
(1, 'product', 'Here you can administer your online catalog of products.  Categories , Products (view=product), Attributes  ,Product Types      Product Files (view=media), Inventory  , Calculation Rules ,Customer Reviews  ', 'storeadmin,admin', 1, '1', 1),
(2, 'order', 'View Order and Update Order Status:    Orders , Coupons , Revenue Report ,Shopper , Shopper Groups ', 'admin,storeadmin', 1, '1', 2),
(3, 'manufacturer', 'Manage the manufacturers of products in your store.', 'storeadmin,admin', 1, '1', 3),
(4, 'store', 'Store Configuration: Store Information, Payment Methods , Shipment, Shipment Rates', 'storeadmin,admin', 1, '1', 4),
(5, 'configuration', 'Configuration: shop configuration , currencies (view=currency), Credit Card List, Countries, userfields, order status  ', 'admin,storeadmin', 1, '1', 5),
(6, 'msgs', 'This module is unprotected an used for displaying system messages to users.  We need to have an area that does not require authorization when things go wrong.', 'none', 0, '0', 99),
(7, 'shop', 'This is the Washupito store module.  This is the demo store included with the VirtueMart distribution.', 'none', 1, '0', 99),
(8, 'store', 'Store Configuration: Store Information, Payment Methods , Shipment, Shipment Rates', 'storeadmin,admin', 1, '1', 4),
(9, 'account', 'This module allows shoppers to update their account information and view previously placed orders.', 'shopper,storeadmin,admin,demo', 1, '0', 99),
(10, 'checkout', '', 'none', 0, '0', 99),
(11, 'tools', 'Tools', 'admin', 1, '1', 8),
(13, 'zone', 'This is the zone-shipment module. Here you can manage your shipment costs according to Zones.', 'admin,storeadmin', 0, '1', 11);

-- --------------------------------------------------------

--
-- Структура таблицы `bnduv_virtuemart_orders`
--

CREATE TABLE IF NOT EXISTS `bnduv_virtuemart_orders` (
  `virtuemart_order_id` int(1) unsigned NOT NULL,
  `virtuemart_user_id` int(1) unsigned NOT NULL DEFAULT '0',
  `virtuemart_vendor_id` smallint(1) unsigned NOT NULL DEFAULT '1',
  `order_number` char(64) DEFAULT NULL,
  `customer_number` char(32) DEFAULT NULL,
  `order_pass` char(8) DEFAULT NULL,
  `order_total` decimal(15,5) NOT NULL DEFAULT '0.00000',
  `order_salesPrice` decimal(15,5) NOT NULL DEFAULT '0.00000',
  `order_billTaxAmount` decimal(15,5) NOT NULL DEFAULT '0.00000',
  `order_billTax` varchar(400) DEFAULT NULL,
  `order_billDiscountAmount` decimal(15,5) NOT NULL DEFAULT '0.00000',
  `order_discountAmount` decimal(15,5) NOT NULL DEFAULT '0.00000',
  `order_subtotal` decimal(15,5) DEFAULT NULL,
  `order_tax` decimal(10,5) DEFAULT NULL,
  `order_shipment` decimal(10,2) DEFAULT NULL,
  `order_shipment_tax` decimal(10,5) DEFAULT NULL,
  `order_payment` decimal(10,2) DEFAULT NULL,
  `order_payment_tax` decimal(10,5) DEFAULT NULL,
  `coupon_discount` decimal(12,2) NOT NULL DEFAULT '0.00',
  `coupon_code` char(32) DEFAULT NULL,
  `order_discount` decimal(12,2) NOT NULL DEFAULT '0.00',
  `order_currency` smallint(1) DEFAULT NULL,
  `order_status` char(1) DEFAULT NULL,
  `user_currency_id` smallint(1) DEFAULT NULL,
  `user_currency_rate` decimal(10,5) NOT NULL DEFAULT '1.00000',
  `virtuemart_paymentmethod_id` mediumint(1) unsigned DEFAULT NULL,
  `virtuemart_shipmentmethod_id` mediumint(1) unsigned DEFAULT NULL,
  `customer_note` varchar(20000) DEFAULT NULL,
  `delivery_date` varchar(200) DEFAULT NULL,
  `order_language` char(7) DEFAULT NULL,
  `ip_address` char(15) NOT NULL DEFAULT '',
  `created_on` datetime NOT NULL DEFAULT '0000-00-00 00:00:00',
  `created_by` int(11) NOT NULL DEFAULT '0',
  `modified_on` datetime NOT NULL DEFAULT '0000-00-00 00:00:00',
  `modified_by` int(11) NOT NULL DEFAULT '0',
  `locked_on` datetime NOT NULL DEFAULT '0000-00-00 00:00:00',
  `locked_by` int(11) NOT NULL DEFAULT '0'
) ENGINE=InnoDB AUTO_INCREMENT=12 DEFAULT CHARSET=utf8 COMMENT='Used to store all orders';

--
-- Дамп данных таблицы `bnduv_virtuemart_orders`
--

INSERT INTO `bnduv_virtuemart_orders` (`virtuemart_order_id`, `virtuemart_user_id`, `virtuemart_vendor_id`, `order_number`, `customer_number`, `order_pass`, `order_total`, `order_salesPrice`, `order_billTaxAmount`, `order_billTax`, `order_billDiscountAmount`, `order_discountAmount`, `order_subtotal`, `order_tax`, `order_shipment`, `order_shipment_tax`, `order_payment`, `order_payment_tax`, `coupon_discount`, `coupon_code`, `order_discount`, `order_currency`, `order_status`, `user_currency_id`, `user_currency_rate`, `virtuemart_paymentmethod_id`, `virtuemart_shipmentmethod_id`, `customer_note`, `delivery_date`, `order_language`, `ip_address`, `created_on`, `created_by`, `modified_on`, `modified_by`, `locked_on`, `locked_by`) VALUES
(7, 0, 1, '117b03', 'nonreg_АртемКорганkorgannn@gmail', 'p_a63ca', 96504.00000, 96504.00000, 16084.00000, '{"1":{"virtuemart_calc_id":1,"calc_name":"\\u041d\\u0430\\u043b\\u043e\\u0433 20%","calc_value":"20.0000","result":16084}}', 0.00000, 0.00000, 80420.00000, 16084.00000, 0.00, 0.00000, 0.00, 0.00000, 0.00, NULL, 0.00, 131, 'P', 131, 1.00000, 1, 2, '', 'Такая же как и дата выписки счета', 'ru-RU', '86.62.79.98', '2019-03-04 15:33:51', 0, '2019-03-04 15:33:51', 0, '0000-00-00 00:00:00', 0),
(8, 0, 1, '29d304', 'nonreg_АртемКорганkorgannn@gmail', 'p_40415', 96504.00000, 96504.00000, 16084.00000, '{"1":{"virtuemart_calc_id":1,"calc_name":"\\u041d\\u0430\\u043b\\u043e\\u0433 20%","calc_value":"20.0000","result":16084}}', 0.00000, 0.00000, 80420.00000, 16084.00000, 0.00, 0.00000, 0.00, 0.00000, 0.00, NULL, 0.00, 131, 'P', 131, 1.00000, 1, 2, '', 'Такая же как и дата выписки счета', 'ru-RU', '81.26.145.58', '2019-03-05 09:41:56', 0, '2019-03-05 09:41:56', 0, '0000-00-00 00:00:00', 0),
(9, 0, 1, '4cf305', 'nonreg_АртемКорганkorgannn@gmail', 'p_efda3', 96504.00000, 96504.00000, 16084.00000, '{"1":{"virtuemart_calc_id":1,"calc_name":"\\u041d\\u0430\\u043b\\u043e\\u0433 20%","calc_value":"20.0000","result":16084}}', 0.00000, 0.00000, 80420.00000, 16084.00000, 0.00, 0.00000, 0.00, 0.00000, 0.00, '', 0.00, 131, 'U', 131, 1.00000, 1, 2, '', 'Такая же как и дата выписки счета', 'ru-RU', '81.26.145.58', '2019-03-05 09:47:34', 0, '2019-03-05 09:53:45', 351, '0000-00-00 00:00:00', 0),
(10, 0, 1, '621b06', 'nonreg_АртемКорганkorgannn@gmail', 'p_52b36', 96504.00000, 96504.00000, 16084.00000, '{"1":{"virtuemart_calc_id":1,"calc_name":"\\u041d\\u0430\\u043b\\u043e\\u0433 20%","calc_value":"20.0000","result":16084}}', 0.00000, 0.00000, 80420.00000, 16084.00000, 0.00, 0.00000, 0.00, 0.00000, 0.00, NULL, 0.00, 131, 'P', 131, 1.00000, 1, 2, '', 'Такая же как и дата выписки счета', 'ru-RU', '81.26.145.58', '2019-03-05 10:46:41', 0, '2019-03-05 10:46:41', 0, '0000-00-00 00:00:00', 0),
(11, 353, 1, 'dae007', 'PIfd27a5815', 'p_b6df9', 96504.00000, 96504.00000, 16084.00000, '{"1":{"virtuemart_calc_id":1,"calc_name":"\\u041d\\u0430\\u043b\\u043e\\u0433 20%","calc_value":"20.0000","result":16084}}', 0.00000, 0.00000, 80420.00000, 16084.00000, 0.00, 0.00000, 0.00, 0.00000, 0.00, '', 0.00, 131, 'U', 131, 1.00000, 1, 1, '', 'Такая же как и дата выписки счета', 'ru-RU', '86.62.79.98', '2019-03-05 10:51:53', 353, '2019-03-05 10:55:10', 351, '0000-00-00 00:00:00', 0);

-- --------------------------------------------------------

--
-- Структура таблицы `bnduv_virtuemart_orderstates`
--

CREATE TABLE IF NOT EXISTS `bnduv_virtuemart_orderstates` (
  `virtuemart_orderstate_id` tinyint(1) unsigned NOT NULL,
  `virtuemart_vendor_id` smallint(11) NOT NULL DEFAULT '1',
  `order_status_code` char(1) NOT NULL DEFAULT '',
  `order_status_name` char(64) DEFAULT NULL,
  `order_status_description` varchar(20000) DEFAULT NULL,
  `order_stock_handle` char(1) NOT NULL DEFAULT 'A',
  `ordering` int(2) NOT NULL DEFAULT '0',
  `published` tinyint(1) NOT NULL DEFAULT '1',
  `created_on` datetime NOT NULL DEFAULT '0000-00-00 00:00:00',
  `created_by` int(11) NOT NULL DEFAULT '0',
  `modified_on` datetime NOT NULL DEFAULT '0000-00-00 00:00:00',
  `modified_by` int(11) NOT NULL DEFAULT '0',
  `locked_on` datetime NOT NULL DEFAULT '0000-00-00 00:00:00',
  `locked_by` int(11) NOT NULL DEFAULT '0'
) ENGINE=MyISAM AUTO_INCREMENT=7 DEFAULT CHARSET=utf8 COMMENT='All available order statuses';

--
-- Дамп данных таблицы `bnduv_virtuemart_orderstates`
--

INSERT INTO `bnduv_virtuemart_orderstates` (`virtuemart_orderstate_id`, `virtuemart_vendor_id`, `order_status_code`, `order_status_name`, `order_status_description`, `order_stock_handle`, `ordering`, `published`, `created_on`, `created_by`, `modified_on`, `modified_by`, `locked_on`, `locked_by`) VALUES
(1, 1, 'P', 'COM_VIRTUEMART_ORDER_STATUS_PENDING', '', 'R', 1, 1, '0000-00-00 00:00:00', 0, '0000-00-00 00:00:00', 0, '0000-00-00 00:00:00', 0),
(2, 1, 'U', 'COM_VIRTUEMART_ORDER_STATUS_CONFIRMED_BY_SHOPPER', '', 'R', 2, 1, '0000-00-00 00:00:00', 0, '0000-00-00 00:00:00', 0, '0000-00-00 00:00:00', 0),
(3, 1, 'C', 'COM_VIRTUEMART_ORDER_STATUS_CONFIRMED', '', 'R', 3, 1, '0000-00-00 00:00:00', 0, '0000-00-00 00:00:00', 0, '0000-00-00 00:00:00', 0),
(4, 1, 'X', 'COM_VIRTUEMART_ORDER_STATUS_CANCELLED', '', 'A', 4, 1, '0000-00-00 00:00:00', 0, '0000-00-00 00:00:00', 0, '0000-00-00 00:00:00', 0),
(5, 1, 'R', 'COM_VIRTUEMART_ORDER_STATUS_REFUNDED', '', 'A', 5, 1, '0000-00-00 00:00:00', 0, '0000-00-00 00:00:00', 0, '0000-00-00 00:00:00', 0),
(6, 1, 'S', 'COM_VIRTUEMART_ORDER_STATUS_SHIPPED', '', 'O', 6, 1, '0000-00-00 00:00:00', 0, '0000-00-00 00:00:00', 0, '0000-00-00 00:00:00', 0);

-- --------------------------------------------------------

--
-- Структура таблицы `bnduv_virtuemart_order_calc_rules`
--

CREATE TABLE IF NOT EXISTS `bnduv_virtuemart_order_calc_rules` (
  `virtuemart_order_calc_rule_id` int(11) unsigned NOT NULL,
  `virtuemart_calc_id` int(11) DEFAULT NULL,
  `virtuemart_order_id` int(11) DEFAULT NULL,
  `virtuemart_vendor_id` smallint(11) NOT NULL DEFAULT '1',
  `virtuemart_order_item_id` int(11) DEFAULT NULL,
  `calc_rule_name` char(64) NOT NULL DEFAULT '' COMMENT 'Name of the rule',
  `calc_kind` char(16) NOT NULL DEFAULT '' COMMENT 'Discount/Tax/Margin/Commission',
  `calc_mathop` char(16) NOT NULL DEFAULT '' COMMENT 'Discount/Tax/Margin/Commission',
  `calc_amount` decimal(15,5) NOT NULL DEFAULT '0.00000',
  `calc_result` decimal(15,5) NOT NULL DEFAULT '0.00000',
  `calc_value` decimal(15,5) NOT NULL DEFAULT '0.00000',
  `calc_currency` smallint(1) DEFAULT NULL,
  `calc_params` varchar(18000) DEFAULT NULL,
  `created_on` datetime NOT NULL DEFAULT '0000-00-00 00:00:00',
  `created_by` int(11) NOT NULL DEFAULT '0',
  `modified_on` datetime NOT NULL DEFAULT '0000-00-00 00:00:00',
  `modified_by` int(11) NOT NULL DEFAULT '0',
  `locked_on` datetime NOT NULL DEFAULT '0000-00-00 00:00:00',
  `locked_by` int(11) NOT NULL DEFAULT '0'
) ENGINE=MyISAM AUTO_INCREMENT=34 DEFAULT CHARSET=utf8 COMMENT='Stores all calculation rules which are part of an order';

--
-- Дамп данных таблицы `bnduv_virtuemart_order_calc_rules`
--

INSERT INTO `bnduv_virtuemart_order_calc_rules` (`virtuemart_order_calc_rule_id`, `virtuemart_calc_id`, `virtuemart_order_id`, `virtuemart_vendor_id`, `virtuemart_order_item_id`, `calc_rule_name`, `calc_kind`, `calc_mathop`, `calc_amount`, `calc_result`, `calc_value`, `calc_currency`, `calc_params`, `created_on`, `created_by`, `modified_on`, `modified_by`, `locked_on`, `locked_by`) VALUES
(1, 1, 1, 1, 1, 'Налог 18%', 'VatTax', '+%', 8100.00000, 8100.00000, 18.00000, 131, '', '2014-05-21 10:04:59', 352, '2014-05-21 10:04:59', 352, '0000-00-00 00:00:00', 0),
(2, 1, 1, 1, NULL, 'Налог 18%', 'payment', '+%', 0.00000, 0.00000, 18.00000, 131, '', '2014-05-21 10:04:59', 352, '2014-05-21 10:04:59', 352, '0000-00-00 00:00:00', 0),
(3, 1, 1, 1, NULL, 'Налог 18%', 'shipment', '+%', 0.00000, 0.00000, 18.00000, 131, '', '2014-05-21 10:04:59', 352, '2014-05-21 10:04:59', 352, '0000-00-00 00:00:00', 0),
(4, 1, 2, 1, 2, 'Налог 18%', 'VatTax', '+%', 900.00000, 900.00000, 18.00000, 131, '', '2014-05-21 10:06:01', 352, '2014-05-21 10:06:01', 352, '0000-00-00 00:00:00', 0),
(5, 1, 2, 1, NULL, 'Налог 18%', 'payment', '+%', 0.00000, 0.00000, 18.00000, 131, '', '2014-05-21 10:06:01', 352, '2014-05-21 10:06:01', 352, '0000-00-00 00:00:00', 0),
(6, 1, 2, 1, NULL, 'Налог 18%', 'shipment', '+%', 0.00000, 0.00000, 18.00000, 131, '', '2014-05-21 10:06:01', 352, '2014-05-21 10:06:01', 352, '0000-00-00 00:00:00', 0),
(7, 1, 3, 1, 3, 'Налог 18%', 'VatTax', '+%', 5400.00000, 5400.00000, 18.00000, 131, '', '2014-05-21 10:09:56', 352, '2014-05-21 10:09:56', 352, '0000-00-00 00:00:00', 0),
(8, 1, 3, 1, NULL, 'Налог 18%', 'payment', '+%', 0.00000, 0.00000, 18.00000, 131, '', '2014-05-21 10:09:56', 352, '2014-05-21 10:09:56', 352, '0000-00-00 00:00:00', 0),
(9, 1, 3, 1, NULL, 'Налог 18%', 'shipment', '+%', 0.00000, 0.00000, 18.00000, 131, '', '2014-05-21 10:09:56', 352, '2014-05-21 10:09:56', 352, '0000-00-00 00:00:00', 0),
(10, 1, 4, 1, 4, 'Налог 20%', 'VatTax', '+%', 16084.00000, 16084.00000, 20.00000, 131, '', '2019-03-04 11:36:07', 0, '2019-03-04 11:36:07', 0, '0000-00-00 00:00:00', 0),
(11, 1, 4, 1, NULL, 'Налог 20%', 'payment', '+%', 0.00000, 0.00000, 20.00000, 131, '', '2019-03-04 11:36:07', 0, '2019-03-04 11:36:07', 0, '0000-00-00 00:00:00', 0),
(12, 1, 4, 1, NULL, 'Налог 20%', 'shipment', '+%', 0.00000, 0.00000, 20.00000, 131, '', '2019-03-04 11:36:07', 0, '2019-03-04 11:36:07', 0, '0000-00-00 00:00:00', 0),
(13, 1, 5, 1, 5, 'Налог 20%', 'VatTax', '+%', 16084.00000, 16084.00000, 20.00000, 131, '', '2019-03-04 14:00:44', 0, '2019-03-04 14:00:44', 0, '0000-00-00 00:00:00', 0),
(14, 1, 5, 1, NULL, 'Налог 20%', 'payment', '+%', 0.00000, 0.00000, 20.00000, 131, '', '2019-03-04 14:00:44', 0, '2019-03-04 14:00:44', 0, '0000-00-00 00:00:00', 0),
(15, 1, 5, 1, NULL, 'Налог 20%', 'shipment', '+%', 0.00000, 0.00000, 20.00000, 131, '', '2019-03-04 14:00:44', 0, '2019-03-04 14:00:44', 0, '0000-00-00 00:00:00', 0),
(16, 1, 6, 1, 6, 'Налог 20%', 'VatTax', '+%', 16084.00000, 16084.00000, 20.00000, 131, '', '2019-03-04 15:19:50', 0, '2019-03-04 15:19:50', 0, '0000-00-00 00:00:00', 0),
(17, 1, 6, 1, NULL, 'Налог 20%', 'payment', '+%', 0.00000, 0.00000, 20.00000, 131, '', '2019-03-04 15:19:50', 0, '2019-03-04 15:19:50', 0, '0000-00-00 00:00:00', 0),
(18, 1, 6, 1, NULL, 'Налог 20%', 'shipment', '+%', 0.00000, 0.00000, 20.00000, 131, '', '2019-03-04 15:19:50', 0, '2019-03-04 15:19:50', 0, '0000-00-00 00:00:00', 0),
(19, 1, 7, 1, 7, 'Налог 20%', 'VatTax', '+%', 16084.00000, 16084.00000, 20.00000, 131, '', '2019-03-04 15:33:51', 0, '2019-03-04 15:33:51', 0, '0000-00-00 00:00:00', 0),
(20, 1, 7, 1, NULL, 'Налог 20%', 'payment', '+%', 0.00000, 0.00000, 20.00000, 131, '', '2019-03-04 15:33:51', 0, '2019-03-04 15:33:51', 0, '0000-00-00 00:00:00', 0),
(21, 1, 7, 1, NULL, 'Налог 20%', 'shipment', '+%', 0.00000, 0.00000, 20.00000, 131, '', '2019-03-04 15:33:51', 0, '2019-03-04 15:33:51', 0, '0000-00-00 00:00:00', 0),
(22, 1, 8, 1, 8, 'Налог 20%', 'VatTax', '+%', 16084.00000, 16084.00000, 20.00000, 131, '', '2019-03-05 09:41:56', 0, '2019-03-05 09:41:56', 0, '0000-00-00 00:00:00', 0),
(23, 1, 8, 1, NULL, 'Налог 20%', 'payment', '+%', 0.00000, 0.00000, 20.00000, 131, '', '2019-03-05 09:41:56', 0, '2019-03-05 09:41:56', 0, '0000-00-00 00:00:00', 0),
(24, 1, 8, 1, NULL, 'Налог 20%', 'shipment', '+%', 0.00000, 0.00000, 20.00000, 131, '', '2019-03-05 09:41:56', 0, '2019-03-05 09:41:56', 0, '0000-00-00 00:00:00', 0),
(25, 1, 9, 1, 9, 'Налог 20%', 'VatTax', '+%', 16084.00000, 16084.00000, 20.00000, 131, '', '2019-03-05 09:47:34', 0, '2019-03-05 09:47:34', 0, '0000-00-00 00:00:00', 0),
(26, 1, 9, 1, NULL, 'Налог 20%', 'payment', '+%', 0.00000, 0.00000, 20.00000, 131, '', '2019-03-05 09:47:34', 0, '2019-03-05 09:47:34', 0, '0000-00-00 00:00:00', 0),
(27, 1, 9, 1, NULL, 'Налог 20%', 'shipment', '+%', 0.00000, 0.00000, 20.00000, 131, '', '2019-03-05 09:47:34', 0, '2019-03-05 09:47:34', 0, '0000-00-00 00:00:00', 0),
(28, 1, 10, 1, 10, 'Налог 20%', 'VatTax', '+%', 16084.00000, 16084.00000, 20.00000, 131, '', '2019-03-05 10:46:41', 0, '2019-03-05 10:46:41', 0, '0000-00-00 00:00:00', 0),
(29, 1, 10, 1, NULL, 'Налог 20%', 'payment', '+%', 0.00000, 0.00000, 20.00000, 131, '', '2019-03-05 10:46:41', 0, '2019-03-05 10:46:41', 0, '0000-00-00 00:00:00', 0),
(30, 1, 10, 1, NULL, 'Налог 20%', 'shipment', '+%', 0.00000, 0.00000, 20.00000, 131, '', '2019-03-05 10:46:41', 0, '2019-03-05 10:46:41', 0, '0000-00-00 00:00:00', 0),
(31, 1, 11, 1, 11, 'Налог 20%', 'VatTax', '+%', 16084.00000, 16084.00000, 20.00000, 131, '', '2019-03-05 10:51:53', 353, '2019-03-05 10:51:53', 353, '0000-00-00 00:00:00', 0),
(32, 1, 11, 1, NULL, 'Налог 20%', 'payment', '+%', 0.00000, 0.00000, 20.00000, 131, '', '2019-03-05 10:51:53', 353, '2019-03-05 10:51:53', 353, '0000-00-00 00:00:00', 0),
(33, 1, 11, 1, NULL, 'Налог 20%', 'shipment', '+%', 0.00000, 0.00000, 20.00000, 131, '', '2019-03-05 10:51:53', 353, '2019-03-05 10:51:53', 353, '0000-00-00 00:00:00', 0);

-- --------------------------------------------------------

--
-- Структура таблицы `bnduv_virtuemart_order_histories`
--

CREATE TABLE IF NOT EXISTS `bnduv_virtuemart_order_histories` (
  `virtuemart_order_history_id` int(11) unsigned NOT NULL,
  `virtuemart_order_id` int(1) unsigned NOT NULL DEFAULT '0',
  `order_status_code` char(1) NOT NULL DEFAULT '0',
  `customer_notified` tinyint(1) NOT NULL DEFAULT '0',
  `comments` varchar(21000) DEFAULT NULL,
  `published` tinyint(1) NOT NULL DEFAULT '1',
  `created_on` datetime NOT NULL DEFAULT '0000-00-00 00:00:00',
  `created_by` int(11) NOT NULL DEFAULT '0',
  `modified_on` datetime NOT NULL DEFAULT '0000-00-00 00:00:00',
  `modified_by` int(11) NOT NULL DEFAULT '0',
  `locked_on` datetime NOT NULL DEFAULT '0000-00-00 00:00:00',
  `locked_by` int(11) NOT NULL DEFAULT '0'
) ENGINE=InnoDB AUTO_INCREMENT=33 DEFAULT CHARSET=utf8 COMMENT='Stores all actions and changes that occur to an order';

--
-- Дамп данных таблицы `bnduv_virtuemart_order_histories`
--

INSERT INTO `bnduv_virtuemart_order_histories` (`virtuemart_order_history_id`, `virtuemart_order_id`, `order_status_code`, `customer_notified`, `comments`, `published`, `created_on`, `created_by`, `modified_on`, `modified_by`, `locked_on`, `locked_by`) VALUES
(1, 1, 'P', 0, '', 1, '2014-05-21 10:04:59', 352, '2014-05-21 10:04:59', 352, '0000-00-00 00:00:00', 0),
(2, 1, 'P', 1, '', 1, '2014-05-21 10:04:59', 352, '2014-05-21 10:04:59', 352, '0000-00-00 00:00:00', 0),
(3, 2, 'P', 0, '', 1, '2014-05-21 10:06:01', 352, '2014-05-21 10:06:01', 352, '0000-00-00 00:00:00', 0),
(4, 2, 'P', 1, '', 1, '2014-05-21 10:06:01', 352, '2014-05-21 10:06:01', 352, '0000-00-00 00:00:00', 0),
(5, 3, 'P', 0, '', 1, '2014-05-21 10:09:56', 352, '2014-05-21 10:09:56', 352, '0000-00-00 00:00:00', 0),
(6, 3, 'P', 1, '', 1, '2014-05-21 10:09:56', 352, '2014-05-21 10:09:56', 352, '0000-00-00 00:00:00', 0),
(7, 4, 'P', 0, '', 1, '2019-03-04 11:36:07', 0, '2019-03-04 11:36:07', 0, '0000-00-00 00:00:00', 0),
(8, 4, 'P', 1, '', 1, '2019-03-04 11:36:07', 0, '2019-03-04 11:36:07', 0, '0000-00-00 00:00:00', 0),
(9, 5, 'P', 0, '', 1, '2019-03-04 14:00:44', 0, '2019-03-04 14:00:44', 0, '0000-00-00 00:00:00', 0),
(10, 5, 'P', 1, '', 1, '2019-03-04 14:00:44', 0, '2019-03-04 14:00:44', 0, '0000-00-00 00:00:00', 0),
(11, 5, 'U', 1, '', 1, '2019-03-04 14:19:39', 351, '2019-03-04 14:19:39', 351, '0000-00-00 00:00:00', 0),
(12, 6, 'P', 0, '', 1, '2019-03-04 15:19:50', 0, '2019-03-04 15:19:50', 0, '0000-00-00 00:00:00', 0),
(13, 6, 'P', 1, '', 1, '2019-03-04 15:19:50', 0, '2019-03-04 15:19:50', 0, '0000-00-00 00:00:00', 0),
(14, 6, '-', 0, 'Order deleted', 1, '2019-03-04 18:30:48', 0, '0000-00-00 00:00:00', 0, '0000-00-00 00:00:00', 0),
(15, 5, '-', 0, 'Order deleted', 1, '2019-03-04 18:30:48', 0, '0000-00-00 00:00:00', 0, '0000-00-00 00:00:00', 0),
(16, 4, '-', 0, 'Order deleted', 1, '2019-03-04 18:30:48', 0, '0000-00-00 00:00:00', 0, '0000-00-00 00:00:00', 0),
(17, 3, '-', 0, 'Order deleted', 1, '2019-03-04 18:30:48', 0, '0000-00-00 00:00:00', 0, '0000-00-00 00:00:00', 0),
(18, 2, '-', 0, 'Order deleted', 1, '2019-03-04 18:30:48', 0, '0000-00-00 00:00:00', 0, '0000-00-00 00:00:00', 0),
(19, 1, '-', 0, 'Order deleted', 1, '2019-03-04 18:30:48', 0, '0000-00-00 00:00:00', 0, '0000-00-00 00:00:00', 0),
(20, 7, 'P', 0, '', 1, '2019-03-04 15:33:51', 0, '2019-03-04 15:33:51', 0, '0000-00-00 00:00:00', 0),
(21, 7, 'P', 1, '', 1, '2019-03-04 15:33:51', 0, '2019-03-04 15:33:51', 0, '0000-00-00 00:00:00', 0),
(22, 8, 'P', 0, '', 1, '2019-03-05 09:41:56', 0, '2019-03-05 09:41:56', 0, '0000-00-00 00:00:00', 0),
(23, 8, 'P', 1, '', 1, '2019-03-05 09:41:56', 0, '2019-03-05 09:41:56', 0, '0000-00-00 00:00:00', 0),
(24, 9, 'P', 0, '', 1, '2019-03-05 09:47:34', 0, '2019-03-05 09:47:34', 0, '0000-00-00 00:00:00', 0),
(25, 9, 'P', 1, '', 1, '2019-03-05 09:47:34', 0, '2019-03-05 09:47:34', 0, '0000-00-00 00:00:00', 0),
(26, 9, 'U', 1, '', 1, '2019-03-05 09:53:45', 351, '2019-03-05 09:53:45', 351, '0000-00-00 00:00:00', 0),
(27, 10, 'P', 0, '', 1, '2019-03-05 10:46:41', 0, '2019-03-05 10:46:41', 0, '0000-00-00 00:00:00', 0),
(28, 10, 'P', 1, '', 1, '2019-03-05 10:46:41', 0, '2019-03-05 10:46:41', 0, '0000-00-00 00:00:00', 0),
(29, 11, 'P', 0, '', 1, '2019-03-05 10:51:53', 353, '2019-03-05 10:51:53', 353, '0000-00-00 00:00:00', 0),
(30, 11, 'P', 1, '', 1, '2019-03-05 10:51:53', 353, '2019-03-05 10:51:53', 353, '0000-00-00 00:00:00', 0),
(31, 11, 'U', 1, '', 1, '2019-03-05 10:55:09', 351, '2019-03-05 10:55:09', 351, '0000-00-00 00:00:00', 0),
(32, 11, 'U', 1, '', 1, '2019-03-05 10:55:10', 351, '2019-03-05 10:55:10', 351, '0000-00-00 00:00:00', 0);

-- --------------------------------------------------------

--
-- Структура таблицы `bnduv_virtuemart_order_items`
--

CREATE TABLE IF NOT EXISTS `bnduv_virtuemart_order_items` (
  `virtuemart_order_item_id` int(11) unsigned NOT NULL,
  `virtuemart_order_id` int(11) DEFAULT NULL,
  `virtuemart_vendor_id` smallint(11) NOT NULL DEFAULT '1',
  `virtuemart_product_id` int(11) DEFAULT NULL,
  `order_item_sku` char(64) NOT NULL DEFAULT '',
  `order_item_name` char(255) NOT NULL DEFAULT '',
  `product_quantity` int(11) DEFAULT NULL,
  `product_item_price` decimal(15,5) DEFAULT NULL,
  `product_priceWithoutTax` decimal(15,5) DEFAULT NULL,
  `product_tax` decimal(15,5) DEFAULT NULL,
  `product_basePriceWithTax` decimal(15,5) DEFAULT NULL,
  `product_discountedPriceWithoutTax` decimal(15,5) DEFAULT NULL,
  `product_final_price` decimal(15,5) NOT NULL DEFAULT '0.00000',
  `product_subtotal_discount` decimal(15,5) NOT NULL DEFAULT '0.00000',
  `product_subtotal_with_tax` decimal(15,5) NOT NULL DEFAULT '0.00000',
  `order_item_currency` int(11) DEFAULT NULL,
  `order_status` char(1) DEFAULT NULL,
  `product_attribute` text,
  `delivery_date` varchar(200) DEFAULT NULL,
  `created_on` datetime NOT NULL DEFAULT '0000-00-00 00:00:00',
  `created_by` int(11) NOT NULL DEFAULT '0',
  `modified_on` datetime NOT NULL DEFAULT '0000-00-00 00:00:00',
  `modified_by` int(11) NOT NULL DEFAULT '0',
  `locked_on` datetime NOT NULL DEFAULT '0000-00-00 00:00:00',
  `locked_by` int(11) NOT NULL DEFAULT '0'
) ENGINE=InnoDB AUTO_INCREMENT=12 DEFAULT CHARSET=utf8 COMMENT='Stores all items (products) which are part of an order';

--
-- Дамп данных таблицы `bnduv_virtuemart_order_items`
--

INSERT INTO `bnduv_virtuemart_order_items` (`virtuemart_order_item_id`, `virtuemart_order_id`, `virtuemart_vendor_id`, `virtuemart_product_id`, `order_item_sku`, `order_item_name`, `product_quantity`, `product_item_price`, `product_priceWithoutTax`, `product_tax`, `product_basePriceWithTax`, `product_discountedPriceWithoutTax`, `product_final_price`, `product_subtotal_discount`, `product_subtotal_with_tax`, `order_item_currency`, `order_status`, `product_attribute`, `delivery_date`, `created_on`, `created_by`, `modified_on`, `modified_by`, `locked_on`, `locked_by`) VALUES
(7, 7, 1, 9, '', 'VersaLink® C7000DN', 1, 80420.00000, 80420.00000, 16084.00000, 96504.00000, 80420.00000, 96504.00000, 0.00000, 96504.00000, NULL, 'P', NULL, NULL, '2019-03-04 15:33:51', 0, '2019-03-04 15:33:51', 0, '0000-00-00 00:00:00', 0),
(8, 8, 1, 9, '', 'VersaLink® C7000DN', 1, 80420.00000, 80420.00000, 16084.00000, 96504.00000, 80420.00000, 96504.00000, 0.00000, 96504.00000, NULL, 'P', NULL, NULL, '2019-03-05 09:41:56', 0, '2019-03-05 09:41:56', 0, '0000-00-00 00:00:00', 0),
(9, 9, 1, 9, '', 'VersaLink® C7000DN', 1, 80420.00000, 80420.00000, 16084.00000, 96504.00000, 80420.00000, 96504.00000, 0.00000, 96504.00000, NULL, 'U', NULL, NULL, '2019-03-05 09:47:34', 0, '2019-03-05 09:53:45', 351, '0000-00-00 00:00:00', 0),
(10, 10, 1, 9, '', 'VersaLink® C7000DN', 1, 80420.00000, 80420.00000, 16084.00000, 96504.00000, 80420.00000, 96504.00000, 0.00000, 96504.00000, NULL, 'P', NULL, NULL, '2019-03-05 10:46:41', 0, '2019-03-05 10:46:41', 0, '0000-00-00 00:00:00', 0),
(11, 11, 1, 9, '', 'VersaLink® C7000DN', 1, 80420.00000, 80420.00000, 16084.00000, 96504.00000, 80420.00000, 96504.00000, 0.00000, 96504.00000, NULL, 'U', NULL, NULL, '2019-03-05 10:51:53', 353, '2019-03-05 10:55:10', 351, '0000-00-00 00:00:00', 0);

-- --------------------------------------------------------

--
-- Структура таблицы `bnduv_virtuemart_order_userinfos`
--

CREATE TABLE IF NOT EXISTS `bnduv_virtuemart_order_userinfos` (
  `virtuemart_order_userinfo_id` int(1) unsigned NOT NULL,
  `virtuemart_order_id` int(1) unsigned NOT NULL DEFAULT '0',
  `virtuemart_user_id` int(1) unsigned NOT NULL DEFAULT '0',
  `address_type` char(2) DEFAULT NULL,
  `address_type_name` char(32) DEFAULT NULL,
  `company` char(64) DEFAULT NULL,
  `title` char(32) DEFAULT NULL,
  `last_name` char(48) DEFAULT NULL,
  `first_name` char(48) DEFAULT NULL,
  `middle_name` char(48) DEFAULT NULL,
  `phone_1` char(32) DEFAULT NULL,
  `phone_2` char(32) DEFAULT NULL,
  `fax` char(32) DEFAULT NULL,
  `address_1` char(64) NOT NULL DEFAULT '',
  `address_2` char(64) DEFAULT NULL,
  `city` char(64) NOT NULL DEFAULT '',
  `virtuemart_state_id` smallint(1) unsigned NOT NULL DEFAULT '0',
  `virtuemart_country_id` smallint(1) unsigned NOT NULL DEFAULT '0',
  `zip` char(16) NOT NULL DEFAULT '',
  `email` char(128) DEFAULT NULL,
  `agreed` tinyint(1) NOT NULL DEFAULT '0',
  `created_on` datetime NOT NULL DEFAULT '0000-00-00 00:00:00',
  `created_by` int(11) NOT NULL DEFAULT '0',
  `modified_on` datetime NOT NULL DEFAULT '0000-00-00 00:00:00',
  `modified_by` int(11) NOT NULL DEFAULT '0',
  `locked_on` datetime NOT NULL DEFAULT '0000-00-00 00:00:00',
  `locked_by` int(11) NOT NULL DEFAULT '0'
) ENGINE=InnoDB AUTO_INCREMENT=12 DEFAULT CHARSET=utf8 COMMENT='Stores the BillTo and ShipTo Information at order time';

--
-- Дамп данных таблицы `bnduv_virtuemart_order_userinfos`
--

INSERT INTO `bnduv_virtuemart_order_userinfos` (`virtuemart_order_userinfo_id`, `virtuemart_order_id`, `virtuemart_user_id`, `address_type`, `address_type_name`, `company`, `title`, `last_name`, `first_name`, `middle_name`, `phone_1`, `phone_2`, `fax`, `address_1`, `address_2`, `city`, `virtuemart_state_id`, `virtuemart_country_id`, `zip`, `email`, `agreed`, `created_on`, `created_by`, `modified_on`, `modified_by`, `locked_on`, `locked_by`) VALUES
(7, 7, 0, 'BT', NULL, NULL, NULL, 'Корган', 'Артем', NULL, NULL, NULL, NULL, 'Красная Площадь д1', NULL, 'Москва', 610, 176, '123001', 'korgannn@gmail.com', 0, '2019-03-04 15:33:51', 0, '2019-03-04 15:33:51', 0, '0000-00-00 00:00:00', 0),
(8, 8, 0, 'BT', NULL, NULL, NULL, 'Корган', 'Артем', NULL, NULL, NULL, NULL, 'Красная Площадь д1', NULL, 'Москва', 610, 176, '123001', 'korgannn@gmail.com', 0, '2019-03-05 09:41:56', 0, '2019-03-05 09:41:56', 0, '0000-00-00 00:00:00', 0),
(9, 9, 0, 'BT', NULL, NULL, NULL, 'Корган', 'Артем', NULL, NULL, NULL, NULL, 'Красная Площадь д1', NULL, 'Москва', 610, 176, '123001', 'korgannn@gmail.com', 0, '2019-03-05 09:47:34', 0, '2019-03-05 09:47:34', 0, '0000-00-00 00:00:00', 0),
(10, 10, 0, 'BT', NULL, NULL, NULL, 'Корган', 'Артем', NULL, NULL, NULL, NULL, 'Красная Площадь д1', NULL, 'Москва', 610, 176, '123001', 'korgannn@gmail.com', 0, '2019-03-05 10:46:41', 0, '2019-03-05 10:46:41', 0, '0000-00-00 00:00:00', 0),
(11, 11, 353, 'BT', NULL, NULL, 'Mr', 'Камушкин', 'Пися', NULL, NULL, NULL, NULL, 'Ветхий тупик, 4', NULL, 'Курдуганда', 572, 176, '111111', 'max.gorodin@gmail.com', 0, '2019-03-05 10:51:53', 353, '2019-03-05 10:51:53', 353, '0000-00-00 00:00:00', 0);

-- --------------------------------------------------------

--
-- Структура таблицы `bnduv_virtuemart_paymentmethods`
--

CREATE TABLE IF NOT EXISTS `bnduv_virtuemart_paymentmethods` (
  `virtuemart_paymentmethod_id` mediumint(1) unsigned NOT NULL,
  `virtuemart_vendor_id` smallint(11) NOT NULL DEFAULT '1',
  `payment_jplugin_id` int(11) NOT NULL DEFAULT '0',
  `payment_element` char(50) NOT NULL DEFAULT '',
  `payment_params` varchar(19000) DEFAULT NULL,
  `shared` tinyint(1) NOT NULL DEFAULT '0' COMMENT 'valide for all vendors?',
  `ordering` int(2) NOT NULL DEFAULT '0',
  `published` tinyint(1) NOT NULL DEFAULT '1',
  `created_on` datetime NOT NULL DEFAULT '0000-00-00 00:00:00',
  `created_by` int(11) NOT NULL DEFAULT '0',
  `modified_on` datetime NOT NULL DEFAULT '0000-00-00 00:00:00',
  `modified_by` int(11) NOT NULL DEFAULT '0',
  `locked_on` datetime NOT NULL DEFAULT '0000-00-00 00:00:00',
  `locked_by` int(11) NOT NULL DEFAULT '0'
) ENGINE=MyISAM AUTO_INCREMENT=2 DEFAULT CHARSET=utf8 COMMENT='The payment methods of your store';

--
-- Дамп данных таблицы `bnduv_virtuemart_paymentmethods`
--

INSERT INTO `bnduv_virtuemart_paymentmethods` (`virtuemart_paymentmethod_id`, `virtuemart_vendor_id`, `payment_jplugin_id`, `payment_element`, `payment_params`, `shared`, `ordering`, `published`, `created_on`, `created_by`, `modified_on`, `modified_by`, `locked_on`, `locked_by`) VALUES
(1, 1, 10038, 'standard', 'payment_logos=""|countries=""|payment_currency=""|email_currency=""|status_pending=""|send_invoice_on_order_null=""|min_amount=""|max_amount=""|cost_per_transaction=""|cost_percent_total=""|tax_id=""|payment_info=""|', 0, 0, 1, '2014-05-21 07:02:46', 351, '2014-05-21 07:02:46', 351, '0000-00-00 00:00:00', 0);

-- --------------------------------------------------------

--
-- Структура таблицы `bnduv_virtuemart_paymentmethods_en_gb`
--

CREATE TABLE IF NOT EXISTS `bnduv_virtuemart_paymentmethods_en_gb` (
  `virtuemart_paymentmethod_id` int(1) unsigned NOT NULL,
  `payment_name` char(180) NOT NULL DEFAULT '',
  `payment_desc` varchar(19000) NOT NULL DEFAULT '',
  `slug` char(192) NOT NULL DEFAULT ''
) ENGINE=MyISAM DEFAULT CHARSET=utf8;

-- --------------------------------------------------------

--
-- Структура таблицы `bnduv_virtuemart_paymentmethods_ru_ru`
--

CREATE TABLE IF NOT EXISTS `bnduv_virtuemart_paymentmethods_ru_ru` (
  `virtuemart_paymentmethod_id` int(1) unsigned NOT NULL,
  `payment_name` char(180) NOT NULL DEFAULT '',
  `payment_desc` varchar(19000) NOT NULL DEFAULT '',
  `slug` char(192) NOT NULL DEFAULT ''
) ENGINE=MyISAM DEFAULT CHARSET=utf8;

--
-- Дамп данных таблицы `bnduv_virtuemart_paymentmethods_ru_ru`
--

INSERT INTO `bnduv_virtuemart_paymentmethods_ru_ru` (`virtuemart_paymentmethod_id`, `payment_name`, `payment_desc`, `slug`) VALUES
(1, 'Оплата наличными', 'Оплата наличными при получении товара', 'oplata-nalichnymi');

-- --------------------------------------------------------

--
-- Структура таблицы `bnduv_virtuemart_paymentmethod_shoppergroups`
--

CREATE TABLE IF NOT EXISTS `bnduv_virtuemart_paymentmethod_shoppergroups` (
  `id` int(11) unsigned NOT NULL,
  `virtuemart_paymentmethod_id` mediumint(1) unsigned NOT NULL DEFAULT '0',
  `virtuemart_shoppergroup_id` smallint(1) unsigned NOT NULL DEFAULT '0'
) ENGINE=MyISAM DEFAULT CHARSET=utf8 COMMENT='xref table for paymentmethods to shoppergroup';

-- --------------------------------------------------------

--
-- Структура таблицы `bnduv_virtuemart_payment_plg_standard`
--

CREATE TABLE IF NOT EXISTS `bnduv_virtuemart_payment_plg_standard` (
  `id` int(1) unsigned NOT NULL,
  `virtuemart_order_id` int(1) unsigned DEFAULT NULL,
  `order_number` char(64) DEFAULT NULL,
  `virtuemart_paymentmethod_id` mediumint(1) unsigned DEFAULT NULL,
  `payment_name` varchar(5000) DEFAULT NULL,
  `payment_order_total` decimal(15,5) NOT NULL DEFAULT '0.00000',
  `payment_currency` char(3) DEFAULT NULL,
  `email_currency` char(3) DEFAULT NULL,
  `cost_per_transaction` decimal(10,2) DEFAULT NULL,
  `cost_percent_total` decimal(10,2) DEFAULT NULL,
  `tax_id` smallint(1) DEFAULT NULL,
  `created_on` datetime NOT NULL DEFAULT '0000-00-00 00:00:00',
  `created_by` int(11) NOT NULL DEFAULT '0',
  `modified_on` datetime NOT NULL DEFAULT '0000-00-00 00:00:00',
  `modified_by` int(11) NOT NULL DEFAULT '0',
  `locked_on` datetime NOT NULL DEFAULT '0000-00-00 00:00:00',
  `locked_by` int(11) NOT NULL DEFAULT '0'
) ENGINE=MyISAM AUTO_INCREMENT=12 DEFAULT CHARSET=utf8 COMMENT='Payment Standard Table';

--
-- Дамп данных таблицы `bnduv_virtuemart_payment_plg_standard`
--

INSERT INTO `bnduv_virtuemart_payment_plg_standard` (`id`, `virtuemart_order_id`, `order_number`, `virtuemart_paymentmethod_id`, `payment_name`, `payment_order_total`, `payment_currency`, `email_currency`, `cost_per_transaction`, `cost_percent_total`, `tax_id`, `created_on`, `created_by`, `modified_on`, `modified_by`, `locked_on`, `locked_by`) VALUES
(7, 7, '117b03', 1, '<span class="vmpayment_name">Оплата наличными</span><span class="vmpayment_description">Оплата наличными при получении товара</span><br />', 96504.00000, 'RUB', '131', 0.00, 0.00, 0, '2019-03-04 15:33:51', 0, '2019-03-04 15:33:51', 0, '0000-00-00 00:00:00', 0),
(8, 8, '29d304', 1, '<span class="vmpayment_name">Оплата наличными</span><span class="vmpayment_description">Оплата наличными при получении товара</span><br />', 96504.00000, 'RUB', '131', 0.00, 0.00, 0, '2019-03-05 09:41:56', 0, '2019-03-05 09:41:56', 0, '0000-00-00 00:00:00', 0),
(9, 9, '4cf305', 1, '<span class="vmpayment_name">Оплата наличными</span><span class="vmpayment_description">Оплата наличными при получении товара</span><br />', 96504.00000, 'RUB', '131', 0.00, 0.00, 0, '2019-03-05 09:47:34', 0, '2019-03-05 09:47:34', 0, '0000-00-00 00:00:00', 0),
(10, 10, '621b06', 1, '<span class="vmpayment_name">Оплата наличными</span><span class="vmpayment_description">Оплата наличными при получении товара</span><br />', 96504.00000, 'RUB', '131', 0.00, 0.00, 0, '2019-03-05 10:46:41', 0, '2019-03-05 10:46:41', 0, '0000-00-00 00:00:00', 0),
(11, 11, 'dae007', 1, '<span class="vmpayment_name">Оплата наличными</span><span class="vmpayment_description">Оплата наличными при получении товара</span><br />', 96504.00000, 'RUB', '131', 0.00, 0.00, 0, '2019-03-05 10:51:53', 353, '2019-03-05 10:51:53', 353, '0000-00-00 00:00:00', 0);

-- --------------------------------------------------------

--
-- Структура таблицы `bnduv_virtuemart_permgroups`
--

CREATE TABLE IF NOT EXISTS `bnduv_virtuemart_permgroups` (
  `virtuemart_permgroup_id` tinyint(1) unsigned NOT NULL,
  `virtuemart_vendor_id` smallint(1) unsigned NOT NULL DEFAULT '1',
  `group_name` char(128) DEFAULT NULL,
  `group_level` int(11) DEFAULT NULL,
  `ordering` int(2) NOT NULL DEFAULT '0',
  `shared` tinyint(1) NOT NULL DEFAULT '0',
  `published` tinyint(1) NOT NULL DEFAULT '1',
  `created_on` datetime NOT NULL DEFAULT '0000-00-00 00:00:00',
  `created_by` int(11) NOT NULL DEFAULT '0',
  `modified_on` datetime NOT NULL DEFAULT '0000-00-00 00:00:00',
  `modified_by` int(11) NOT NULL DEFAULT '0',
  `locked_on` datetime NOT NULL DEFAULT '0000-00-00 00:00:00',
  `locked_by` int(11) NOT NULL DEFAULT '0'
) ENGINE=MyISAM AUTO_INCREMENT=5 DEFAULT CHARSET=utf8 COMMENT='Holds all the user groups';

--
-- Дамп данных таблицы `bnduv_virtuemart_permgroups`
--

INSERT INTO `bnduv_virtuemart_permgroups` (`virtuemart_permgroup_id`, `virtuemart_vendor_id`, `group_name`, `group_level`, `ordering`, `shared`, `published`, `created_on`, `created_by`, `modified_on`, `modified_by`, `locked_on`, `locked_by`) VALUES
(1, 1, 'admin', 0, 0, 0, 1, '0000-00-00 00:00:00', 0, '0000-00-00 00:00:00', 0, '0000-00-00 00:00:00', 0),
(2, 1, 'storeadmin', 250, 0, 0, 1, '0000-00-00 00:00:00', 0, '0000-00-00 00:00:00', 0, '0000-00-00 00:00:00', 0),
(3, 1, 'shopper', 500, 0, 0, 1, '0000-00-00 00:00:00', 0, '0000-00-00 00:00:00', 0, '0000-00-00 00:00:00', 0),
(4, 1, 'demo', 750, 0, 0, 1, '0000-00-00 00:00:00', 0, '0000-00-00 00:00:00', 0, '0000-00-00 00:00:00', 0);

-- --------------------------------------------------------

--
-- Структура таблицы `bnduv_virtuemart_products`
--

CREATE TABLE IF NOT EXISTS `bnduv_virtuemart_products` (
  `virtuemart_product_id` int(11) unsigned NOT NULL,
  `virtuemart_vendor_id` smallint(1) unsigned NOT NULL DEFAULT '1',
  `product_parent_id` int(1) unsigned NOT NULL DEFAULT '0',
  `product_sku` char(64) DEFAULT NULL,
  `product_gtin` char(64) DEFAULT NULL,
  `product_mpn` char(64) DEFAULT NULL,
  `product_weight` decimal(10,4) DEFAULT NULL,
  `product_weight_uom` char(7) DEFAULT NULL,
  `product_length` decimal(10,4) DEFAULT NULL,
  `product_width` decimal(10,4) DEFAULT NULL,
  `product_height` decimal(10,4) DEFAULT NULL,
  `product_lwh_uom` char(7) DEFAULT NULL,
  `product_url` char(255) DEFAULT NULL,
  `product_in_stock` int(1) NOT NULL DEFAULT '0',
  `product_ordered` int(1) NOT NULL DEFAULT '0',
  `low_stock_notification` int(1) unsigned NOT NULL DEFAULT '0',
  `product_available_date` datetime NOT NULL DEFAULT '0000-00-00 00:00:00',
  `product_availability` char(32) DEFAULT NULL,
  `product_special` tinyint(1) DEFAULT NULL,
  `product_sales` int(1) unsigned NOT NULL DEFAULT '0',
  `product_unit` varchar(8) DEFAULT NULL,
  `product_packaging` decimal(8,4) unsigned DEFAULT NULL,
  `product_params` varchar(2000) DEFAULT NULL,
  `hits` int(11) unsigned DEFAULT NULL,
  `intnotes` varchar(18000) DEFAULT NULL,
  `metarobot` varchar(400) DEFAULT NULL,
  `metaauthor` varchar(400) DEFAULT NULL,
  `layout` char(16) DEFAULT NULL,
  `published` tinyint(1) DEFAULT NULL,
  `pordering` mediumint(2) unsigned NOT NULL DEFAULT '0',
  `created_on` datetime NOT NULL DEFAULT '0000-00-00 00:00:00',
  `created_by` int(11) NOT NULL DEFAULT '0',
  `modified_on` datetime NOT NULL DEFAULT '0000-00-00 00:00:00',
  `modified_by` int(11) NOT NULL DEFAULT '0',
  `locked_on` datetime NOT NULL DEFAULT '0000-00-00 00:00:00',
  `locked_by` int(11) NOT NULL DEFAULT '0'
) ENGINE=MyISAM AUTO_INCREMENT=23 DEFAULT CHARSET=utf8 COMMENT='All products are stored here.';

--
-- Дамп данных таблицы `bnduv_virtuemart_products`
--

INSERT INTO `bnduv_virtuemart_products` (`virtuemart_product_id`, `virtuemart_vendor_id`, `product_parent_id`, `product_sku`, `product_gtin`, `product_mpn`, `product_weight`, `product_weight_uom`, `product_length`, `product_width`, `product_height`, `product_lwh_uom`, `product_url`, `product_in_stock`, `product_ordered`, `low_stock_notification`, `product_available_date`, `product_availability`, `product_special`, `product_sales`, `product_unit`, `product_packaging`, `product_params`, `hits`, `intnotes`, `metarobot`, `metaauthor`, `layout`, `published`, `pordering`, `created_on`, `created_by`, `modified_on`, `modified_by`, `locked_on`, `locked_by`) VALUES
(15, 1, 0, '', '', '', NULL, 'KG', NULL, NULL, NULL, 'M', '', 0, 0, 0, '2019-02-25 00:00:00', '', 0, 0, 'KG', NULL, 'min_order_level=""|max_order_level=""|step_order_level=""|product_box=""|', NULL, '', '', '', '0', 1, 0, '2019-02-27 10:22:17', 351, '2019-03-05 14:24:44', 354, '0000-00-00 00:00:00', 0),
(14, 1, 0, '', '', '', NULL, 'KG', NULL, NULL, NULL, 'M', '', 0, 0, 0, '2019-02-25 00:00:00', '', 0, 0, 'KG', NULL, 'min_order_level=""|max_order_level=""|step_order_level=""|product_box=""|', NULL, '', '', '', '0', 1, 0, '2019-02-27 08:35:42', 351, '2019-03-06 10:06:52', 354, '0000-00-00 00:00:00', 0),
(16, 1, 0, '', '', '', NULL, 'KG', NULL, NULL, NULL, 'M', '', 0, 0, 0, '2019-02-25 00:00:00', '', 0, 0, 'KG', NULL, 'min_order_level=""|max_order_level=""|step_order_level=""|product_box=""|', NULL, '', '', '', '0', 1, 0, '2019-02-27 10:22:21', 351, '2019-02-28 08:34:09', 351, '0000-00-00 00:00:00', 0),
(17, 1, 0, '', '', '', NULL, 'KG', NULL, NULL, NULL, 'M', '', 0, 0, 0, '2019-02-25 00:00:00', '', 0, 0, 'KG', NULL, 'min_order_level=""|max_order_level=""|step_order_level=""|product_box=""|', NULL, '', '', '', '0', 1, 0, '2019-02-27 10:22:21', 351, '2019-02-28 08:33:59', 351, '0000-00-00 00:00:00', 0),
(18, 1, 0, '', '', '', NULL, 'KG', NULL, NULL, NULL, 'M', '', 0, 0, 0, '2019-02-25 00:00:00', '', 0, 0, 'KG', NULL, 'min_order_level=""|max_order_level=""|step_order_level=""|product_box=""|', NULL, '', '', '', '0', 1, 0, '2019-02-27 10:22:24', 351, '2019-02-28 13:56:41', 351, '0000-00-00 00:00:00', 0),
(19, 1, 0, 'шт', '006R01683', '', NULL, 'KG', NULL, NULL, NULL, 'M', '', 0, 0, 0, '2019-02-28 00:00:00', '', 0, 0, 'KG', NULL, 'min_order_level=""|max_order_level=""|step_order_level=""|product_box=""|', NULL, '', '', '', '0', 1, 0, '2019-02-28 13:30:17', 351, '2019-03-05 14:55:42', 354, '0000-00-00 00:00:00', 0),
(22, 1, 0, 'VLC400N', 'VLC400N', '', 26.0000, 'KG', 491.0000, 399.0000, 488.0000, 'MM', '', 0, 0, 0, '2019-03-11 00:00:00', '', 0, 0, 'KG', NULL, 'min_order_level=""|max_order_level=""|step_order_level=""|product_box=""|', NULL, '', '', '', '0', 1, 0, '2019-03-11 11:58:43', 354, '2019-03-11 13:19:11', 354, '0000-00-00 00:00:00', 0);

-- --------------------------------------------------------

--
-- Структура таблицы `bnduv_virtuemart_products_en_gb`
--

CREATE TABLE IF NOT EXISTS `bnduv_virtuemart_products_en_gb` (
  `virtuemart_product_id` int(1) unsigned NOT NULL,
  `product_s_desc` varchar(2000) NOT NULL DEFAULT '',
  `product_desc` varchar(18400) NOT NULL DEFAULT '',
  `product_name` char(180) NOT NULL DEFAULT '',
  `metadesc` varchar(400) NOT NULL DEFAULT '',
  `metakey` varchar(400) NOT NULL DEFAULT '',
  `customtitle` char(255) NOT NULL DEFAULT '',
  `slug` char(192) NOT NULL DEFAULT ''
) ENGINE=MyISAM DEFAULT CHARSET=utf8;

-- --------------------------------------------------------

--
-- Структура таблицы `bnduv_virtuemart_products_ru_ru`
--

CREATE TABLE IF NOT EXISTS `bnduv_virtuemart_products_ru_ru` (
  `virtuemart_product_id` int(1) unsigned NOT NULL,
  `product_s_desc` varchar(2000) NOT NULL DEFAULT '',
  `product_desc` varchar(18400) NOT NULL DEFAULT '',
  `product_name` char(180) NOT NULL DEFAULT '',
  `metadesc` varchar(400) NOT NULL DEFAULT '',
  `metakey` varchar(400) NOT NULL DEFAULT '',
  `customtitle` char(255) NOT NULL DEFAULT '',
  `slug` char(192) NOT NULL DEFAULT ''
) ENGINE=MyISAM DEFAULT CHARSET=utf8;

--
-- Дамп данных таблицы `bnduv_virtuemart_products_ru_ru`
--

INSERT INTO `bnduv_virtuemart_products_ru_ru` (`virtuemart_product_id`, `product_s_desc`, `product_desc`, `product_name`, `metadesc`, `metakey`, `customtitle`, `slug`) VALUES
(19, '', '<h4>\r\n	В&nbsp;случае возникновения претензий по&nbsp;работоспособности картриджа, за&nbsp;исключением повреждения/поломки пользователем и&nbsp;окончания ресурса, необходимо обратиться в&nbsp;Авторизованный сервисный центр (АСЦ) в&nbsp;течение 90&nbsp;дней с&nbsp;момента приобретения картриджа. Подробнее о&nbsp;гарантии производителя на&nbsp;оригинальные расходные материалы&nbsp;&mdash; <a href="http://www.xerox.ru/products/home-and-office-products/supplies/faq-supplies/" target="blank">на&nbsp;сайте Xerox</a>.</h4>\r\n\r\n<h4>\r\n	&nbsp;</h4>\r\n\r\n<h4>\r\n	<strong>Основные характеристики</strong></h4>\r\n\r\n<table class="table-param-2">\r\n	<tbody>\r\n		<tr>\r\n			<th>\r\n				<div>\r\n					<span>Артикул</span></div>\r\n			</th>\r\n			<td>\r\n				<div>\r\n					<b>006R01683</b></div>\r\n			</td>\r\n		</tr>\r\n		<tr>\r\n			<th>\r\n				<div>\r\n					<span>Бренд</span></div>\r\n			</th>\r\n			<td>\r\n				<div>\r\n					<b>XEROX</b></div>\r\n			</td>\r\n		</tr>\r\n		<tr>\r\n			<th>\r\n				<div>\r\n					<span>Тип картриджа</span></div>\r\n			</th>\r\n			<td>\r\n				<div>\r\n					<b>Тонер-картридж/Туба с тонером</b></div>\r\n			</td>\r\n		</tr>\r\n		<tr>\r\n			<th>\r\n				<div>\r\n					<span>Цвет печати картриджа</span></div>\r\n			</th>\r\n			<td>\r\n				<div>\r\n					<b>Black</b></div>\r\n			</td>\r\n		</tr>\r\n		<tr>\r\n			<th>\r\n				<div>\r\n					<span>Ресурс</span></div>\r\n			</th>\r\n			<td>\r\n				<div>\r\n					<b>100000 (50000 х 2)</b></div>\r\n			</td>\r\n		</tr>\r\n		<tr>\r\n			<th>\r\n				<div>\r\n					<span>Страна происхождения</span></div>\r\n			</th>\r\n			<td>\r\n				<div>\r\n					<b>Китай</b></div>\r\n			</td>\r\n		</tr>\r\n		<tr>\r\n			<th>\r\n				<div>\r\n					<span>Совместимость с аппаратами</span></div>\r\n			</th>\r\n			<td>\r\n				<div>\r\n					<b>XEROX AltaLink B8045, B8055, B8065, B8075, B8090</b></div>\r\n			</td>\r\n		</tr>\r\n	</tbody>\r\n</table>', 'Тонер картридж (006R01683)', '', '', '', 'toner-kartridzh-006r01683'),
(16, '', '', 'AltaLink B8055', '', '', '', 'altalink-b8045-10-11-12-13-14-15'),
(17, '', '', 'AltaLink B8065', '', '', '', 'altalink-b8045-10-11-12-13-15'),
(14, '', '', 'AltaLink B8090', '', '', '', 'altalink-b8045-10-11-12-13'),
(18, '', '', 'AltaLink B8045', '', '', '', 'altalink-b8045-10-11-12-13-14-16'),
(22, '', '<p>\r\n	Принтер VersaLink C400N снабжен множеством функций и технологий Xerox, экономящих время и призванных ускорить обмен информацией, снизив объем неэффективных рабочих процессов. Обеспечить необходимый результат теперь стало возможным с помощью функции предварительного просмотра, а функция оптического распознавания символов (OCR) позволит расширить возможности работы с документами. Защита критически важных документов и данных реализована с помощью целого спектра функций безопасности, включая защищенную печать и идентификацию по карточкам для управления доступом. Благодаря легко настраиваемому 5-дюймовому цветному сенсорному экрану можно управлять заданиями и функциями с помощью касаний, перелистываний и мультитач-масштабирования с такой же легкостью, как на смартфоне. Предустановленные приложения Xerox&reg; ConnectKey&reg; помогают оптимизировать эффективность документооборота, а доступ к обширным ресурсам Xerox&reg; App Gallery прямо с экрана обеспечивает расширенную функциональность.</p>\r\n\r\n<div class="js-readmore" data-readmore="" id="rmjs-1">\r\n	<div>\r\n		<div class="col-md-12">\r\n			<h4>\r\n				<strong>Основные характеристики</strong></h4>\r\n\r\n			<table class="table-param-2">\r\n				<tbody>\r\n					<tr>\r\n						<th>\r\n							<div>\r\n								<span>Технология печати</span></div>\r\n						</th>\r\n						<td>\r\n							<div>\r\n								<b>Лазерный</b></div>\r\n						</td>\r\n					</tr>\r\n					<tr>\r\n						<th>\r\n							<div>\r\n								<span>Формат</span></div>\r\n						</th>\r\n						<td>\r\n							<div>\r\n								<b>А4</b></div>\r\n						</td>\r\n					</tr>\r\n					<tr>\r\n						<th>\r\n							<div>\r\n								<span>Цветность печати</span></div>\r\n						</th>\r\n						<td>\r\n							<div>\r\n								<b>Цветной</b></div>\r\n						</td>\r\n					</tr>\r\n					<tr>\r\n						<th>\r\n							<div>\r\n								<span>Сетевой интерфейс</span></div>\r\n						</th>\r\n						<td>\r\n							<div>\r\n								<b>Есть</b></div>\r\n						</td>\r\n					</tr>\r\n					<tr>\r\n						<th>\r\n							<div>\r\n								<span>Поддержка Wi-Fi</span></div>\r\n						</th>\r\n						<td>\r\n							<div>\r\n								<b>Опция</b></div>\r\n						</td>\r\n					</tr>\r\n					<tr>\r\n						<th>\r\n							<div>\r\n								<span>Автоматическая двусторонняя печать</span></div>\r\n						</th>\r\n						<td>\r\n							<div>\r\n								<b>Нет</b></div>\r\n						</td>\r\n					</tr>\r\n					<tr>\r\n						<th>\r\n							<div>\r\n								<span>Рекомендуемый объем печати (стр./мес)</span></div>\r\n						</th>\r\n						<td>\r\n							<div>\r\n								<b>10000</b></div>\r\n						</td>\r\n					</tr>\r\n					<tr>\r\n						<th>\r\n							<div>\r\n								<span>Максимальный объем печати (стр./мес.)</span></div>\r\n						</th>\r\n						<td>\r\n							<div>\r\n								<b>80000</b></div>\r\n						</td>\r\n					</tr>\r\n				</tbody>\r\n			</table>\r\n		</div>\r\n\r\n		<div class="col-md-12">\r\n			<h4>\r\n				<strong>Характеристики печати</strong></h4>\r\n\r\n			<table class="table-param-2">\r\n				<tbody>\r\n					<tr>\r\n						<th>\r\n							<div>\r\n								<span>Макс. скорость печати, ч/б А4 (стр./мин.)</span></div>\r\n						</th>\r\n						<td>\r\n							<div>\r\n								<b>35</b></div>\r\n						</td>\r\n					</tr>\r\n					<tr>\r\n						<th>\r\n							<div>\r\n								<span>Макс. скорость печати, цвет. А4 (стр./мин.)</span></div>\r\n						</th>\r\n						<td>\r\n							<div>\r\n								<b>35</b></div>\r\n						</td>\r\n					</tr>\r\n					<tr>\r\n						<th>\r\n							<div>\r\n								<span>Максимальное разрешение ч/б печати</span></div>\r\n						</th>\r\n						<td>\r\n							<div>\r\n								<b>600x600</b></div>\r\n						</td>\r\n					</tr>\r\n					<tr>\r\n						<th>\r\n							<div>\r\n								<span>Максимальное разрешение цветной печати</span></div>\r\n						</th>\r\n						<td>\r\n							<div>\r\n								<b>600x600</b></div>\r\n						</td>\r\n					</tr>\r\n					<tr>\r\n						<th>\r\n							<div>\r\n								<span>Время выхода первой страницы, ч/б (сек)</span></div>\r\n						</th>\r\n						<td>\r\n							<div>\r\n								<b>12</b></div>\r\n						</td>\r\n					</tr>\r\n					<tr>\r\n						<th>\r\n							<div>\r\n								<span>Время выхода первой страницы, цвет (сек.)</span></div>\r\n						</th>\r\n						<td>\r\n							<div>\r\n								<b>13</b></div>\r\n						</td>\r\n					</tr>\r\n					<tr>\r\n						<th>\r\n							<div>\r\n								<span>Время разогрева (сек)</span></div>\r\n						</th>\r\n						<td>\r\n							<div>\r\n								<b>60</b></div>\r\n						</td>\r\n					</tr>\r\n				</tbody>\r\n			</table>\r\n		</div>\r\n\r\n		<div class="col-md-12">\r\n			<h4>\r\n				<strong>Обработка бумаги</strong></h4>\r\n\r\n			<table class="table-param-2">\r\n				<tbody>\r\n					<tr>\r\n						<th>\r\n							<div>\r\n								<span>Емкость лотков подачи бумаги (станд.)</span></div>\r\n						</th>\r\n						<td>\r\n							<div>\r\n								<b>700</b></div>\r\n						</td>\r\n					</tr>\r\n					<tr>\r\n						<th>\r\n							<div>\r\n								<span>Емкость лотков подачи бумаги (макс.)</span></div>\r\n						</th>\r\n						<td>\r\n							<div>\r\n								<b>1250</b></div>\r\n						</td>\r\n					</tr>\r\n					<tr>\r\n						<th>\r\n							<div>\r\n								<span>Минимальная плотность бумаги (г/м2)</span></div>\r\n						</th>\r\n						<td>\r\n							<div>\r\n								<b>60</b></div>\r\n						</td>\r\n					</tr>\r\n					<tr>\r\n						<th>\r\n							<div>\r\n								<span>Максимальная плотность бумаги (г/м2)</span></div>\r\n						</th>\r\n						<td>\r\n							<div>\r\n								<b>220</b></div>\r\n						</td>\r\n					</tr>\r\n					<tr>\r\n						<th>\r\n							<div>\r\n								<span>Емкость выходных лотков (станд.)</span></div>\r\n						</th>\r\n						<td>\r\n							<div>\r\n								<b>250</b></div>\r\n						</td>\r\n					</tr>\r\n					<tr>\r\n						<th>\r\n							<div>\r\n								<span>Емкость выходных лотков (макс.)</span></div>\r\n						</th>\r\n						<td>\r\n							<div>\r\n								<b>250</b></div>\r\n						</td>\r\n					</tr>\r\n					<tr>\r\n						<th>\r\n							<div>\r\n								<span>Количество лотков подачи бумаги (станд.)</span></div>\r\n						</th>\r\n						<td>\r\n							<div>\r\n								<b>1+1</b></div>\r\n						</td>\r\n					</tr>\r\n					<tr>\r\n						<th>\r\n							<div>\r\n								<span>Количество лотков подачи бумаги (макс.)</span></div>\r\n						</th>\r\n						<td>\r\n							<div>\r\n								<b>2+1</b></div>\r\n						</td>\r\n					</tr>\r\n					<tr>\r\n						<th>\r\n							<div>\r\n								<span>Емкость лотка ручной подачи</span></div>\r\n						</th>\r\n						<td>\r\n							<div>\r\n								<b>150</b></div>\r\n						</td>\r\n					</tr>\r\n				</tbody>\r\n			</table>\r\n		</div>\r\n\r\n		<div class="col-md-12">\r\n			<h4>\r\n				<strong>Общие характеристики</strong></h4>\r\n\r\n			<table class="table-param-2">\r\n				<tbody>\r\n					<tr>\r\n						<th>\r\n							<div>\r\n								<span>Артикул</span></div>\r\n						</th>\r\n						<td>\r\n							<div>\r\n								<b>C400V_N</b></div>\r\n						</td>\r\n					</tr>\r\n					<tr>\r\n						<th>\r\n							<div>\r\n								<span>Модель</span></div>\r\n						</th>\r\n						<td>\r\n							<div>\r\n								<b>C400N</b></div>\r\n						</td>\r\n					</tr>\r\n					<tr>\r\n						<th>\r\n							<div>\r\n								<span>Печатные носители</span></div>\r\n						</th>\r\n						<td>\r\n							<div>\r\n								<b>Конвертах, Обычной бумаге, Плотной бумаге, Этикетках</b></div>\r\n						</td>\r\n					</tr>\r\n					<tr>\r\n						<th>\r\n							<div>\r\n								<span>Картридж в комплекте</span></div>\r\n						</th>\r\n						<td>\r\n							<div>\r\n								<b>Есть</b></div>\r\n						</td>\r\n					</tr>\r\n					<tr>\r\n						<th>\r\n							<div>\r\n								<span>Цвет корпуса</span></div>\r\n						</th>\r\n						<td>\r\n							<div>\r\n								<b>Белый, синий</b></div>\r\n						</td>\r\n					</tr>\r\n					<tr>\r\n						<th>\r\n							<div>\r\n								<span>Бренд</span></div>\r\n						</th>\r\n						<td>\r\n							<div>\r\n								<b>XEROX</b></div>\r\n						</td>\r\n					</tr>\r\n					<tr>\r\n						<th>\r\n							<div>\r\n								<span>Интерфейс оператора</span></div>\r\n						</th>\r\n						<td>\r\n							<div>\r\n								<b>12,7 см. цветной ЖК-дисплей (5 дюйма)</b></div>\r\n						</td>\r\n					</tr>\r\n					<tr>\r\n						<th>\r\n							<div>\r\n								<span>Мобильная печать</span></div>\r\n						</th>\r\n						<td>\r\n							<div>\r\n								<b>Да</b></div>\r\n						</td>\r\n					</tr>\r\n					<tr>\r\n						<th>\r\n							<div>\r\n								<span>Частота процессора МГц</span></div>\r\n						</th>\r\n						<td>\r\n							<div>\r\n								<b>1050</b></div>\r\n						</td>\r\n					</tr>\r\n					<tr>\r\n						<th>\r\n							<div>\r\n								<span>Стандартный объем памяти (МБ)</span></div>\r\n						</th>\r\n						<td>\r\n							<div>\r\n								<b>2048</b></div>\r\n						</td>\r\n					</tr>\r\n					<tr>\r\n						<th>\r\n							<div>\r\n								<span>Емкость жесткого диска</span></div>\r\n						</th>\r\n						<td>\r\n							<div>\r\n								<b>Отсутствует</b></div>\r\n						</td>\r\n					</tr>\r\n					<tr>\r\n						<th>\r\n							<div>\r\n								<span>Максимальная потребляемая мощность (Ватт)</span></div>\r\n						</th>\r\n						<td>\r\n							<div>\r\n								<b>705</b></div>\r\n						</td>\r\n					</tr>\r\n					<tr>\r\n						<th>\r\n							<div>\r\n								<span>Уровень шума (не более Дб)</span></div>\r\n						</th>\r\n						<td>\r\n							<div>\r\n								<b>52.3</b></div>\r\n						</td>\r\n					</tr>\r\n					<tr>\r\n						<th>\r\n							<div>\r\n								<span>Габариты</span></div>\r\n						</th>\r\n						<td>\r\n							<div>\r\n								<b>491x399x488 мм</b></div>\r\n						</td>\r\n					</tr>\r\n					<tr>\r\n						<th>\r\n							<div>\r\n								<span>Вес нетто</span></div>\r\n						</th>\r\n						<td>\r\n							<div>\r\n								<b>26 кг</b></div>\r\n						</td>\r\n					</tr>\r\n					<tr>\r\n						<th>\r\n							<div>\r\n								<span>Комплектация</span></div>\r\n						</th>\r\n						<td>\r\n							<div>\r\n								<b>сетевой кабель, диск с ПО, документация, USB кабель, 4 тонер-картриджа</b></div>\r\n						</td>\r\n					</tr>\r\n				</tbody>\r\n			</table>\r\n		</div>\r\n	</div>\r\n</div>', 'VersaLink C400N', '', '', '', 'versalink-c400n'),
(15, '', '', 'AltaLink B8075', '', '', '', 'altalink-b8045-10-11-12-13-14');

-- --------------------------------------------------------

--
-- Структура таблицы `bnduv_virtuemart_product_categories`
--

CREATE TABLE IF NOT EXISTS `bnduv_virtuemart_product_categories` (
  `id` int(11) unsigned NOT NULL,
  `virtuemart_product_id` int(1) unsigned NOT NULL DEFAULT '0',
  `virtuemart_category_id` mediumint(1) unsigned NOT NULL DEFAULT '0',
  `ordering` int(11) NOT NULL DEFAULT '0'
) ENGINE=MyISAM AUTO_INCREMENT=21 DEFAULT CHARSET=utf8 COMMENT='Maps Products to Categories';

--
-- Дамп данных таблицы `bnduv_virtuemart_product_categories`
--

INSERT INTO `bnduv_virtuemart_product_categories` (`id`, `virtuemart_product_id`, `virtuemart_category_id`, `ordering`) VALUES
(18, 18, 5, 0),
(17, 17, 5, 0),
(16, 16, 5, 0),
(19, 19, 6, 0),
(14, 14, 5, 0),
(20, 22, 7, 0),
(15, 15, 5, 0);

-- --------------------------------------------------------

--
-- Структура таблицы `bnduv_virtuemart_product_customfields`
--

CREATE TABLE IF NOT EXISTS `bnduv_virtuemart_product_customfields` (
  `virtuemart_customfield_id` int(11) unsigned NOT NULL COMMENT 'field id',
  `virtuemart_product_id` int(11) NOT NULL DEFAULT '0',
  `virtuemart_custom_id` int(11) NOT NULL DEFAULT '1' COMMENT 'custom group id',
  `custom_value` varchar(8000) DEFAULT NULL COMMENT 'field value',
  `custom_price` decimal(15,5) DEFAULT NULL COMMENT 'price',
  `custom_param` varchar(12800) DEFAULT NULL COMMENT 'Param for Plugins',
  `published` tinyint(1) NOT NULL DEFAULT '1',
  `created_on` datetime NOT NULL DEFAULT '0000-00-00 00:00:00',
  `created_by` int(1) unsigned NOT NULL DEFAULT '0',
  `modified_on` datetime NOT NULL DEFAULT '0000-00-00 00:00:00',
  `modified_by` int(1) unsigned NOT NULL DEFAULT '0',
  `locked_on` datetime NOT NULL DEFAULT '0000-00-00 00:00:00',
  `locked_by` int(1) unsigned NOT NULL DEFAULT '0',
  `ordering` int(2) NOT NULL DEFAULT '0'
) ENGINE=MyISAM AUTO_INCREMENT=69 DEFAULT CHARSET=utf8 COMMENT='custom fields';

--
-- Дамп данных таблицы `bnduv_virtuemart_product_customfields`
--

INSERT INTO `bnduv_virtuemart_product_customfields` (`virtuemart_customfield_id`, `virtuemart_product_id`, `virtuemart_custom_id`, `custom_value`, `custom_price`, `custom_param`, `published`, `created_on`, `created_by`, `modified_on`, `modified_by`, `locked_on`, `locked_by`, `ordering`) VALUES
(63, 22, 13, '35', NULL, '', 0, '0000-00-00 00:00:00', 0, '2019-03-11 13:19:11', 354, '0000-00-00 00:00:00', 0, 5),
(62, 22, 9, 'Принтер', NULL, '', 0, '0000-00-00 00:00:00', 0, '2019-03-11 13:19:11', 354, '0000-00-00 00:00:00', 0, 4),
(61, 22, 8, '600x600', NULL, '', 0, '0000-00-00 00:00:00', 0, '2019-03-11 13:19:11', 354, '0000-00-00 00:00:00', 0, 3),
(60, 22, 6, 'ЦВЕТНОЙ', NULL, '', 0, '0000-00-00 00:00:00', 0, '2019-03-11 13:19:11', 354, '0000-00-00 00:00:00', 0, 2),
(59, 22, 7, 'ЛАЗЕРНАЯ', NULL, '', 0, '0000-00-00 00:00:00', 0, '2019-03-11 13:19:11', 354, '0000-00-00 00:00:00', 0, 1),
(58, 22, 4, ' A4', NULL, '', 0, '0000-00-00 00:00:00', 0, '2019-03-11 13:19:11', 354, '0000-00-00 00:00:00', 0, 0),
(9, 14, 4, 'A3', NULL, '', 0, '0000-00-00 00:00:00', 0, '2019-03-06 10:06:52', 354, '0000-00-00 00:00:00', 0, 0),
(10, 14, 7, ' СВЕТОДИОДНАЯ', NULL, '', 0, '0000-00-00 00:00:00', 0, '2019-03-06 10:06:52', 354, '0000-00-00 00:00:00', 0, 1),
(11, 14, 6, ' МОНОХРОМНЫЙ', NULL, '', 0, '0000-00-00 00:00:00', 0, '2019-03-06 10:06:52', 354, '0000-00-00 00:00:00', 0, 2),
(12, 14, 8, '1200', NULL, '', 0, '0000-00-00 00:00:00', 0, '2019-03-06 10:06:52', 354, '0000-00-00 00:00:00', 0, 3),
(13, 14, 9, ' МФУ', NULL, '', 0, '0000-00-00 00:00:00', 0, '2019-03-06 10:06:52', 354, '0000-00-00 00:00:00', 0, 4),
(14, 14, 10, '1', NULL, '', 0, '0000-00-00 00:00:00', 0, '2019-03-06 10:06:52', 354, '0000-00-00 00:00:00', 0, 5),
(15, 14, 12, '1', NULL, '', 0, '0000-00-00 00:00:00', 0, '2019-03-06 10:06:52', 354, '0000-00-00 00:00:00', 0, 6),
(16, 14, 13, '90', NULL, '', 0, '0000-00-00 00:00:00', 0, '2019-03-06 10:06:52', 354, '0000-00-00 00:00:00', 0, 7),
(17, 15, 4, 'A3', NULL, '', 0, '2019-02-27 10:22:17', 351, '2019-03-05 14:24:44', 354, '0000-00-00 00:00:00', 0, 0),
(18, 15, 7, ' СВЕТОДИОДНАЯ', NULL, '', 0, '2019-02-27 10:22:17', 351, '2019-03-05 14:24:44', 354, '0000-00-00 00:00:00', 0, 1),
(19, 15, 6, ' МОНОХРОМНЫЙ', NULL, '', 0, '2019-02-27 10:22:17', 351, '2019-03-05 14:24:44', 354, '0000-00-00 00:00:00', 0, 2),
(20, 15, 8, '1200', NULL, '', 0, '2019-02-27 10:22:17', 351, '2019-03-05 14:24:44', 354, '0000-00-00 00:00:00', 0, 3),
(21, 15, 9, ' МФУ', NULL, '', 0, '2019-02-27 10:22:17', 351, '2019-03-05 14:24:44', 354, '0000-00-00 00:00:00', 0, 4),
(22, 15, 10, '1', NULL, '', 0, '2019-02-27 10:22:17', 351, '2019-03-05 14:24:44', 354, '0000-00-00 00:00:00', 0, 5),
(23, 15, 12, '1', NULL, '', 0, '2019-02-27 10:22:17', 351, '2019-03-05 14:24:44', 354, '0000-00-00 00:00:00', 0, 6),
(24, 15, 13, '75', NULL, '', 0, '2019-02-27 10:22:17', 351, '2019-03-05 14:24:44', 354, '0000-00-00 00:00:00', 0, 7),
(25, 16, 4, 'A3', NULL, '', 0, '2019-02-27 10:22:17', 351, '2019-02-28 08:34:09', 351, '0000-00-00 00:00:00', 0, 0),
(26, 16, 7, ' СВЕТОДИОДНАЯ', NULL, '', 0, '2019-02-27 10:22:17', 351, '2019-02-28 08:34:09', 351, '0000-00-00 00:00:00', 0, 1),
(27, 16, 6, ' МОНОХРОМНЫЙ', NULL, '', 0, '2019-02-27 10:22:17', 351, '2019-02-28 08:34:09', 351, '0000-00-00 00:00:00', 0, 2),
(28, 16, 8, '1200', NULL, '', 0, '2019-02-27 10:22:17', 351, '2019-02-28 08:34:09', 351, '0000-00-00 00:00:00', 0, 3),
(29, 16, 9, ' МФУ', NULL, '', 0, '2019-02-27 10:22:17', 351, '2019-02-28 08:34:09', 351, '0000-00-00 00:00:00', 0, 4),
(30, 16, 10, '1', NULL, '', 0, '2019-02-27 10:22:17', 351, '2019-02-28 08:34:09', 351, '0000-00-00 00:00:00', 0, 5),
(31, 16, 12, '1', NULL, '', 0, '2019-02-27 10:22:17', 351, '2019-02-28 08:34:09', 351, '0000-00-00 00:00:00', 0, 6),
(32, 16, 13, '55', NULL, '', 0, '2019-02-27 10:22:17', 351, '2019-02-28 08:34:09', 351, '0000-00-00 00:00:00', 0, 7),
(33, 17, 4, 'A3', NULL, '', 0, '2019-02-27 10:22:21', 351, '2019-02-28 08:33:59', 351, '0000-00-00 00:00:00', 0, 0),
(34, 17, 7, ' СВЕТОДИОДНАЯ', NULL, '', 0, '2019-02-27 10:22:21', 351, '2019-02-28 08:33:59', 351, '0000-00-00 00:00:00', 0, 1),
(35, 17, 6, ' МОНОХРОМНЫЙ', NULL, '', 0, '2019-02-27 10:22:21', 351, '2019-02-28 08:33:59', 351, '0000-00-00 00:00:00', 0, 2),
(36, 17, 8, '1200', NULL, '', 0, '2019-02-27 10:22:21', 351, '2019-02-28 08:33:59', 351, '0000-00-00 00:00:00', 0, 3),
(37, 17, 9, ' МФУ', NULL, '', 0, '2019-02-27 10:22:21', 351, '2019-02-28 08:33:59', 351, '0000-00-00 00:00:00', 0, 4),
(38, 17, 10, '1', NULL, '', 0, '2019-02-27 10:22:21', 351, '2019-02-28 08:33:59', 351, '0000-00-00 00:00:00', 0, 5),
(39, 17, 12, '1', NULL, '', 0, '2019-02-27 10:22:21', 351, '2019-02-28 08:33:59', 351, '0000-00-00 00:00:00', 0, 6),
(40, 17, 13, '65', NULL, '', 0, '2019-02-27 10:22:21', 351, '2019-02-28 08:33:59', 351, '0000-00-00 00:00:00', 0, 7),
(41, 18, 4, 'A3', NULL, '', 0, '2019-02-27 10:22:17', 351, '2019-02-28 13:56:41', 351, '0000-00-00 00:00:00', 0, 0),
(42, 18, 7, ' СВЕТОДИОДНАЯ', NULL, '', 0, '2019-02-27 10:22:17', 351, '2019-02-28 13:56:41', 351, '0000-00-00 00:00:00', 0, 1),
(43, 18, 6, ' МОНОХРОМНЫЙ', NULL, '', 0, '2019-02-27 10:22:17', 351, '2019-02-28 13:56:41', 351, '0000-00-00 00:00:00', 0, 2),
(44, 18, 8, '1200', NULL, '', 0, '2019-02-27 10:22:17', 351, '2019-02-28 13:56:41', 351, '0000-00-00 00:00:00', 0, 3),
(45, 18, 9, ' МФУ', NULL, '', 0, '2019-02-27 10:22:17', 351, '2019-02-28 13:56:41', 351, '0000-00-00 00:00:00', 0, 4),
(46, 18, 10, '1', NULL, '', 0, '2019-02-27 10:22:17', 351, '2019-02-28 13:56:41', 351, '0000-00-00 00:00:00', 0, 5),
(47, 18, 12, '1', NULL, '', 0, '2019-02-27 10:22:17', 351, '2019-02-28 13:56:41', 351, '0000-00-00 00:00:00', 0, 6),
(48, 18, 13, '45', NULL, '', 0, '2019-02-27 10:22:17', 351, '2019-02-28 13:56:41', 351, '0000-00-00 00:00:00', 0, 7),
(49, 14, 14, '90', NULL, '', 0, '0000-00-00 00:00:00', 0, '2019-03-06 10:06:52', 354, '0000-00-00 00:00:00', 0, 8),
(50, 15, 14, '75', NULL, '', 0, '0000-00-00 00:00:00', 0, '2019-03-05 14:24:44', 354, '0000-00-00 00:00:00', 0, 8),
(51, 17, 14, '65', NULL, '', 0, '0000-00-00 00:00:00', 0, '2019-02-28 08:33:59', 351, '0000-00-00 00:00:00', 0, 8),
(52, 16, 14, '55', NULL, '', 0, '0000-00-00 00:00:00', 0, '2019-02-28 08:34:09', 351, '0000-00-00 00:00:00', 0, 8),
(53, 18, 14, '45', NULL, '', 0, '0000-00-00 00:00:00', 0, '2019-02-28 13:56:41', 351, '0000-00-00 00:00:00', 0, 8),
(54, 19, 16, '65000', NULL, '', 0, '0000-00-00 00:00:00', 0, '2019-03-05 14:55:42', 354, '0000-00-00 00:00:00', 0, 0),
(55, 19, 17, '', NULL, '', 0, '0000-00-00 00:00:00', 0, '2019-03-05 14:55:42', 354, '0000-00-00 00:00:00', 0, 1),
(56, 19, 18, 'Тонер', NULL, '', 0, '0000-00-00 00:00:00', 0, '2019-03-05 14:55:42', 354, '0000-00-00 00:00:00', 0, 2),
(57, 18, 1, '19', NULL, '', 0, '0000-00-00 00:00:00', 0, '2019-02-28 13:56:41', 351, '0000-00-00 00:00:00', 0, 0),
(64, 22, 14, '35', NULL, '', 0, '0000-00-00 00:00:00', 0, '2019-03-11 13:19:11', 354, '0000-00-00 00:00:00', 0, 6),
(65, 22, 10, '1', NULL, '', 0, '0000-00-00 00:00:00', 0, '2019-03-11 13:19:11', 354, '0000-00-00 00:00:00', 0, 7),
(66, 22, 11, '0', NULL, '', 0, '0000-00-00 00:00:00', 0, '2019-03-11 13:19:11', 354, '0000-00-00 00:00:00', 0, 8),
(67, 22, 12, '0', NULL, '', 0, '0000-00-00 00:00:00', 0, '2019-03-11 13:19:11', 354, '0000-00-00 00:00:00', 0, 9),
(68, 22, 15, '', NULL, '', 0, '0000-00-00 00:00:00', 0, '2019-03-11 13:19:11', 354, '0000-00-00 00:00:00', 0, 10);

-- --------------------------------------------------------

--
-- Структура таблицы `bnduv_virtuemart_product_manufacturers`
--

CREATE TABLE IF NOT EXISTS `bnduv_virtuemart_product_manufacturers` (
  `id` int(11) unsigned NOT NULL,
  `virtuemart_product_id` int(11) DEFAULT NULL,
  `virtuemart_manufacturer_id` smallint(1) unsigned DEFAULT NULL
) ENGINE=MyISAM AUTO_INCREMENT=13 DEFAULT CHARSET=utf8 COMMENT='Maps a product to a manufacturer';

--
-- Дамп данных таблицы `bnduv_virtuemart_product_manufacturers`
--

INSERT INTO `bnduv_virtuemart_product_manufacturers` (`id`, `virtuemart_product_id`, `virtuemart_manufacturer_id`) VALUES
(12, 22, 1),
(7, 15, 1),
(8, 16, 1),
(9, 17, 1),
(10, 18, 1),
(6, 14, 1),
(11, 19, 1);

-- --------------------------------------------------------

--
-- Структура таблицы `bnduv_virtuemart_product_medias`
--

CREATE TABLE IF NOT EXISTS `bnduv_virtuemart_product_medias` (
  `id` int(11) unsigned NOT NULL,
  `virtuemart_product_id` int(1) unsigned NOT NULL DEFAULT '0',
  `virtuemart_media_id` int(1) unsigned NOT NULL DEFAULT '0',
  `ordering` int(2) NOT NULL DEFAULT '0'
) ENGINE=MyISAM AUTO_INCREMENT=22 DEFAULT CHARSET=utf8;

--
-- Дамп данных таблицы `bnduv_virtuemart_product_medias`
--

INSERT INTO `bnduv_virtuemart_product_medias` (`id`, `virtuemart_product_id`, `virtuemart_media_id`, `ordering`) VALUES
(18, 18, 12, 1),
(17, 17, 12, 1),
(16, 16, 12, 1),
(14, 14, 12, 1),
(21, 22, 144, 1),
(15, 15, 12, 1),
(20, 19, 17, 1);

-- --------------------------------------------------------

--
-- Структура таблицы `bnduv_virtuemart_product_prices`
--

CREATE TABLE IF NOT EXISTS `bnduv_virtuemart_product_prices` (
  `virtuemart_product_price_id` int(11) unsigned NOT NULL,
  `virtuemart_product_id` int(1) unsigned NOT NULL DEFAULT '0',
  `virtuemart_shoppergroup_id` int(11) DEFAULT NULL,
  `product_price` decimal(15,5) DEFAULT NULL,
  `override` tinyint(1) DEFAULT NULL,
  `product_override_price` decimal(15,5) DEFAULT NULL,
  `product_tax_id` int(11) DEFAULT NULL,
  `product_discount_id` int(11) DEFAULT NULL,
  `product_currency` smallint(1) DEFAULT NULL,
  `product_price_publish_up` datetime DEFAULT NULL,
  `product_price_publish_down` datetime DEFAULT NULL,
  `price_quantity_start` int(11) unsigned DEFAULT NULL,
  `price_quantity_end` int(11) unsigned DEFAULT NULL,
  `created_on` datetime NOT NULL DEFAULT '0000-00-00 00:00:00',
  `created_by` int(11) NOT NULL DEFAULT '0',
  `modified_on` datetime NOT NULL DEFAULT '0000-00-00 00:00:00',
  `modified_by` int(11) NOT NULL DEFAULT '0',
  `locked_on` datetime NOT NULL DEFAULT '0000-00-00 00:00:00',
  `locked_by` int(11) NOT NULL DEFAULT '0'
) ENGINE=MyISAM AUTO_INCREMENT=13 DEFAULT CHARSET=utf8 COMMENT='Holds price records for a product';

--
-- Дамп данных таблицы `bnduv_virtuemart_product_prices`
--

INSERT INTO `bnduv_virtuemart_product_prices` (`virtuemart_product_price_id`, `virtuemart_product_id`, `virtuemart_shoppergroup_id`, `product_price`, `override`, `product_override_price`, `product_tax_id`, `product_discount_id`, `product_currency`, `product_price_publish_up`, `product_price_publish_down`, `price_quantity_start`, `price_quantity_end`, `created_on`, `created_by`, `modified_on`, `modified_by`, `locked_on`, `locked_by`) VALUES
(11, 15, 0, 950000.00000, 0, 0.00000, -1, 0, 131, '0000-00-00 00:00:00', '0000-00-00 00:00:00', 0, 0, '2019-03-05 14:23:35', 351, '2019-03-05 14:24:44', 354, '0000-00-00 00:00:00', 0),
(10, 14, 0, 25017.00000, 0, 0.00000, -1, 0, 144, '0000-00-00 00:00:00', '0000-00-00 00:00:00', 0, 0, '2019-03-05 13:28:26', 351, '2019-03-06 10:06:52', 354, '0000-00-00 00:00:00', 0),
(12, 22, 0, 34070.00000, 0, 0.00000, -1, 0, 131, '0000-00-00 00:00:00', '0000-00-00 00:00:00', 0, 0, '2019-03-11 11:58:43', 354, '2019-03-11 13:19:11', 354, '0000-00-00 00:00:00', 0);

-- --------------------------------------------------------

--
-- Структура таблицы `bnduv_virtuemart_product_shoppergroups`
--

CREATE TABLE IF NOT EXISTS `bnduv_virtuemart_product_shoppergroups` (
  `id` int(11) unsigned NOT NULL,
  `virtuemart_product_id` int(1) unsigned NOT NULL DEFAULT '0',
  `virtuemart_shoppergroup_id` smallint(1) unsigned NOT NULL DEFAULT '0'
) ENGINE=MyISAM DEFAULT CHARSET=utf8 COMMENT='Maps Products to Categories';

-- --------------------------------------------------------

--
-- Структура таблицы `bnduv_virtuemart_ratings`
--

CREATE TABLE IF NOT EXISTS `bnduv_virtuemart_ratings` (
  `virtuemart_rating_id` int(11) unsigned NOT NULL,
  `virtuemart_product_id` int(1) unsigned NOT NULL DEFAULT '0',
  `rates` int(11) NOT NULL DEFAULT '0',
  `ratingcount` int(1) unsigned NOT NULL DEFAULT '0',
  `rating` decimal(10,1) NOT NULL DEFAULT '0.0',
  `published` tinyint(1) NOT NULL DEFAULT '1',
  `created_on` datetime NOT NULL DEFAULT '0000-00-00 00:00:00',
  `created_by` int(11) NOT NULL DEFAULT '0',
  `modified_on` datetime NOT NULL DEFAULT '0000-00-00 00:00:00',
  `modified_by` int(11) NOT NULL DEFAULT '0'
) ENGINE=MyISAM DEFAULT CHARSET=utf8 COMMENT='Stores all ratings for a product';

-- --------------------------------------------------------

--
-- Структура таблицы `bnduv_virtuemart_rating_reviews`
--

CREATE TABLE IF NOT EXISTS `bnduv_virtuemart_rating_reviews` (
  `virtuemart_rating_review_id` int(11) unsigned NOT NULL,
  `virtuemart_product_id` int(1) unsigned NOT NULL DEFAULT '0',
  `comment` varchar(18000) DEFAULT NULL,
  `review_ok` tinyint(1) NOT NULL DEFAULT '0',
  `review_rates` int(1) unsigned NOT NULL DEFAULT '0',
  `review_ratingcount` int(1) unsigned NOT NULL DEFAULT '0',
  `review_rating` decimal(10,2) NOT NULL DEFAULT '0.00',
  `review_editable` tinyint(1) NOT NULL DEFAULT '1',
  `lastip` char(50) NOT NULL DEFAULT '0',
  `published` tinyint(1) NOT NULL DEFAULT '1',
  `created_on` datetime NOT NULL DEFAULT '0000-00-00 00:00:00',
  `created_by` int(11) NOT NULL DEFAULT '0',
  `modified_on` datetime NOT NULL DEFAULT '0000-00-00 00:00:00',
  `modified_by` int(11) NOT NULL DEFAULT '0',
  `locked_on` datetime NOT NULL DEFAULT '0000-00-00 00:00:00',
  `locked_by` int(11) NOT NULL DEFAULT '0'
) ENGINE=MyISAM DEFAULT CHARSET=utf8;

-- --------------------------------------------------------

--
-- Структура таблицы `bnduv_virtuemart_rating_votes`
--

CREATE TABLE IF NOT EXISTS `bnduv_virtuemart_rating_votes` (
  `virtuemart_rating_vote_id` int(11) unsigned NOT NULL,
  `virtuemart_product_id` int(1) unsigned NOT NULL DEFAULT '0',
  `vote` int(11) NOT NULL DEFAULT '0',
  `lastip` char(50) NOT NULL DEFAULT '0',
  `created_on` datetime NOT NULL DEFAULT '0000-00-00 00:00:00',
  `created_by` int(11) NOT NULL DEFAULT '0',
  `modified_on` datetime NOT NULL DEFAULT '0000-00-00 00:00:00',
  `modified_by` int(11) NOT NULL DEFAULT '0'
) ENGINE=MyISAM DEFAULT CHARSET=utf8 COMMENT='Stores all ratings for a product';

-- --------------------------------------------------------

--
-- Структура таблицы `bnduv_virtuemart_shipmentmethods`
--

CREATE TABLE IF NOT EXISTS `bnduv_virtuemart_shipmentmethods` (
  `virtuemart_shipmentmethod_id` mediumint(1) unsigned NOT NULL,
  `virtuemart_vendor_id` smallint(11) NOT NULL DEFAULT '1',
  `shipment_jplugin_id` int(11) NOT NULL DEFAULT '0',
  `shipment_element` char(50) NOT NULL DEFAULT '',
  `shipment_params` varchar(19000) DEFAULT NULL,
  `ordering` int(2) NOT NULL DEFAULT '0',
  `shared` tinyint(1) NOT NULL DEFAULT '0',
  `published` tinyint(1) NOT NULL DEFAULT '1',
  `created_on` datetime NOT NULL DEFAULT '0000-00-00 00:00:00',
  `created_by` int(11) NOT NULL DEFAULT '0',
  `modified_on` datetime NOT NULL DEFAULT '0000-00-00 00:00:00',
  `modified_by` int(11) NOT NULL DEFAULT '0',
  `locked_on` datetime NOT NULL DEFAULT '0000-00-00 00:00:00',
  `locked_by` int(11) NOT NULL DEFAULT '0'
) ENGINE=MyISAM AUTO_INCREMENT=3 DEFAULT CHARSET=utf8 COMMENT='Shipment created from the shipment plugins';

--
-- Дамп данных таблицы `bnduv_virtuemart_shipmentmethods`
--

INSERT INTO `bnduv_virtuemart_shipmentmethods` (`virtuemart_shipmentmethod_id`, `virtuemart_vendor_id`, `shipment_jplugin_id`, `shipment_element`, `shipment_params`, `ordering`, `shared`, `published`, `created_on`, `created_by`, `modified_on`, `modified_by`, `locked_on`, `locked_by`) VALUES
(1, 1, 10044, 'weight_countries', 'shipment_logos=""|countries=""|zip_start=""|zip_stop=""|weight_start=""|weight_stop=""|weight_unit=""|nbproducts_start=0|nbproducts_stop=0|orderamount_start=""|orderamount_stop=""|cost=""|package_fee=""|tax_id=""|free_shipment=""|', 0, 0, 1, '2014-05-21 07:01:45', 351, '2014-05-21 07:01:45', 351, '0000-00-00 00:00:00', 0),
(2, 1, 10044, 'weight_countries', 'shipment_logos=""|countries=""|zip_start=""|zip_stop=""|weight_start=""|weight_stop=""|weight_unit=""|nbproducts_start=0|nbproducts_stop=0|orderamount_start=""|orderamount_stop=""|cost=""|package_fee=""|tax_id=""|free_shipment=""|', 0, 0, 1, '2014-05-21 07:02:09', 351, '2014-05-21 07:02:09', 351, '0000-00-00 00:00:00', 0);

-- --------------------------------------------------------

--
-- Структура таблицы `bnduv_virtuemart_shipmentmethods_en_gb`
--

CREATE TABLE IF NOT EXISTS `bnduv_virtuemart_shipmentmethods_en_gb` (
  `virtuemart_shipmentmethod_id` int(1) unsigned NOT NULL,
  `shipment_name` char(180) NOT NULL DEFAULT '',
  `shipment_desc` varchar(19000) NOT NULL DEFAULT '',
  `slug` char(192) NOT NULL DEFAULT ''
) ENGINE=MyISAM DEFAULT CHARSET=utf8;

-- --------------------------------------------------------

--
-- Структура таблицы `bnduv_virtuemart_shipmentmethods_ru_ru`
--

CREATE TABLE IF NOT EXISTS `bnduv_virtuemart_shipmentmethods_ru_ru` (
  `virtuemart_shipmentmethod_id` int(1) unsigned NOT NULL,
  `shipment_name` char(180) NOT NULL DEFAULT '',
  `shipment_desc` varchar(19000) NOT NULL DEFAULT '',
  `slug` char(192) NOT NULL DEFAULT ''
) ENGINE=MyISAM DEFAULT CHARSET=utf8;

--
-- Дамп данных таблицы `bnduv_virtuemart_shipmentmethods_ru_ru`
--

INSERT INTO `bnduv_virtuemart_shipmentmethods_ru_ru` (`virtuemart_shipmentmethod_id`, `shipment_name`, `shipment_desc`, `slug`) VALUES
(1, 'Курьерская доставка', 'Доставка товара курьером', 'kurerskaya-dostavka'),
(2, 'Самовывоз', 'Самовывоз товара с точки выдачи', 'samovyvoz');

-- --------------------------------------------------------

--
-- Структура таблицы `bnduv_virtuemart_shipmentmethod_shoppergroups`
--

CREATE TABLE IF NOT EXISTS `bnduv_virtuemart_shipmentmethod_shoppergroups` (
  `id` int(11) unsigned NOT NULL,
  `virtuemart_shipmentmethod_id` mediumint(1) unsigned DEFAULT NULL,
  `virtuemart_shoppergroup_id` smallint(1) unsigned NOT NULL DEFAULT '0'
) ENGINE=MyISAM DEFAULT CHARSET=utf8 COMMENT='xref table for shipment to shoppergroup';

-- --------------------------------------------------------

--
-- Структура таблицы `bnduv_virtuemart_shipment_plg_weight_countries`
--

CREATE TABLE IF NOT EXISTS `bnduv_virtuemart_shipment_plg_weight_countries` (
  `id` int(1) unsigned NOT NULL,
  `virtuemart_order_id` int(11) unsigned DEFAULT NULL,
  `order_number` char(32) DEFAULT NULL,
  `virtuemart_shipmentmethod_id` mediumint(1) unsigned DEFAULT NULL,
  `shipment_name` varchar(5000) DEFAULT NULL,
  `order_weight` decimal(10,4) DEFAULT NULL,
  `shipment_weight_unit` char(3) DEFAULT 'KG',
  `shipment_cost` decimal(10,2) DEFAULT NULL,
  `shipment_package_fee` decimal(10,2) DEFAULT NULL,
  `tax_id` smallint(1) DEFAULT NULL,
  `created_on` datetime NOT NULL DEFAULT '0000-00-00 00:00:00',
  `created_by` int(11) NOT NULL DEFAULT '0',
  `modified_on` datetime NOT NULL DEFAULT '0000-00-00 00:00:00',
  `modified_by` int(11) NOT NULL DEFAULT '0',
  `locked_on` datetime NOT NULL DEFAULT '0000-00-00 00:00:00',
  `locked_by` int(11) NOT NULL DEFAULT '0'
) ENGINE=MyISAM AUTO_INCREMENT=12 DEFAULT CHARSET=utf8 COMMENT='Shipment Weight Countries Table';

--
-- Дамп данных таблицы `bnduv_virtuemart_shipment_plg_weight_countries`
--

INSERT INTO `bnduv_virtuemart_shipment_plg_weight_countries` (`id`, `virtuemart_order_id`, `order_number`, `virtuemart_shipmentmethod_id`, `shipment_name`, `order_weight`, `shipment_weight_unit`, `shipment_cost`, `shipment_package_fee`, `tax_id`, `created_on`, `created_by`, `modified_on`, `modified_by`, `locked_on`, `locked_by`) VALUES
(7, 7, '117b03', 2, '<span class="vmshipment_name">Самовывоз</span><span class="vmshipment_description">Самовывоз товара с точки выдачи</span>', 0.0000, '', 0.00, 0.00, 0, '2019-03-04 15:33:51', 0, '2019-03-04 15:33:51', 0, '0000-00-00 00:00:00', 0),
(8, 8, '29d304', 2, '<span class="vmshipment_name">Самовывоз</span><span class="vmshipment_description">Самовывоз товара с точки выдачи</span>', 0.0000, '', 0.00, 0.00, 0, '2019-03-05 09:41:56', 0, '2019-03-05 09:41:56', 0, '0000-00-00 00:00:00', 0),
(9, 9, '4cf305', 2, '<span class="vmshipment_name">Самовывоз</span><span class="vmshipment_description">Самовывоз товара с точки выдачи</span>', 0.0000, '', 0.00, 0.00, 0, '2019-03-05 09:47:34', 0, '2019-03-05 09:47:34', 0, '0000-00-00 00:00:00', 0),
(10, 10, '621b06', 2, '<span class="vmshipment_name">Самовывоз</span><span class="vmshipment_description">Самовывоз товара с точки выдачи</span>', 0.0000, '', 0.00, 0.00, 0, '2019-03-05 10:46:41', 0, '2019-03-05 10:46:41', 0, '0000-00-00 00:00:00', 0),
(11, 11, 'dae007', 1, '<span class="vmshipment_name">Курьерская доставка</span><span class="vmshipment_description">Доставка товара курьером</span>', 0.0000, '', 0.00, 0.00, 0, '2019-03-05 10:51:53', 353, '2019-03-05 10:51:53', 353, '0000-00-00 00:00:00', 0);

-- --------------------------------------------------------

--
-- Структура таблицы `bnduv_virtuemart_shoppergroups`
--

CREATE TABLE IF NOT EXISTS `bnduv_virtuemart_shoppergroups` (
  `virtuemart_shoppergroup_id` int(11) unsigned NOT NULL,
  `virtuemart_vendor_id` smallint(11) NOT NULL DEFAULT '1',
  `shopper_group_name` char(64) DEFAULT NULL,
  `shopper_group_desc` char(128) DEFAULT NULL,
  `custom_price_display` tinyint(1) NOT NULL DEFAULT '0',
  `price_display` blob,
  `default` tinyint(1) NOT NULL DEFAULT '0',
  `ordering` int(2) NOT NULL DEFAULT '0',
  `shared` tinyint(1) NOT NULL DEFAULT '0',
  `published` tinyint(1) NOT NULL DEFAULT '1',
  `created_on` datetime NOT NULL DEFAULT '0000-00-00 00:00:00',
  `created_by` int(11) NOT NULL DEFAULT '0',
  `modified_on` datetime NOT NULL DEFAULT '0000-00-00 00:00:00',
  `modified_by` int(11) NOT NULL DEFAULT '0',
  `locked_on` datetime NOT NULL DEFAULT '0000-00-00 00:00:00',
  `locked_by` int(11) NOT NULL DEFAULT '0'
) ENGINE=MyISAM AUTO_INCREMENT=3 DEFAULT CHARSET=utf8 COMMENT='Shopper Groups that users can be assigned to';

--
-- Дамп данных таблицы `bnduv_virtuemart_shoppergroups`
--

INSERT INTO `bnduv_virtuemart_shoppergroups` (`virtuemart_shoppergroup_id`, `virtuemart_vendor_id`, `shopper_group_name`, `shopper_group_desc`, `custom_price_display`, `price_display`, `default`, `ordering`, `shared`, `published`, `created_on`, `created_by`, `modified_on`, `modified_by`, `locked_on`, `locked_by`) VALUES
(2, 1, 'COM_VIRTUEMART_SHOPPERGROUP_DEFAULT', 'COM_VIRTUEMART_SHOPPERGROUP_DEFAULT_DESCR', 0, NULL, 1, 0, 1, 1, '0000-00-00 00:00:00', 0, '0000-00-00 00:00:00', 0, '0000-00-00 00:00:00', 0),
(1, 1, 'COM_VIRTUEMART_SHOPPERGROUP_GUEST', 'COM_VIRTUEMART_SHOPPERGROUP_GUEST_DESCR', 0, NULL, 2, 0, 1, 1, '0000-00-00 00:00:00', 0, '0000-00-00 00:00:00', 0, '0000-00-00 00:00:00', 0);

-- --------------------------------------------------------

--
-- Структура таблицы `bnduv_virtuemart_states`
--

CREATE TABLE IF NOT EXISTS `bnduv_virtuemart_states` (
  `virtuemart_state_id` smallint(1) unsigned NOT NULL,
  `virtuemart_vendor_id` smallint(1) unsigned NOT NULL DEFAULT '1',
  `virtuemart_country_id` smallint(1) unsigned NOT NULL DEFAULT '1',
  `virtuemart_worldzone_id` smallint(1) unsigned NOT NULL DEFAULT '0',
  `state_name` char(64) DEFAULT NULL,
  `state_3_code` char(3) DEFAULT NULL,
  `state_2_code` char(2) DEFAULT NULL,
  `ordering` int(2) NOT NULL DEFAULT '0',
  `shared` tinyint(1) NOT NULL DEFAULT '0',
  `published` tinyint(1) NOT NULL DEFAULT '1',
  `created_on` datetime NOT NULL DEFAULT '0000-00-00 00:00:00',
  `created_by` int(11) NOT NULL DEFAULT '0',
  `modified_on` datetime NOT NULL DEFAULT '0000-00-00 00:00:00',
  `modified_by` int(11) NOT NULL DEFAULT '0',
  `locked_on` datetime NOT NULL DEFAULT '0000-00-00 00:00:00',
  `locked_by` int(11) NOT NULL DEFAULT '0'
) ENGINE=MyISAM AUTO_INCREMENT=730 DEFAULT CHARSET=utf8 COMMENT='States that are assigned to a country';

--
-- Дамп данных таблицы `bnduv_virtuemart_states`
--

INSERT INTO `bnduv_virtuemart_states` (`virtuemart_state_id`, `virtuemart_vendor_id`, `virtuemart_country_id`, `virtuemart_worldzone_id`, `state_name`, `state_3_code`, `state_2_code`, `ordering`, `shared`, `published`, `created_on`, `created_by`, `modified_on`, `modified_by`, `locked_on`, `locked_by`) VALUES
(1, 1, 223, 0, 'Alabama', 'ALA', 'AL', 0, 0, 1, '0000-00-00 00:00:00', 0, '0000-00-00 00:00:00', 0, '0000-00-00 00:00:00', 0),
(2, 1, 223, 0, 'Alaska', 'ALK', 'AK', 0, 0, 1, '0000-00-00 00:00:00', 0, '0000-00-00 00:00:00', 0, '0000-00-00 00:00:00', 0),
(3, 1, 223, 0, 'Arizona', 'ARZ', 'AZ', 0, 0, 1, '0000-00-00 00:00:00', 0, '0000-00-00 00:00:00', 0, '0000-00-00 00:00:00', 0),
(4, 1, 223, 0, 'Arkansas', 'ARK', 'AR', 0, 0, 1, '0000-00-00 00:00:00', 0, '0000-00-00 00:00:00', 0, '0000-00-00 00:00:00', 0),
(5, 1, 223, 0, 'California', 'CAL', 'CA', 0, 0, 1, '0000-00-00 00:00:00', 0, '0000-00-00 00:00:00', 0, '0000-00-00 00:00:00', 0),
(6, 1, 223, 0, 'Colorado', 'COL', 'CO', 0, 0, 1, '0000-00-00 00:00:00', 0, '0000-00-00 00:00:00', 0, '0000-00-00 00:00:00', 0),
(7, 1, 223, 0, 'Connecticut', 'CCT', 'CT', 0, 0, 1, '0000-00-00 00:00:00', 0, '0000-00-00 00:00:00', 0, '0000-00-00 00:00:00', 0),
(8, 1, 223, 0, 'Delaware', 'DEL', 'DE', 0, 0, 1, '0000-00-00 00:00:00', 0, '0000-00-00 00:00:00', 0, '0000-00-00 00:00:00', 0),
(9, 1, 223, 0, 'District Of Columbia', 'DOC', 'DC', 0, 0, 1, '0000-00-00 00:00:00', 0, '0000-00-00 00:00:00', 0, '0000-00-00 00:00:00', 0),
(10, 1, 223, 0, 'Florida', 'FLO', 'FL', 0, 0, 1, '0000-00-00 00:00:00', 0, '0000-00-00 00:00:00', 0, '0000-00-00 00:00:00', 0),
(11, 1, 223, 0, 'Georgia', 'GEA', 'GA', 0, 0, 1, '0000-00-00 00:00:00', 0, '0000-00-00 00:00:00', 0, '0000-00-00 00:00:00', 0),
(12, 1, 223, 0, 'Hawaii', 'HWI', 'HI', 0, 0, 1, '0000-00-00 00:00:00', 0, '0000-00-00 00:00:00', 0, '0000-00-00 00:00:00', 0),
(13, 1, 223, 0, 'Idaho', 'IDA', 'ID', 0, 0, 1, '0000-00-00 00:00:00', 0, '0000-00-00 00:00:00', 0, '0000-00-00 00:00:00', 0),
(14, 1, 223, 0, 'Illinois', 'ILL', 'IL', 0, 0, 1, '0000-00-00 00:00:00', 0, '0000-00-00 00:00:00', 0, '0000-00-00 00:00:00', 0),
(15, 1, 223, 0, 'Indiana', 'IND', 'IN', 0, 0, 1, '0000-00-00 00:00:00', 0, '0000-00-00 00:00:00', 0, '0000-00-00 00:00:00', 0),
(16, 1, 223, 0, 'Iowa', 'IOA', 'IA', 0, 0, 1, '0000-00-00 00:00:00', 0, '0000-00-00 00:00:00', 0, '0000-00-00 00:00:00', 0),
(17, 1, 223, 0, 'Kansas', 'KAS', 'KS', 0, 0, 1, '0000-00-00 00:00:00', 0, '0000-00-00 00:00:00', 0, '0000-00-00 00:00:00', 0),
(18, 1, 223, 0, 'Kentucky', 'KTY', 'KY', 0, 0, 1, '0000-00-00 00:00:00', 0, '0000-00-00 00:00:00', 0, '0000-00-00 00:00:00', 0),
(19, 1, 223, 0, 'Louisiana', 'LOA', 'LA', 0, 0, 1, '0000-00-00 00:00:00', 0, '0000-00-00 00:00:00', 0, '0000-00-00 00:00:00', 0),
(20, 1, 223, 0, 'Maine', 'MAI', 'ME', 0, 0, 1, '0000-00-00 00:00:00', 0, '0000-00-00 00:00:00', 0, '0000-00-00 00:00:00', 0),
(21, 1, 223, 0, 'Maryland', 'MLD', 'MD', 0, 0, 1, '0000-00-00 00:00:00', 0, '0000-00-00 00:00:00', 0, '0000-00-00 00:00:00', 0),
(22, 1, 223, 0, 'Massachusetts', 'MSA', 'MA', 0, 0, 1, '0000-00-00 00:00:00', 0, '0000-00-00 00:00:00', 0, '0000-00-00 00:00:00', 0),
(23, 1, 223, 0, 'Michigan', 'MIC', 'MI', 0, 0, 1, '0000-00-00 00:00:00', 0, '0000-00-00 00:00:00', 0, '0000-00-00 00:00:00', 0),
(24, 1, 223, 0, 'Minnesota', 'MIN', 'MN', 0, 0, 1, '0000-00-00 00:00:00', 0, '0000-00-00 00:00:00', 0, '0000-00-00 00:00:00', 0),
(25, 1, 223, 0, 'Mississippi', 'MIS', 'MS', 0, 0, 1, '0000-00-00 00:00:00', 0, '0000-00-00 00:00:00', 0, '0000-00-00 00:00:00', 0),
(26, 1, 223, 0, 'Missouri', 'MIO', 'MO', 0, 0, 1, '0000-00-00 00:00:00', 0, '0000-00-00 00:00:00', 0, '0000-00-00 00:00:00', 0),
(27, 1, 223, 0, 'Montana', 'MOT', 'MT', 0, 0, 1, '0000-00-00 00:00:00', 0, '0000-00-00 00:00:00', 0, '0000-00-00 00:00:00', 0),
(28, 1, 223, 0, 'Nebraska', 'NEB', 'NE', 0, 0, 1, '0000-00-00 00:00:00', 0, '0000-00-00 00:00:00', 0, '0000-00-00 00:00:00', 0),
(29, 1, 223, 0, 'Nevada', 'NEV', 'NV', 0, 0, 1, '0000-00-00 00:00:00', 0, '0000-00-00 00:00:00', 0, '0000-00-00 00:00:00', 0),
(30, 1, 223, 0, 'New Hampshire', 'NEH', 'NH', 0, 0, 1, '0000-00-00 00:00:00', 0, '0000-00-00 00:00:00', 0, '0000-00-00 00:00:00', 0),
(31, 1, 223, 0, 'New Jersey', 'NEJ', 'NJ', 0, 0, 1, '0000-00-00 00:00:00', 0, '0000-00-00 00:00:00', 0, '0000-00-00 00:00:00', 0),
(32, 1, 223, 0, 'New Mexico', 'NEM', 'NM', 0, 0, 1, '0000-00-00 00:00:00', 0, '0000-00-00 00:00:00', 0, '0000-00-00 00:00:00', 0),
(33, 1, 223, 0, 'New York', 'NEY', 'NY', 0, 0, 1, '0000-00-00 00:00:00', 0, '0000-00-00 00:00:00', 0, '0000-00-00 00:00:00', 0),
(34, 1, 223, 0, 'North Carolina', 'NOC', 'NC', 0, 0, 1, '0000-00-00 00:00:00', 0, '0000-00-00 00:00:00', 0, '0000-00-00 00:00:00', 0),
(35, 1, 223, 0, 'North Dakota', 'NOD', 'ND', 0, 0, 1, '0000-00-00 00:00:00', 0, '0000-00-00 00:00:00', 0, '0000-00-00 00:00:00', 0),
(36, 1, 223, 0, 'Ohio', 'OHI', 'OH', 0, 0, 1, '0000-00-00 00:00:00', 0, '0000-00-00 00:00:00', 0, '0000-00-00 00:00:00', 0),
(37, 1, 223, 0, 'Oklahoma', 'OKL', 'OK', 0, 0, 1, '0000-00-00 00:00:00', 0, '0000-00-00 00:00:00', 0, '0000-00-00 00:00:00', 0),
(38, 1, 223, 0, 'Oregon', 'ORN', 'OR', 0, 0, 1, '0000-00-00 00:00:00', 0, '0000-00-00 00:00:00', 0, '0000-00-00 00:00:00', 0),
(39, 1, 223, 0, 'Pennsylvania', 'PEA', 'PA', 0, 0, 1, '0000-00-00 00:00:00', 0, '0000-00-00 00:00:00', 0, '0000-00-00 00:00:00', 0),
(40, 1, 223, 0, 'Rhode Island', 'RHI', 'RI', 0, 0, 1, '0000-00-00 00:00:00', 0, '0000-00-00 00:00:00', 0, '0000-00-00 00:00:00', 0),
(41, 1, 223, 0, 'South Carolina', 'SOC', 'SC', 0, 0, 1, '0000-00-00 00:00:00', 0, '0000-00-00 00:00:00', 0, '0000-00-00 00:00:00', 0),
(42, 1, 223, 0, 'South Dakota', 'SOD', 'SD', 0, 0, 1, '0000-00-00 00:00:00', 0, '0000-00-00 00:00:00', 0, '0000-00-00 00:00:00', 0),
(43, 1, 223, 0, 'Tennessee', 'TEN', 'TN', 0, 0, 1, '0000-00-00 00:00:00', 0, '0000-00-00 00:00:00', 0, '0000-00-00 00:00:00', 0),
(44, 1, 223, 0, 'Texas', 'TXS', 'TX', 0, 0, 1, '0000-00-00 00:00:00', 0, '0000-00-00 00:00:00', 0, '0000-00-00 00:00:00', 0),
(45, 1, 223, 0, 'Utah', 'UTA', 'UT', 0, 0, 1, '0000-00-00 00:00:00', 0, '0000-00-00 00:00:00', 0, '0000-00-00 00:00:00', 0),
(46, 1, 223, 0, 'Vermont', 'VMT', 'VT', 0, 0, 1, '0000-00-00 00:00:00', 0, '0000-00-00 00:00:00', 0, '0000-00-00 00:00:00', 0),
(47, 1, 223, 0, 'Virginia', 'VIA', 'VA', 0, 0, 1, '0000-00-00 00:00:00', 0, '0000-00-00 00:00:00', 0, '0000-00-00 00:00:00', 0),
(48, 1, 223, 0, 'Washington', 'WAS', 'WA', 0, 0, 1, '0000-00-00 00:00:00', 0, '0000-00-00 00:00:00', 0, '0000-00-00 00:00:00', 0),
(49, 1, 223, 0, 'West Virginia', 'WEV', 'WV', 0, 0, 1, '0000-00-00 00:00:00', 0, '0000-00-00 00:00:00', 0, '0000-00-00 00:00:00', 0),
(50, 1, 223, 0, 'Wisconsin', 'WIS', 'WI', 0, 0, 1, '0000-00-00 00:00:00', 0, '0000-00-00 00:00:00', 0, '0000-00-00 00:00:00', 0),
(51, 1, 223, 0, 'Wyoming', 'WYO', 'WY', 0, 0, 1, '0000-00-00 00:00:00', 0, '0000-00-00 00:00:00', 0, '0000-00-00 00:00:00', 0),
(52, 1, 38, 0, 'Alberta', 'ALB', 'AB', 0, 0, 1, '0000-00-00 00:00:00', 0, '0000-00-00 00:00:00', 0, '0000-00-00 00:00:00', 0),
(53, 1, 38, 0, 'British Columbia', 'BRC', 'BC', 0, 0, 1, '0000-00-00 00:00:00', 0, '0000-00-00 00:00:00', 0, '0000-00-00 00:00:00', 0),
(54, 1, 38, 0, 'Manitoba', 'MAB', 'MB', 0, 0, 1, '0000-00-00 00:00:00', 0, '0000-00-00 00:00:00', 0, '0000-00-00 00:00:00', 0),
(55, 1, 38, 0, 'New Brunswick', 'NEB', 'NB', 0, 0, 1, '0000-00-00 00:00:00', 0, '0000-00-00 00:00:00', 0, '0000-00-00 00:00:00', 0),
(56, 1, 38, 0, 'Newfoundland and Labrador', 'NFL', 'NL', 0, 0, 1, '0000-00-00 00:00:00', 0, '0000-00-00 00:00:00', 0, '0000-00-00 00:00:00', 0),
(57, 1, 38, 0, 'Northwest Territories', 'NWT', 'NT', 0, 0, 1, '0000-00-00 00:00:00', 0, '0000-00-00 00:00:00', 0, '0000-00-00 00:00:00', 0),
(58, 1, 38, 0, 'Nova Scotia', 'NOS', 'NS', 0, 0, 1, '0000-00-00 00:00:00', 0, '0000-00-00 00:00:00', 0, '0000-00-00 00:00:00', 0),
(59, 1, 38, 0, 'Nunavut', 'NUT', 'NU', 0, 0, 1, '0000-00-00 00:00:00', 0, '0000-00-00 00:00:00', 0, '0000-00-00 00:00:00', 0),
(60, 1, 38, 0, 'Ontario', 'ONT', 'ON', 0, 0, 1, '0000-00-00 00:00:00', 0, '0000-00-00 00:00:00', 0, '0000-00-00 00:00:00', 0),
(61, 1, 38, 0, 'Prince Edward Island', 'PEI', 'PE', 0, 0, 1, '0000-00-00 00:00:00', 0, '0000-00-00 00:00:00', 0, '0000-00-00 00:00:00', 0),
(62, 1, 38, 0, 'Quebec', 'QEC', 'QC', 0, 0, 1, '0000-00-00 00:00:00', 0, '0000-00-00 00:00:00', 0, '0000-00-00 00:00:00', 0),
(63, 1, 38, 0, 'Saskatchewan', 'SAK', 'SK', 0, 0, 1, '0000-00-00 00:00:00', 0, '0000-00-00 00:00:00', 0, '0000-00-00 00:00:00', 0),
(64, 1, 38, 0, 'Yukon', 'YUT', 'YT', 0, 0, 1, '0000-00-00 00:00:00', 0, '0000-00-00 00:00:00', 0, '0000-00-00 00:00:00', 0),
(65, 1, 222, 0, 'England', 'ENG', 'EN', 0, 0, 1, '0000-00-00 00:00:00', 0, '0000-00-00 00:00:00', 0, '0000-00-00 00:00:00', 0),
(66, 1, 222, 0, 'Northern Ireland', 'NOI', 'NI', 0, 0, 1, '0000-00-00 00:00:00', 0, '0000-00-00 00:00:00', 0, '0000-00-00 00:00:00', 0),
(67, 1, 222, 0, 'Scotland', 'SCO', 'SD', 0, 0, 1, '0000-00-00 00:00:00', 0, '0000-00-00 00:00:00', 0, '0000-00-00 00:00:00', 0),
(68, 1, 222, 0, 'Wales', 'WLS', 'WS', 0, 0, 1, '0000-00-00 00:00:00', 0, '0000-00-00 00:00:00', 0, '0000-00-00 00:00:00', 0),
(69, 1, 13, 0, 'Australian Capital Territory', 'ACT', 'AC', 0, 0, 1, '0000-00-00 00:00:00', 0, '0000-00-00 00:00:00', 0, '0000-00-00 00:00:00', 0),
(70, 1, 13, 0, 'New South Wales', 'NSW', 'NS', 0, 0, 1, '0000-00-00 00:00:00', 0, '0000-00-00 00:00:00', 0, '0000-00-00 00:00:00', 0),
(71, 1, 13, 0, 'Northern Territory', 'NOT', 'NT', 0, 0, 1, '0000-00-00 00:00:00', 0, '0000-00-00 00:00:00', 0, '0000-00-00 00:00:00', 0),
(72, 1, 13, 0, 'Queensland', 'QLD', 'QL', 0, 0, 1, '0000-00-00 00:00:00', 0, '0000-00-00 00:00:00', 0, '0000-00-00 00:00:00', 0),
(73, 1, 13, 0, 'South Australia', 'SOA', 'SA', 0, 0, 1, '0000-00-00 00:00:00', 0, '0000-00-00 00:00:00', 0, '0000-00-00 00:00:00', 0),
(74, 1, 13, 0, 'Tasmania', 'TAS', 'TS', 0, 0, 1, '0000-00-00 00:00:00', 0, '0000-00-00 00:00:00', 0, '0000-00-00 00:00:00', 0),
(75, 1, 13, 0, 'Victoria', 'VIC', 'VI', 0, 0, 1, '0000-00-00 00:00:00', 0, '0000-00-00 00:00:00', 0, '0000-00-00 00:00:00', 0),
(76, 1, 13, 0, 'Western Australia', 'WEA', 'WA', 0, 0, 1, '0000-00-00 00:00:00', 0, '0000-00-00 00:00:00', 0, '0000-00-00 00:00:00', 0),
(77, 1, 138, 0, 'Aguascalientes', 'AGS', 'AG', 0, 0, 1, '0000-00-00 00:00:00', 0, '0000-00-00 00:00:00', 0, '0000-00-00 00:00:00', 0),
(78, 1, 138, 0, 'Baja California Norte', 'BCN', 'BN', 0, 0, 1, '0000-00-00 00:00:00', 0, '0000-00-00 00:00:00', 0, '0000-00-00 00:00:00', 0),
(79, 1, 138, 0, 'Baja California Sur', 'BCS', 'BS', 0, 0, 1, '0000-00-00 00:00:00', 0, '0000-00-00 00:00:00', 0, '0000-00-00 00:00:00', 0),
(80, 1, 138, 0, 'Campeche', 'CAM', 'CA', 0, 0, 1, '0000-00-00 00:00:00', 0, '0000-00-00 00:00:00', 0, '0000-00-00 00:00:00', 0),
(81, 1, 138, 0, 'Chiapas', 'CHI', 'CS', 0, 0, 1, '0000-00-00 00:00:00', 0, '0000-00-00 00:00:00', 0, '0000-00-00 00:00:00', 0),
(82, 1, 138, 0, 'Chihuahua', 'CHA', 'CH', 0, 0, 1, '0000-00-00 00:00:00', 0, '0000-00-00 00:00:00', 0, '0000-00-00 00:00:00', 0),
(83, 1, 138, 0, 'Coahuila', 'COA', 'CO', 0, 0, 1, '0000-00-00 00:00:00', 0, '0000-00-00 00:00:00', 0, '0000-00-00 00:00:00', 0),
(84, 1, 138, 0, 'Colima', 'COL', 'CM', 0, 0, 1, '0000-00-00 00:00:00', 0, '0000-00-00 00:00:00', 0, '0000-00-00 00:00:00', 0),
(85, 1, 138, 0, 'Distrito Federal', 'DFM', 'DF', 0, 0, 1, '0000-00-00 00:00:00', 0, '0000-00-00 00:00:00', 0, '0000-00-00 00:00:00', 0),
(86, 1, 138, 0, 'Durango', 'DGO', 'DO', 0, 0, 1, '0000-00-00 00:00:00', 0, '0000-00-00 00:00:00', 0, '0000-00-00 00:00:00', 0),
(87, 1, 138, 0, 'Guanajuato', 'GTO', 'GO', 0, 0, 1, '0000-00-00 00:00:00', 0, '0000-00-00 00:00:00', 0, '0000-00-00 00:00:00', 0),
(88, 1, 138, 0, 'Guerrero', 'GRO', 'GU', 0, 0, 1, '0000-00-00 00:00:00', 0, '0000-00-00 00:00:00', 0, '0000-00-00 00:00:00', 0),
(89, 1, 138, 0, 'Hidalgo', 'HGO', 'HI', 0, 0, 1, '0000-00-00 00:00:00', 0, '0000-00-00 00:00:00', 0, '0000-00-00 00:00:00', 0),
(90, 1, 138, 0, 'Jalisco', 'JAL', 'JA', 0, 0, 1, '0000-00-00 00:00:00', 0, '0000-00-00 00:00:00', 0, '0000-00-00 00:00:00', 0),
(91, 1, 138, 0, 'M', 'EDM', 'EM', 0, 0, 1, '0000-00-00 00:00:00', 0, '0000-00-00 00:00:00', 0, '0000-00-00 00:00:00', 0),
(92, 1, 138, 0, 'Michoac', 'MCN', 'MI', 0, 0, 1, '0000-00-00 00:00:00', 0, '0000-00-00 00:00:00', 0, '0000-00-00 00:00:00', 0),
(93, 1, 138, 0, 'Morelos', 'MOR', 'MO', 0, 0, 1, '0000-00-00 00:00:00', 0, '0000-00-00 00:00:00', 0, '0000-00-00 00:00:00', 0),
(94, 1, 138, 0, 'Nayarit', 'NAY', 'NY', 0, 0, 1, '0000-00-00 00:00:00', 0, '0000-00-00 00:00:00', 0, '0000-00-00 00:00:00', 0),
(95, 1, 138, 0, 'Nuevo Le', 'NUL', 'NL', 0, 0, 1, '0000-00-00 00:00:00', 0, '0000-00-00 00:00:00', 0, '0000-00-00 00:00:00', 0),
(96, 1, 138, 0, 'Oaxaca', 'OAX', 'OA', 0, 0, 1, '0000-00-00 00:00:00', 0, '0000-00-00 00:00:00', 0, '0000-00-00 00:00:00', 0),
(97, 1, 138, 0, 'Puebla', 'PUE', 'PU', 0, 0, 1, '0000-00-00 00:00:00', 0, '0000-00-00 00:00:00', 0, '0000-00-00 00:00:00', 0),
(98, 1, 138, 0, 'Quer', 'QRO', 'QU', 0, 0, 1, '0000-00-00 00:00:00', 0, '0000-00-00 00:00:00', 0, '0000-00-00 00:00:00', 0),
(99, 1, 138, 0, 'Quintana Roo', 'QUR', 'QR', 0, 0, 1, '0000-00-00 00:00:00', 0, '0000-00-00 00:00:00', 0, '0000-00-00 00:00:00', 0),
(100, 1, 138, 0, 'San Luis Potos', 'SLP', 'SP', 0, 0, 1, '0000-00-00 00:00:00', 0, '0000-00-00 00:00:00', 0, '0000-00-00 00:00:00', 0),
(101, 1, 138, 0, 'Sinaloa', 'SIN', 'SI', 0, 0, 1, '0000-00-00 00:00:00', 0, '0000-00-00 00:00:00', 0, '0000-00-00 00:00:00', 0),
(102, 1, 138, 0, 'Sonora', 'SON', 'SO', 0, 0, 1, '0000-00-00 00:00:00', 0, '0000-00-00 00:00:00', 0, '0000-00-00 00:00:00', 0),
(103, 1, 138, 0, 'Tabasco', 'TAB', 'TA', 0, 0, 1, '0000-00-00 00:00:00', 0, '0000-00-00 00:00:00', 0, '0000-00-00 00:00:00', 0),
(104, 1, 138, 0, 'Tamaulipas', 'TAM', 'TM', 0, 0, 1, '0000-00-00 00:00:00', 0, '0000-00-00 00:00:00', 0, '0000-00-00 00:00:00', 0),
(105, 1, 138, 0, 'Tlaxcala', 'TLX', 'TX', 0, 0, 1, '0000-00-00 00:00:00', 0, '0000-00-00 00:00:00', 0, '0000-00-00 00:00:00', 0),
(106, 1, 138, 0, 'Veracruz', 'VER', 'VZ', 0, 0, 1, '0000-00-00 00:00:00', 0, '0000-00-00 00:00:00', 0, '0000-00-00 00:00:00', 0),
(107, 1, 138, 0, 'Yucat', 'YUC', 'YU', 0, 0, 1, '0000-00-00 00:00:00', 0, '0000-00-00 00:00:00', 0, '0000-00-00 00:00:00', 0),
(108, 1, 138, 0, 'Zacatecas', 'ZAC', 'ZA', 0, 0, 1, '0000-00-00 00:00:00', 0, '0000-00-00 00:00:00', 0, '0000-00-00 00:00:00', 0),
(109, 1, 30, 0, 'Acre', 'ACR', 'AC', 0, 0, 1, '0000-00-00 00:00:00', 0, '0000-00-00 00:00:00', 0, '0000-00-00 00:00:00', 0),
(110, 1, 30, 0, 'Alagoas', 'ALG', 'AL', 0, 0, 1, '0000-00-00 00:00:00', 0, '0000-00-00 00:00:00', 0, '0000-00-00 00:00:00', 0),
(111, 1, 30, 0, 'Amapá', 'AMP', 'AP', 0, 0, 1, '0000-00-00 00:00:00', 0, '0000-00-00 00:00:00', 0, '0000-00-00 00:00:00', 0),
(112, 1, 30, 0, 'Amazonas', 'AMZ', 'AM', 0, 0, 1, '0000-00-00 00:00:00', 0, '0000-00-00 00:00:00', 0, '0000-00-00 00:00:00', 0),
(113, 1, 30, 0, 'Bahía', 'BAH', 'BA', 0, 0, 1, '0000-00-00 00:00:00', 0, '0000-00-00 00:00:00', 0, '0000-00-00 00:00:00', 0),
(114, 1, 30, 0, 'Ceará', 'CEA', 'CE', 0, 0, 1, '0000-00-00 00:00:00', 0, '0000-00-00 00:00:00', 0, '0000-00-00 00:00:00', 0),
(115, 1, 30, 0, 'Distrito Federal', 'DFB', 'DF', 0, 0, 1, '0000-00-00 00:00:00', 0, '0000-00-00 00:00:00', 0, '0000-00-00 00:00:00', 0),
(116, 1, 30, 0, 'Espírito Santo', 'ESS', 'ES', 0, 0, 1, '0000-00-00 00:00:00', 0, '0000-00-00 00:00:00', 0, '0000-00-00 00:00:00', 0),
(117, 1, 30, 0, 'Goiás', 'GOI', 'GO', 0, 0, 1, '0000-00-00 00:00:00', 0, '0000-00-00 00:00:00', 0, '0000-00-00 00:00:00', 0),
(118, 1, 30, 0, 'Maranhão', 'MAR', 'MA', 0, 0, 1, '0000-00-00 00:00:00', 0, '0000-00-00 00:00:00', 0, '0000-00-00 00:00:00', 0),
(119, 1, 30, 0, 'Mato Grosso', 'MAT', 'MT', 0, 0, 1, '0000-00-00 00:00:00', 0, '0000-00-00 00:00:00', 0, '0000-00-00 00:00:00', 0),
(120, 1, 30, 0, 'Mato Grosso do Sul', 'MGS', 'MS', 0, 0, 1, '0000-00-00 00:00:00', 0, '0000-00-00 00:00:00', 0, '0000-00-00 00:00:00', 0),
(121, 1, 30, 0, 'Minas Gerais', 'MIG', 'MG', 0, 0, 1, '0000-00-00 00:00:00', 0, '0000-00-00 00:00:00', 0, '0000-00-00 00:00:00', 0),
(122, 1, 30, 0, 'Paraná', 'PAR', 'PR', 0, 0, 1, '0000-00-00 00:00:00', 0, '0000-00-00 00:00:00', 0, '0000-00-00 00:00:00', 0),
(123, 1, 30, 0, 'Paraíba', 'PRB', 'PB', 0, 0, 1, '0000-00-00 00:00:00', 0, '0000-00-00 00:00:00', 0, '0000-00-00 00:00:00', 0),
(124, 1, 30, 0, 'Pará', 'PAB', 'PA', 0, 0, 1, '0000-00-00 00:00:00', 0, '0000-00-00 00:00:00', 0, '0000-00-00 00:00:00', 0),
(125, 1, 30, 0, 'Pernambuco', 'PER', 'PE', 0, 0, 1, '0000-00-00 00:00:00', 0, '0000-00-00 00:00:00', 0, '0000-00-00 00:00:00', 0),
(126, 1, 30, 0, 'Piauí', 'PIA', 'PI', 0, 0, 1, '0000-00-00 00:00:00', 0, '0000-00-00 00:00:00', 0, '0000-00-00 00:00:00', 0),
(127, 1, 30, 0, 'Rio Grande do Norte', 'RGN', 'RN', 0, 0, 1, '0000-00-00 00:00:00', 0, '0000-00-00 00:00:00', 0, '0000-00-00 00:00:00', 0),
(128, 1, 30, 0, 'Rio Grande do Sul', 'RGS', 'RS', 0, 0, 1, '0000-00-00 00:00:00', 0, '0000-00-00 00:00:00', 0, '0000-00-00 00:00:00', 0),
(129, 1, 30, 0, 'Rio de Janeiro', 'RDJ', 'RJ', 0, 0, 1, '0000-00-00 00:00:00', 0, '0000-00-00 00:00:00', 0, '0000-00-00 00:00:00', 0),
(130, 1, 30, 0, 'Rondônia', 'RON', 'RO', 0, 0, 1, '0000-00-00 00:00:00', 0, '0000-00-00 00:00:00', 0, '0000-00-00 00:00:00', 0),
(131, 1, 30, 0, 'Roraima', 'ROR', 'RR', 0, 0, 1, '0000-00-00 00:00:00', 0, '0000-00-00 00:00:00', 0, '0000-00-00 00:00:00', 0),
(132, 1, 30, 0, 'Santa Catarina', 'SAC', 'SC', 0, 0, 1, '0000-00-00 00:00:00', 0, '0000-00-00 00:00:00', 0, '0000-00-00 00:00:00', 0),
(133, 1, 30, 0, 'Sergipe', 'SER', 'SE', 0, 0, 1, '0000-00-00 00:00:00', 0, '0000-00-00 00:00:00', 0, '0000-00-00 00:00:00', 0),
(134, 1, 30, 0, 'São Paulo', 'SAP', 'SP', 0, 0, 1, '0000-00-00 00:00:00', 0, '0000-00-00 00:00:00', 0, '0000-00-00 00:00:00', 0),
(135, 1, 30, 0, 'Tocantins', 'TOC', 'TO', 0, 0, 1, '0000-00-00 00:00:00', 0, '0000-00-00 00:00:00', 0, '0000-00-00 00:00:00', 0),
(136, 1, 44, 0, 'Anhui', 'ANH', '34', 0, 0, 1, '0000-00-00 00:00:00', 0, '0000-00-00 00:00:00', 0, '0000-00-00 00:00:00', 0),
(137, 1, 44, 0, 'Beijing', 'BEI', '11', 0, 0, 1, '0000-00-00 00:00:00', 0, '0000-00-00 00:00:00', 0, '0000-00-00 00:00:00', 0),
(138, 1, 44, 0, 'Chongqing', 'CHO', '50', 0, 0, 1, '0000-00-00 00:00:00', 0, '0000-00-00 00:00:00', 0, '0000-00-00 00:00:00', 0),
(139, 1, 44, 0, 'Fujian', 'FUJ', '35', 0, 0, 1, '0000-00-00 00:00:00', 0, '0000-00-00 00:00:00', 0, '0000-00-00 00:00:00', 0),
(140, 1, 44, 0, 'Gansu', 'GAN', '62', 0, 0, 1, '0000-00-00 00:00:00', 0, '0000-00-00 00:00:00', 0, '0000-00-00 00:00:00', 0),
(141, 1, 44, 0, 'Guangdong', 'GUA', '44', 0, 0, 1, '0000-00-00 00:00:00', 0, '0000-00-00 00:00:00', 0, '0000-00-00 00:00:00', 0),
(142, 1, 44, 0, 'Guangxi Zhuang', 'GUZ', '45', 0, 0, 1, '0000-00-00 00:00:00', 0, '0000-00-00 00:00:00', 0, '0000-00-00 00:00:00', 0),
(143, 1, 44, 0, 'Guizhou', 'GUI', '52', 0, 0, 1, '0000-00-00 00:00:00', 0, '0000-00-00 00:00:00', 0, '0000-00-00 00:00:00', 0),
(144, 1, 44, 0, 'Hainan', 'HAI', '46', 0, 0, 1, '0000-00-00 00:00:00', 0, '0000-00-00 00:00:00', 0, '0000-00-00 00:00:00', 0),
(145, 1, 44, 0, 'Hebei', 'HEB', '13', 0, 0, 1, '0000-00-00 00:00:00', 0, '0000-00-00 00:00:00', 0, '0000-00-00 00:00:00', 0),
(146, 1, 44, 0, 'Heilongjiang', 'HEI', '23', 0, 0, 1, '0000-00-00 00:00:00', 0, '0000-00-00 00:00:00', 0, '0000-00-00 00:00:00', 0),
(147, 1, 44, 0, 'Henan', 'HEN', '41', 0, 0, 1, '0000-00-00 00:00:00', 0, '0000-00-00 00:00:00', 0, '0000-00-00 00:00:00', 0),
(148, 1, 44, 0, 'Hubei', 'HUB', '42', 0, 0, 1, '0000-00-00 00:00:00', 0, '0000-00-00 00:00:00', 0, '0000-00-00 00:00:00', 0),
(149, 1, 44, 0, 'Hunan', 'HUN', '43', 0, 0, 1, '0000-00-00 00:00:00', 0, '0000-00-00 00:00:00', 0, '0000-00-00 00:00:00', 0),
(150, 1, 44, 0, 'Jiangsu', 'JIA', '32', 0, 0, 1, '0000-00-00 00:00:00', 0, '0000-00-00 00:00:00', 0, '0000-00-00 00:00:00', 0),
(151, 1, 44, 0, 'Jiangxi', 'JIX', '36', 0, 0, 1, '0000-00-00 00:00:00', 0, '0000-00-00 00:00:00', 0, '0000-00-00 00:00:00', 0),
(152, 1, 44, 0, 'Jilin', 'JIL', '22', 0, 0, 1, '0000-00-00 00:00:00', 0, '0000-00-00 00:00:00', 0, '0000-00-00 00:00:00', 0),
(153, 1, 44, 0, 'Liaoning', 'LIA', '21', 0, 0, 1, '0000-00-00 00:00:00', 0, '0000-00-00 00:00:00', 0, '0000-00-00 00:00:00', 0),
(154, 1, 44, 0, 'Nei Mongol', 'NML', '15', 0, 0, 1, '0000-00-00 00:00:00', 0, '0000-00-00 00:00:00', 0, '0000-00-00 00:00:00', 0),
(155, 1, 44, 0, 'Ningxia Hui', 'NIH', '64', 0, 0, 1, '0000-00-00 00:00:00', 0, '0000-00-00 00:00:00', 0, '0000-00-00 00:00:00', 0),
(156, 1, 44, 0, 'Qinghai', 'QIN', '63', 0, 0, 1, '0000-00-00 00:00:00', 0, '0000-00-00 00:00:00', 0, '0000-00-00 00:00:00', 0),
(157, 1, 44, 0, 'Shandong', 'SNG', '37', 0, 0, 1, '0000-00-00 00:00:00', 0, '0000-00-00 00:00:00', 0, '0000-00-00 00:00:00', 0),
(158, 1, 44, 0, 'Shanghai', 'SHH', '31', 0, 0, 1, '0000-00-00 00:00:00', 0, '0000-00-00 00:00:00', 0, '0000-00-00 00:00:00', 0),
(159, 1, 44, 0, 'Shaanxi', 'SHX', '61', 0, 0, 1, '0000-00-00 00:00:00', 0, '0000-00-00 00:00:00', 0, '0000-00-00 00:00:00', 0),
(160, 1, 44, 0, 'Sichuan', 'SIC', '51', 0, 0, 1, '0000-00-00 00:00:00', 0, '0000-00-00 00:00:00', 0, '0000-00-00 00:00:00', 0),
(161, 1, 44, 0, 'Tianjin', 'TIA', '12', 0, 0, 1, '0000-00-00 00:00:00', 0, '0000-00-00 00:00:00', 0, '0000-00-00 00:00:00', 0),
(162, 1, 44, 0, 'Xinjiang Uygur', 'XIU', '65', 0, 0, 1, '0000-00-00 00:00:00', 0, '0000-00-00 00:00:00', 0, '0000-00-00 00:00:00', 0),
(163, 1, 44, 0, 'Xizang', 'XIZ', '54', 0, 0, 1, '0000-00-00 00:00:00', 0, '0000-00-00 00:00:00', 0, '0000-00-00 00:00:00', 0),
(164, 1, 44, 0, 'Yunnan', 'YUN', '53', 0, 0, 1, '0000-00-00 00:00:00', 0, '0000-00-00 00:00:00', 0, '0000-00-00 00:00:00', 0),
(165, 1, 44, 0, 'Zhejiang', 'ZHE', '33', 0, 0, 1, '0000-00-00 00:00:00', 0, '0000-00-00 00:00:00', 0, '0000-00-00 00:00:00', 0),
(166, 1, 104, 0, 'Israel', 'ISL', 'IL', 0, 0, 1, '0000-00-00 00:00:00', 0, '0000-00-00 00:00:00', 0, '0000-00-00 00:00:00', 0),
(167, 1, 104, 0, 'Gaza Strip', 'GZS', 'GZ', 0, 0, 1, '0000-00-00 00:00:00', 0, '0000-00-00 00:00:00', 0, '0000-00-00 00:00:00', 0),
(168, 1, 104, 0, 'West Bank', 'WBK', 'WB', 0, 0, 1, '0000-00-00 00:00:00', 0, '0000-00-00 00:00:00', 0, '0000-00-00 00:00:00', 0),
(169, 1, 151, 0, 'St. Maarten', 'STM', 'SM', 0, 0, 1, '0000-00-00 00:00:00', 0, '0000-00-00 00:00:00', 0, '0000-00-00 00:00:00', 0),
(170, 1, 151, 0, 'Bonaire', 'BNR', 'BN', 0, 0, 1, '0000-00-00 00:00:00', 0, '0000-00-00 00:00:00', 0, '0000-00-00 00:00:00', 0),
(171, 1, 151, 0, 'Curacao', 'CUR', 'CR', 0, 0, 1, '0000-00-00 00:00:00', 0, '0000-00-00 00:00:00', 0, '0000-00-00 00:00:00', 0),
(172, 1, 175, 0, 'Alba', 'ABA', 'AB', 0, 0, 1, '0000-00-00 00:00:00', 0, '0000-00-00 00:00:00', 0, '0000-00-00 00:00:00', 0),
(173, 1, 175, 0, 'Arad', 'ARD', 'AR', 0, 0, 1, '0000-00-00 00:00:00', 0, '0000-00-00 00:00:00', 0, '0000-00-00 00:00:00', 0),
(174, 1, 175, 0, 'Arges', 'ARG', 'AG', 0, 0, 1, '0000-00-00 00:00:00', 0, '0000-00-00 00:00:00', 0, '0000-00-00 00:00:00', 0),
(175, 1, 175, 0, 'Bacau', 'BAC', 'BC', 0, 0, 1, '0000-00-00 00:00:00', 0, '0000-00-00 00:00:00', 0, '0000-00-00 00:00:00', 0),
(176, 1, 175, 0, 'Bihor', 'BIH', 'BH', 0, 0, 1, '0000-00-00 00:00:00', 0, '0000-00-00 00:00:00', 0, '0000-00-00 00:00:00', 0),
(177, 1, 175, 0, 'Bistrita-Nasaud', 'BIS', 'BN', 0, 0, 1, '0000-00-00 00:00:00', 0, '0000-00-00 00:00:00', 0, '0000-00-00 00:00:00', 0),
(178, 1, 175, 0, 'Botosani', 'BOT', 'BT', 0, 0, 1, '0000-00-00 00:00:00', 0, '0000-00-00 00:00:00', 0, '0000-00-00 00:00:00', 0),
(179, 1, 175, 0, 'Braila', 'BRL', 'BR', 0, 0, 1, '0000-00-00 00:00:00', 0, '0000-00-00 00:00:00', 0, '0000-00-00 00:00:00', 0),
(180, 1, 175, 0, 'Brasov', 'BRA', 'BV', 0, 0, 1, '0000-00-00 00:00:00', 0, '0000-00-00 00:00:00', 0, '0000-00-00 00:00:00', 0),
(181, 1, 175, 0, 'Bucuresti', 'BUC', 'B', 0, 0, 1, '0000-00-00 00:00:00', 0, '0000-00-00 00:00:00', 0, '0000-00-00 00:00:00', 0),
(182, 1, 175, 0, 'Buzau', 'BUZ', 'BZ', 0, 0, 1, '0000-00-00 00:00:00', 0, '0000-00-00 00:00:00', 0, '0000-00-00 00:00:00', 0),
(183, 1, 175, 0, 'Calarasi', 'CAL', 'CL', 0, 0, 1, '0000-00-00 00:00:00', 0, '0000-00-00 00:00:00', 0, '0000-00-00 00:00:00', 0),
(184, 1, 175, 0, 'Caras Severin', 'CRS', 'CS', 0, 0, 1, '0000-00-00 00:00:00', 0, '0000-00-00 00:00:00', 0, '0000-00-00 00:00:00', 0),
(185, 1, 175, 0, 'Cluj', 'CLJ', 'CJ', 0, 0, 1, '0000-00-00 00:00:00', 0, '0000-00-00 00:00:00', 0, '0000-00-00 00:00:00', 0),
(186, 1, 175, 0, 'Constanta', 'CST', 'CT', 0, 0, 1, '0000-00-00 00:00:00', 0, '0000-00-00 00:00:00', 0, '0000-00-00 00:00:00', 0),
(187, 1, 175, 0, 'Covasna', 'COV', 'CV', 0, 0, 1, '0000-00-00 00:00:00', 0, '0000-00-00 00:00:00', 0, '0000-00-00 00:00:00', 0),
(188, 1, 175, 0, 'Dambovita', 'DAM', 'DB', 0, 0, 1, '0000-00-00 00:00:00', 0, '0000-00-00 00:00:00', 0, '0000-00-00 00:00:00', 0),
(189, 1, 175, 0, 'Dolj', 'DLJ', 'DJ', 0, 0, 1, '0000-00-00 00:00:00', 0, '0000-00-00 00:00:00', 0, '0000-00-00 00:00:00', 0),
(190, 1, 175, 0, 'Galati', 'GAL', 'GL', 0, 0, 1, '0000-00-00 00:00:00', 0, '0000-00-00 00:00:00', 0, '0000-00-00 00:00:00', 0),
(191, 1, 175, 0, 'Giurgiu', 'GIU', 'GR', 0, 0, 1, '0000-00-00 00:00:00', 0, '0000-00-00 00:00:00', 0, '0000-00-00 00:00:00', 0),
(192, 1, 175, 0, 'Gorj', 'GOR', 'GJ', 0, 0, 1, '0000-00-00 00:00:00', 0, '0000-00-00 00:00:00', 0, '0000-00-00 00:00:00', 0),
(193, 1, 175, 0, 'Hargita', 'HRG', 'HR', 0, 0, 1, '0000-00-00 00:00:00', 0, '0000-00-00 00:00:00', 0, '0000-00-00 00:00:00', 0),
(194, 1, 175, 0, 'Hunedoara', 'HUN', 'HD', 0, 0, 1, '0000-00-00 00:00:00', 0, '0000-00-00 00:00:00', 0, '0000-00-00 00:00:00', 0),
(195, 1, 175, 0, 'Ialomita', 'IAL', 'IL', 0, 0, 1, '0000-00-00 00:00:00', 0, '0000-00-00 00:00:00', 0, '0000-00-00 00:00:00', 0),
(196, 1, 175, 0, 'Iasi', 'IAS', 'IS', 0, 0, 1, '0000-00-00 00:00:00', 0, '0000-00-00 00:00:00', 0, '0000-00-00 00:00:00', 0),
(197, 1, 175, 0, 'Ilfov', 'ILF', 'IF', 0, 0, 1, '0000-00-00 00:00:00', 0, '0000-00-00 00:00:00', 0, '0000-00-00 00:00:00', 0),
(198, 1, 175, 0, 'Maramures', 'MAR', 'MM', 0, 0, 1, '0000-00-00 00:00:00', 0, '0000-00-00 00:00:00', 0, '0000-00-00 00:00:00', 0),
(199, 1, 175, 0, 'Mehedinti', 'MEH', 'MH', 0, 0, 1, '0000-00-00 00:00:00', 0, '0000-00-00 00:00:00', 0, '0000-00-00 00:00:00', 0),
(200, 1, 175, 0, 'Mures', 'MUR', 'MS', 0, 0, 1, '0000-00-00 00:00:00', 0, '0000-00-00 00:00:00', 0, '0000-00-00 00:00:00', 0),
(201, 1, 175, 0, 'Neamt', 'NEM', 'NT', 0, 0, 1, '0000-00-00 00:00:00', 0, '0000-00-00 00:00:00', 0, '0000-00-00 00:00:00', 0),
(202, 1, 175, 0, 'Olt', 'OLT', 'OT', 0, 0, 1, '0000-00-00 00:00:00', 0, '0000-00-00 00:00:00', 0, '0000-00-00 00:00:00', 0),
(203, 1, 175, 0, 'Prahova', 'PRA', 'PH', 0, 0, 1, '0000-00-00 00:00:00', 0, '0000-00-00 00:00:00', 0, '0000-00-00 00:00:00', 0),
(204, 1, 175, 0, 'Salaj', 'SAL', 'SJ', 0, 0, 1, '0000-00-00 00:00:00', 0, '0000-00-00 00:00:00', 0, '0000-00-00 00:00:00', 0),
(205, 1, 175, 0, 'Satu Mare', 'SAT', 'SM', 0, 0, 1, '0000-00-00 00:00:00', 0, '0000-00-00 00:00:00', 0, '0000-00-00 00:00:00', 0),
(206, 1, 175, 0, 'Sibiu', 'SIB', 'SB', 0, 0, 1, '0000-00-00 00:00:00', 0, '0000-00-00 00:00:00', 0, '0000-00-00 00:00:00', 0),
(207, 1, 175, 0, 'Suceava', 'SUC', 'SV', 0, 0, 1, '0000-00-00 00:00:00', 0, '0000-00-00 00:00:00', 0, '0000-00-00 00:00:00', 0),
(208, 1, 175, 0, 'Teleorman', 'TEL', 'TR', 0, 0, 1, '0000-00-00 00:00:00', 0, '0000-00-00 00:00:00', 0, '0000-00-00 00:00:00', 0),
(209, 1, 175, 0, 'Timis', 'TIM', 'TM', 0, 0, 1, '0000-00-00 00:00:00', 0, '0000-00-00 00:00:00', 0, '0000-00-00 00:00:00', 0),
(210, 1, 175, 0, 'Tulcea', 'TUL', 'TL', 0, 0, 1, '0000-00-00 00:00:00', 0, '0000-00-00 00:00:00', 0, '0000-00-00 00:00:00', 0),
(211, 1, 175, 0, 'Valcea', 'VAL', 'VL', 0, 0, 1, '0000-00-00 00:00:00', 0, '0000-00-00 00:00:00', 0, '0000-00-00 00:00:00', 0),
(212, 1, 175, 0, 'Vaslui', 'VAS', 'VS', 0, 0, 1, '0000-00-00 00:00:00', 0, '0000-00-00 00:00:00', 0, '0000-00-00 00:00:00', 0),
(213, 1, 175, 0, 'Vrancea', 'VRA', 'VN', 0, 0, 1, '0000-00-00 00:00:00', 0, '0000-00-00 00:00:00', 0, '0000-00-00 00:00:00', 0),
(214, 1, 105, 0, 'Agrigento', 'AGR', 'AG', 0, 0, 1, '0000-00-00 00:00:00', 0, '0000-00-00 00:00:00', 0, '0000-00-00 00:00:00', 0),
(215, 1, 105, 0, 'Alessandria', 'ALE', 'AL', 0, 0, 1, '0000-00-00 00:00:00', 0, '0000-00-00 00:00:00', 0, '0000-00-00 00:00:00', 0),
(216, 1, 105, 0, 'Ancona', 'ANC', 'AN', 0, 0, 1, '0000-00-00 00:00:00', 0, '0000-00-00 00:00:00', 0, '0000-00-00 00:00:00', 0),
(217, 1, 105, 0, 'Aosta', 'AOS', 'AO', 0, 0, 1, '0000-00-00 00:00:00', 0, '0000-00-00 00:00:00', 0, '0000-00-00 00:00:00', 0),
(218, 1, 105, 0, 'Arezzo', 'ARE', 'AR', 0, 0, 1, '0000-00-00 00:00:00', 0, '0000-00-00 00:00:00', 0, '0000-00-00 00:00:00', 0),
(219, 1, 105, 0, 'Ascoli Piceno', 'API', 'AP', 0, 0, 1, '0000-00-00 00:00:00', 0, '0000-00-00 00:00:00', 0, '0000-00-00 00:00:00', 0),
(220, 1, 105, 0, 'Asti', 'AST', 'AT', 0, 0, 1, '0000-00-00 00:00:00', 0, '0000-00-00 00:00:00', 0, '0000-00-00 00:00:00', 0),
(221, 1, 105, 0, 'Avellino', 'AVE', 'AV', 0, 0, 1, '0000-00-00 00:00:00', 0, '0000-00-00 00:00:00', 0, '0000-00-00 00:00:00', 0),
(222, 1, 105, 0, 'Bari', 'BAR', 'BA', 0, 0, 1, '0000-00-00 00:00:00', 0, '0000-00-00 00:00:00', 0, '0000-00-00 00:00:00', 0),
(223, 1, 105, 0, 'Belluno', 'BEL', 'BL', 0, 0, 1, '0000-00-00 00:00:00', 0, '0000-00-00 00:00:00', 0, '0000-00-00 00:00:00', 0),
(224, 1, 105, 0, 'Benevento', 'BEN', 'BN', 0, 0, 1, '0000-00-00 00:00:00', 0, '0000-00-00 00:00:00', 0, '0000-00-00 00:00:00', 0),
(225, 1, 105, 0, 'Bergamo', 'BEG', 'BG', 0, 0, 1, '0000-00-00 00:00:00', 0, '0000-00-00 00:00:00', 0, '0000-00-00 00:00:00', 0),
(226, 1, 105, 0, 'Biella', 'BIE', 'BI', 0, 0, 1, '0000-00-00 00:00:00', 0, '0000-00-00 00:00:00', 0, '0000-00-00 00:00:00', 0),
(227, 1, 105, 0, 'Bologna', 'BOL', 'BO', 0, 0, 1, '0000-00-00 00:00:00', 0, '0000-00-00 00:00:00', 0, '0000-00-00 00:00:00', 0),
(228, 1, 105, 0, 'Bolzano', 'BOZ', 'BZ', 0, 0, 1, '0000-00-00 00:00:00', 0, '0000-00-00 00:00:00', 0, '0000-00-00 00:00:00', 0),
(229, 1, 105, 0, 'Brescia', 'BRE', 'BS', 0, 0, 1, '0000-00-00 00:00:00', 0, '0000-00-00 00:00:00', 0, '0000-00-00 00:00:00', 0),
(230, 1, 105, 0, 'Brindisi', 'BRI', 'BR', 0, 0, 1, '0000-00-00 00:00:00', 0, '0000-00-00 00:00:00', 0, '0000-00-00 00:00:00', 0),
(231, 1, 105, 0, 'Cagliari', 'CAG', 'CA', 0, 0, 1, '0000-00-00 00:00:00', 0, '0000-00-00 00:00:00', 0, '0000-00-00 00:00:00', 0),
(232, 1, 105, 0, 'Caltanissetta', 'CAL', 'CL', 0, 0, 1, '0000-00-00 00:00:00', 0, '0000-00-00 00:00:00', 0, '0000-00-00 00:00:00', 0),
(233, 1, 105, 0, 'Campobasso', 'CBO', 'CB', 0, 0, 1, '0000-00-00 00:00:00', 0, '0000-00-00 00:00:00', 0, '0000-00-00 00:00:00', 0),
(234, 1, 105, 0, 'Carbonia-Iglesias', 'CAR', 'CI', 0, 0, 1, '0000-00-00 00:00:00', 0, '0000-00-00 00:00:00', 0, '0000-00-00 00:00:00', 0),
(235, 1, 105, 0, 'Caserta', 'CAS', 'CE', 0, 0, 1, '0000-00-00 00:00:00', 0, '0000-00-00 00:00:00', 0, '0000-00-00 00:00:00', 0),
(236, 1, 105, 0, 'Catania', 'CAT', 'CT', 0, 0, 1, '0000-00-00 00:00:00', 0, '0000-00-00 00:00:00', 0, '0000-00-00 00:00:00', 0),
(237, 1, 105, 0, 'Catanzaro', 'CTZ', 'CZ', 0, 0, 1, '0000-00-00 00:00:00', 0, '0000-00-00 00:00:00', 0, '0000-00-00 00:00:00', 0),
(238, 1, 105, 0, 'Chieti', 'CHI', 'CH', 0, 0, 1, '0000-00-00 00:00:00', 0, '0000-00-00 00:00:00', 0, '0000-00-00 00:00:00', 0),
(239, 1, 105, 0, 'Como', 'COM', 'CO', 0, 0, 1, '0000-00-00 00:00:00', 0, '0000-00-00 00:00:00', 0, '0000-00-00 00:00:00', 0),
(240, 1, 105, 0, 'Cosenza', 'COS', 'CS', 0, 0, 1, '0000-00-00 00:00:00', 0, '0000-00-00 00:00:00', 0, '0000-00-00 00:00:00', 0),
(241, 1, 105, 0, 'Cremona', 'CRE', 'CR', 0, 0, 1, '0000-00-00 00:00:00', 0, '0000-00-00 00:00:00', 0, '0000-00-00 00:00:00', 0),
(242, 1, 105, 0, 'Crotone', 'CRO', 'KR', 0, 0, 1, '0000-00-00 00:00:00', 0, '0000-00-00 00:00:00', 0, '0000-00-00 00:00:00', 0),
(243, 1, 105, 0, 'Cuneo', 'CUN', 'CN', 0, 0, 1, '0000-00-00 00:00:00', 0, '0000-00-00 00:00:00', 0, '0000-00-00 00:00:00', 0),
(244, 1, 105, 0, 'Enna', 'ENN', 'EN', 0, 0, 1, '0000-00-00 00:00:00', 0, '0000-00-00 00:00:00', 0, '0000-00-00 00:00:00', 0),
(245, 1, 105, 0, 'Ferrara', 'FER', 'FE', 0, 0, 1, '0000-00-00 00:00:00', 0, '0000-00-00 00:00:00', 0, '0000-00-00 00:00:00', 0),
(246, 1, 105, 0, 'Firenze', 'FIR', 'FI', 0, 0, 1, '0000-00-00 00:00:00', 0, '0000-00-00 00:00:00', 0, '0000-00-00 00:00:00', 0),
(247, 1, 105, 0, 'Foggia', 'FOG', 'FG', 0, 0, 1, '0000-00-00 00:00:00', 0, '0000-00-00 00:00:00', 0, '0000-00-00 00:00:00', 0),
(248, 1, 105, 0, 'Forli-Cesena', 'FOC', 'FC', 0, 0, 1, '0000-00-00 00:00:00', 0, '0000-00-00 00:00:00', 0, '0000-00-00 00:00:00', 0),
(249, 1, 105, 0, 'Frosinone', 'FRO', 'FR', 0, 0, 1, '0000-00-00 00:00:00', 0, '0000-00-00 00:00:00', 0, '0000-00-00 00:00:00', 0),
(250, 1, 105, 0, 'Genova', 'GEN', 'GE', 0, 0, 1, '0000-00-00 00:00:00', 0, '0000-00-00 00:00:00', 0, '0000-00-00 00:00:00', 0),
(251, 1, 105, 0, 'Gorizia', 'GOR', 'GO', 0, 0, 1, '0000-00-00 00:00:00', 0, '0000-00-00 00:00:00', 0, '0000-00-00 00:00:00', 0),
(252, 1, 105, 0, 'Grosseto', 'GRO', 'GR', 0, 0, 1, '0000-00-00 00:00:00', 0, '0000-00-00 00:00:00', 0, '0000-00-00 00:00:00', 0),
(253, 1, 105, 0, 'Imperia', 'IMP', 'IM', 0, 0, 1, '0000-00-00 00:00:00', 0, '0000-00-00 00:00:00', 0, '0000-00-00 00:00:00', 0),
(254, 1, 105, 0, 'Isernia', 'ISE', 'IS', 0, 0, 1, '0000-00-00 00:00:00', 0, '0000-00-00 00:00:00', 0, '0000-00-00 00:00:00', 0),
(255, 1, 105, 0, 'L''Aquila', 'AQU', 'AQ', 0, 0, 1, '0000-00-00 00:00:00', 0, '0000-00-00 00:00:00', 0, '0000-00-00 00:00:00', 0),
(256, 1, 105, 0, 'La Spezia', 'LAS', 'SP', 0, 0, 1, '0000-00-00 00:00:00', 0, '0000-00-00 00:00:00', 0, '0000-00-00 00:00:00', 0),
(257, 1, 105, 0, 'Latina', 'LAT', 'LT', 0, 0, 1, '0000-00-00 00:00:00', 0, '0000-00-00 00:00:00', 0, '0000-00-00 00:00:00', 0),
(258, 1, 105, 0, 'Lecce', 'LEC', 'LE', 0, 0, 1, '0000-00-00 00:00:00', 0, '0000-00-00 00:00:00', 0, '0000-00-00 00:00:00', 0),
(259, 1, 105, 0, 'Lecco', 'LCC', 'LC', 0, 0, 1, '0000-00-00 00:00:00', 0, '0000-00-00 00:00:00', 0, '0000-00-00 00:00:00', 0),
(260, 1, 105, 0, 'Livorno', 'LIV', 'LI', 0, 0, 1, '0000-00-00 00:00:00', 0, '0000-00-00 00:00:00', 0, '0000-00-00 00:00:00', 0),
(261, 1, 105, 0, 'Lodi', 'LOD', 'LO', 0, 0, 1, '0000-00-00 00:00:00', 0, '0000-00-00 00:00:00', 0, '0000-00-00 00:00:00', 0),
(262, 1, 105, 0, 'Lucca', 'LUC', 'LU', 0, 0, 1, '0000-00-00 00:00:00', 0, '0000-00-00 00:00:00', 0, '0000-00-00 00:00:00', 0),
(263, 1, 105, 0, 'Macerata', 'MAC', 'MC', 0, 0, 1, '0000-00-00 00:00:00', 0, '0000-00-00 00:00:00', 0, '0000-00-00 00:00:00', 0),
(264, 1, 105, 0, 'Mantova', 'MAN', 'MN', 0, 0, 1, '0000-00-00 00:00:00', 0, '0000-00-00 00:00:00', 0, '0000-00-00 00:00:00', 0),
(265, 1, 105, 0, 'Massa-Carrara', 'MAS', 'MS', 0, 0, 1, '0000-00-00 00:00:00', 0, '0000-00-00 00:00:00', 0, '0000-00-00 00:00:00', 0),
(266, 1, 105, 0, 'Matera', 'MAA', 'MT', 0, 0, 1, '0000-00-00 00:00:00', 0, '0000-00-00 00:00:00', 0, '0000-00-00 00:00:00', 0),
(267, 1, 105, 0, 'Medio Campidano', 'MED', 'VS', 0, 0, 1, '0000-00-00 00:00:00', 0, '0000-00-00 00:00:00', 0, '0000-00-00 00:00:00', 0),
(268, 1, 105, 0, 'Messina', 'MES', 'ME', 0, 0, 1, '0000-00-00 00:00:00', 0, '0000-00-00 00:00:00', 0, '0000-00-00 00:00:00', 0),
(269, 1, 105, 0, 'Milano', 'MIL', 'MI', 0, 0, 1, '0000-00-00 00:00:00', 0, '0000-00-00 00:00:00', 0, '0000-00-00 00:00:00', 0),
(270, 1, 105, 0, 'Modena', 'MOD', 'MO', 0, 0, 1, '0000-00-00 00:00:00', 0, '0000-00-00 00:00:00', 0, '0000-00-00 00:00:00', 0),
(271, 1, 105, 0, 'Napoli', 'NAP', 'NA', 0, 0, 1, '0000-00-00 00:00:00', 0, '0000-00-00 00:00:00', 0, '0000-00-00 00:00:00', 0),
(272, 1, 105, 0, 'Novara', 'NOV', 'NO', 0, 0, 1, '0000-00-00 00:00:00', 0, '0000-00-00 00:00:00', 0, '0000-00-00 00:00:00', 0),
(273, 1, 105, 0, 'Nuoro', 'NUR', 'NU', 0, 0, 1, '0000-00-00 00:00:00', 0, '0000-00-00 00:00:00', 0, '0000-00-00 00:00:00', 0),
(274, 1, 105, 0, 'Ogliastra', 'OGL', 'OG', 0, 0, 1, '0000-00-00 00:00:00', 0, '0000-00-00 00:00:00', 0, '0000-00-00 00:00:00', 0),
(275, 1, 105, 0, 'Olbia-Tempio', 'OLB', 'OT', 0, 0, 1, '0000-00-00 00:00:00', 0, '0000-00-00 00:00:00', 0, '0000-00-00 00:00:00', 0),
(276, 1, 105, 0, 'Oristano', 'ORI', 'OR', 0, 0, 1, '0000-00-00 00:00:00', 0, '0000-00-00 00:00:00', 0, '0000-00-00 00:00:00', 0),
(277, 1, 105, 0, 'Padova', 'PDA', 'PD', 0, 0, 1, '0000-00-00 00:00:00', 0, '0000-00-00 00:00:00', 0, '0000-00-00 00:00:00', 0),
(278, 1, 105, 0, 'Palermo', 'PAL', 'PA', 0, 0, 1, '0000-00-00 00:00:00', 0, '0000-00-00 00:00:00', 0, '0000-00-00 00:00:00', 0),
(279, 1, 105, 0, 'Parma', 'PAA', 'PR', 0, 0, 1, '0000-00-00 00:00:00', 0, '0000-00-00 00:00:00', 0, '0000-00-00 00:00:00', 0),
(280, 1, 105, 0, 'Pavia', 'PAV', 'PV', 0, 0, 1, '0000-00-00 00:00:00', 0, '0000-00-00 00:00:00', 0, '0000-00-00 00:00:00', 0),
(281, 1, 105, 0, 'Perugia', 'PER', 'PG', 0, 0, 1, '0000-00-00 00:00:00', 0, '0000-00-00 00:00:00', 0, '0000-00-00 00:00:00', 0),
(282, 1, 105, 0, 'Pesaro e Urbino', 'PES', 'PU', 0, 0, 1, '0000-00-00 00:00:00', 0, '0000-00-00 00:00:00', 0, '0000-00-00 00:00:00', 0),
(283, 1, 105, 0, 'Pescara', 'PSC', 'PE', 0, 0, 1, '0000-00-00 00:00:00', 0, '0000-00-00 00:00:00', 0, '0000-00-00 00:00:00', 0),
(284, 1, 105, 0, 'Piacenza', 'PIA', 'PC', 0, 0, 1, '0000-00-00 00:00:00', 0, '0000-00-00 00:00:00', 0, '0000-00-00 00:00:00', 0),
(285, 1, 105, 0, 'Pisa', 'PIS', 'PI', 0, 0, 1, '0000-00-00 00:00:00', 0, '0000-00-00 00:00:00', 0, '0000-00-00 00:00:00', 0),
(286, 1, 105, 0, 'Pistoia', 'PIT', 'PT', 0, 0, 1, '0000-00-00 00:00:00', 0, '0000-00-00 00:00:00', 0, '0000-00-00 00:00:00', 0),
(287, 1, 105, 0, 'Pordenone', 'POR', 'PN', 0, 0, 1, '0000-00-00 00:00:00', 0, '0000-00-00 00:00:00', 0, '0000-00-00 00:00:00', 0),
(288, 1, 105, 0, 'Potenza', 'PTZ', 'PZ', 0, 0, 1, '0000-00-00 00:00:00', 0, '0000-00-00 00:00:00', 0, '0000-00-00 00:00:00', 0),
(289, 1, 105, 0, 'Prato', 'PRA', 'PO', 0, 0, 1, '0000-00-00 00:00:00', 0, '0000-00-00 00:00:00', 0, '0000-00-00 00:00:00', 0),
(290, 1, 105, 0, 'Ragusa', 'RAG', 'RG', 0, 0, 1, '0000-00-00 00:00:00', 0, '0000-00-00 00:00:00', 0, '0000-00-00 00:00:00', 0),
(291, 1, 105, 0, 'Ravenna', 'RAV', 'RA', 0, 0, 1, '0000-00-00 00:00:00', 0, '0000-00-00 00:00:00', 0, '0000-00-00 00:00:00', 0),
(292, 1, 105, 0, 'Reggio Calabria', 'REG', 'RC', 0, 0, 1, '0000-00-00 00:00:00', 0, '0000-00-00 00:00:00', 0, '0000-00-00 00:00:00', 0),
(293, 1, 105, 0, 'Reggio Emilia', 'REE', 'RE', 0, 0, 1, '0000-00-00 00:00:00', 0, '0000-00-00 00:00:00', 0, '0000-00-00 00:00:00', 0),
(294, 1, 105, 0, 'Rieti', 'RIE', 'RI', 0, 0, 1, '0000-00-00 00:00:00', 0, '0000-00-00 00:00:00', 0, '0000-00-00 00:00:00', 0),
(295, 1, 105, 0, 'Rimini', 'RIM', 'RN', 0, 0, 1, '0000-00-00 00:00:00', 0, '0000-00-00 00:00:00', 0, '0000-00-00 00:00:00', 0),
(296, 1, 105, 0, 'Roma', 'ROM', 'RM', 0, 0, 1, '0000-00-00 00:00:00', 0, '0000-00-00 00:00:00', 0, '0000-00-00 00:00:00', 0),
(297, 1, 105, 0, 'Rovigo', 'ROV', 'RO', 0, 0, 1, '0000-00-00 00:00:00', 0, '0000-00-00 00:00:00', 0, '0000-00-00 00:00:00', 0),
(298, 1, 105, 0, 'Salerno', 'SAL', 'SA', 0, 0, 1, '0000-00-00 00:00:00', 0, '0000-00-00 00:00:00', 0, '0000-00-00 00:00:00', 0),
(299, 1, 105, 0, 'Sassari', 'SAS', 'SS', 0, 0, 1, '0000-00-00 00:00:00', 0, '0000-00-00 00:00:00', 0, '0000-00-00 00:00:00', 0),
(300, 1, 105, 0, 'Savona', 'SAV', 'SV', 0, 0, 1, '0000-00-00 00:00:00', 0, '0000-00-00 00:00:00', 0, '0000-00-00 00:00:00', 0),
(301, 1, 105, 0, 'Siena', 'SIE', 'SI', 0, 0, 1, '0000-00-00 00:00:00', 0, '0000-00-00 00:00:00', 0, '0000-00-00 00:00:00', 0),
(302, 1, 105, 0, 'Siracusa', 'SIR', 'SR', 0, 0, 1, '0000-00-00 00:00:00', 0, '0000-00-00 00:00:00', 0, '0000-00-00 00:00:00', 0),
(303, 1, 105, 0, 'Sondrio', 'SOO', 'SO', 0, 0, 1, '0000-00-00 00:00:00', 0, '0000-00-00 00:00:00', 0, '0000-00-00 00:00:00', 0),
(304, 1, 105, 0, 'Taranto', 'TAR', 'TA', 0, 0, 1, '0000-00-00 00:00:00', 0, '0000-00-00 00:00:00', 0, '0000-00-00 00:00:00', 0),
(305, 1, 105, 0, 'Teramo', 'TER', 'TE', 0, 0, 1, '0000-00-00 00:00:00', 0, '0000-00-00 00:00:00', 0, '0000-00-00 00:00:00', 0),
(306, 1, 105, 0, 'Terni', 'TRN', 'TR', 0, 0, 1, '0000-00-00 00:00:00', 0, '0000-00-00 00:00:00', 0, '0000-00-00 00:00:00', 0),
(307, 1, 105, 0, 'Torino', 'TOR', 'TO', 0, 0, 1, '0000-00-00 00:00:00', 0, '0000-00-00 00:00:00', 0, '0000-00-00 00:00:00', 0),
(308, 1, 105, 0, 'Trapani', 'TRA', 'TP', 0, 0, 1, '0000-00-00 00:00:00', 0, '0000-00-00 00:00:00', 0, '0000-00-00 00:00:00', 0),
(309, 1, 105, 0, 'Trento', 'TRE', 'TN', 0, 0, 1, '0000-00-00 00:00:00', 0, '0000-00-00 00:00:00', 0, '0000-00-00 00:00:00', 0),
(310, 1, 105, 0, 'Treviso', 'TRV', 'TV', 0, 0, 1, '0000-00-00 00:00:00', 0, '0000-00-00 00:00:00', 0, '0000-00-00 00:00:00', 0),
(311, 1, 105, 0, 'Trieste', 'TRI', 'TS', 0, 0, 1, '0000-00-00 00:00:00', 0, '0000-00-00 00:00:00', 0, '0000-00-00 00:00:00', 0),
(312, 1, 105, 0, 'Udine', 'UDI', 'UD', 0, 0, 1, '0000-00-00 00:00:00', 0, '0000-00-00 00:00:00', 0, '0000-00-00 00:00:00', 0),
(313, 1, 105, 0, 'Varese', 'VAR', 'VA', 0, 0, 1, '0000-00-00 00:00:00', 0, '0000-00-00 00:00:00', 0, '0000-00-00 00:00:00', 0),
(314, 1, 105, 0, 'Venezia', 'VEN', 'VE', 0, 0, 1, '0000-00-00 00:00:00', 0, '0000-00-00 00:00:00', 0, '0000-00-00 00:00:00', 0),
(315, 1, 105, 0, 'Verbano Cusio Ossola', 'VCO', 'VB', 0, 0, 1, '0000-00-00 00:00:00', 0, '0000-00-00 00:00:00', 0, '0000-00-00 00:00:00', 0),
(316, 1, 105, 0, 'Vercelli', 'VER', 'VC', 0, 0, 1, '0000-00-00 00:00:00', 0, '0000-00-00 00:00:00', 0, '0000-00-00 00:00:00', 0),
(317, 1, 105, 0, 'Verona', 'VRN', 'VR', 0, 0, 1, '0000-00-00 00:00:00', 0, '0000-00-00 00:00:00', 0, '0000-00-00 00:00:00', 0),
(318, 1, 105, 0, 'Vibo Valenzia', 'VIV', 'VV', 0, 0, 1, '0000-00-00 00:00:00', 0, '0000-00-00 00:00:00', 0, '0000-00-00 00:00:00', 0),
(319, 1, 105, 0, 'Vicenza', 'VII', 'VI', 0, 0, 1, '0000-00-00 00:00:00', 0, '0000-00-00 00:00:00', 0, '0000-00-00 00:00:00', 0),
(320, 1, 105, 0, 'Viterbo', 'VIT', 'VT', 0, 0, 1, '0000-00-00 00:00:00', 0, '0000-00-00 00:00:00', 0, '0000-00-00 00:00:00', 0),
(321, 1, 195, 0, 'A Coru', 'ACO', '15', 0, 0, 1, '0000-00-00 00:00:00', 0, '0000-00-00 00:00:00', 0, '0000-00-00 00:00:00', 0),
(322, 1, 195, 0, 'Alava', 'ALA', '01', 0, 0, 1, '0000-00-00 00:00:00', 0, '0000-00-00 00:00:00', 0, '0000-00-00 00:00:00', 0),
(323, 1, 195, 0, 'Albacete', 'ALB', '02', 0, 0, 1, '0000-00-00 00:00:00', 0, '0000-00-00 00:00:00', 0, '0000-00-00 00:00:00', 0),
(324, 1, 195, 0, 'Alicante', 'ALI', '03', 0, 0, 1, '0000-00-00 00:00:00', 0, '0000-00-00 00:00:00', 0, '0000-00-00 00:00:00', 0),
(325, 1, 195, 0, 'Almeria', 'ALM', '04', 0, 0, 1, '0000-00-00 00:00:00', 0, '0000-00-00 00:00:00', 0, '0000-00-00 00:00:00', 0),
(326, 1, 195, 0, 'Asturias', 'AST', '33', 0, 0, 1, '0000-00-00 00:00:00', 0, '0000-00-00 00:00:00', 0, '0000-00-00 00:00:00', 0),
(327, 1, 195, 0, 'Avila', 'AVI', '05', 0, 0, 1, '0000-00-00 00:00:00', 0, '0000-00-00 00:00:00', 0, '0000-00-00 00:00:00', 0),
(328, 1, 195, 0, 'Badajoz', 'BAD', '06', 0, 0, 1, '0000-00-00 00:00:00', 0, '0000-00-00 00:00:00', 0, '0000-00-00 00:00:00', 0),
(329, 1, 195, 0, 'Baleares', 'BAL', '07', 0, 0, 1, '0000-00-00 00:00:00', 0, '0000-00-00 00:00:00', 0, '0000-00-00 00:00:00', 0),
(330, 1, 195, 0, 'Barcelona', 'BAR', '08', 0, 0, 1, '0000-00-00 00:00:00', 0, '0000-00-00 00:00:00', 0, '0000-00-00 00:00:00', 0),
(331, 1, 195, 0, 'Burgos', 'BUR', '09', 0, 0, 1, '0000-00-00 00:00:00', 0, '0000-00-00 00:00:00', 0, '0000-00-00 00:00:00', 0),
(332, 1, 195, 0, 'Caceres', 'CAC', '10', 0, 0, 1, '0000-00-00 00:00:00', 0, '0000-00-00 00:00:00', 0, '0000-00-00 00:00:00', 0),
(333, 1, 195, 0, 'Cadiz', 'CAD', '11', 0, 0, 1, '0000-00-00 00:00:00', 0, '0000-00-00 00:00:00', 0, '0000-00-00 00:00:00', 0),
(334, 1, 195, 0, 'Cantabria', 'CAN', '39', 0, 0, 1, '0000-00-00 00:00:00', 0, '0000-00-00 00:00:00', 0, '0000-00-00 00:00:00', 0),
(335, 1, 195, 0, 'Castellon', 'CAS', '12', 0, 0, 1, '0000-00-00 00:00:00', 0, '0000-00-00 00:00:00', 0, '0000-00-00 00:00:00', 0),
(336, 1, 195, 0, 'Ceuta', 'CEU', '51', 0, 0, 1, '0000-00-00 00:00:00', 0, '0000-00-00 00:00:00', 0, '0000-00-00 00:00:00', 0),
(337, 1, 195, 0, 'Ciudad Real', 'CIU', '13', 0, 0, 1, '0000-00-00 00:00:00', 0, '0000-00-00 00:00:00', 0, '0000-00-00 00:00:00', 0),
(338, 1, 195, 0, 'Cordoba', 'COR', '14', 0, 0, 1, '0000-00-00 00:00:00', 0, '0000-00-00 00:00:00', 0, '0000-00-00 00:00:00', 0),
(339, 1, 195, 0, 'Cuenca', 'CUE', '16', 0, 0, 1, '0000-00-00 00:00:00', 0, '0000-00-00 00:00:00', 0, '0000-00-00 00:00:00', 0),
(340, 1, 195, 0, 'Girona', 'GIR', '17', 0, 0, 1, '0000-00-00 00:00:00', 0, '0000-00-00 00:00:00', 0, '0000-00-00 00:00:00', 0),
(341, 1, 195, 0, 'Granada', 'GRA', '18', 0, 0, 1, '0000-00-00 00:00:00', 0, '0000-00-00 00:00:00', 0, '0000-00-00 00:00:00', 0),
(342, 1, 195, 0, 'Guadalajara', 'GUA', '19', 0, 0, 1, '0000-00-00 00:00:00', 0, '0000-00-00 00:00:00', 0, '0000-00-00 00:00:00', 0),
(343, 1, 195, 0, 'Guipuzcoa', 'GUI', '20', 0, 0, 1, '0000-00-00 00:00:00', 0, '0000-00-00 00:00:00', 0, '0000-00-00 00:00:00', 0),
(344, 1, 195, 0, 'Huelva', 'HUL', '21', 0, 0, 1, '0000-00-00 00:00:00', 0, '0000-00-00 00:00:00', 0, '0000-00-00 00:00:00', 0),
(345, 1, 195, 0, 'Huesca', 'HUS', '22', 0, 0, 1, '0000-00-00 00:00:00', 0, '0000-00-00 00:00:00', 0, '0000-00-00 00:00:00', 0),
(346, 1, 195, 0, 'Jaen', 'JAE', '23', 0, 0, 1, '0000-00-00 00:00:00', 0, '0000-00-00 00:00:00', 0, '0000-00-00 00:00:00', 0),
(347, 1, 195, 0, 'La Rioja', 'LRI', '26', 0, 0, 1, '0000-00-00 00:00:00', 0, '0000-00-00 00:00:00', 0, '0000-00-00 00:00:00', 0),
(348, 1, 195, 0, 'Las Palmas', 'LPA', '35', 0, 0, 1, '0000-00-00 00:00:00', 0, '0000-00-00 00:00:00', 0, '0000-00-00 00:00:00', 0),
(349, 1, 195, 0, 'Leon', 'LEO', '24', 0, 0, 1, '0000-00-00 00:00:00', 0, '0000-00-00 00:00:00', 0, '0000-00-00 00:00:00', 0),
(350, 1, 195, 0, 'Lleida', 'LLE', '25', 0, 0, 1, '0000-00-00 00:00:00', 0, '0000-00-00 00:00:00', 0, '0000-00-00 00:00:00', 0),
(351, 1, 195, 0, 'Lugo', 'LUG', '27', 0, 0, 1, '0000-00-00 00:00:00', 0, '0000-00-00 00:00:00', 0, '0000-00-00 00:00:00', 0),
(352, 1, 195, 0, 'Madrid', 'MAD', '28', 0, 0, 1, '0000-00-00 00:00:00', 0, '0000-00-00 00:00:00', 0, '0000-00-00 00:00:00', 0),
(353, 1, 195, 0, 'Malaga', 'MAL', '29', 0, 0, 1, '0000-00-00 00:00:00', 0, '0000-00-00 00:00:00', 0, '0000-00-00 00:00:00', 0),
(354, 1, 195, 0, 'Melilla', 'MEL', '52', 0, 0, 1, '0000-00-00 00:00:00', 0, '0000-00-00 00:00:00', 0, '0000-00-00 00:00:00', 0),
(355, 1, 195, 0, 'Murcia', 'MUR', '30', 0, 0, 1, '0000-00-00 00:00:00', 0, '0000-00-00 00:00:00', 0, '0000-00-00 00:00:00', 0),
(356, 1, 195, 0, 'Navarra', 'NAV', '31', 0, 0, 1, '0000-00-00 00:00:00', 0, '0000-00-00 00:00:00', 0, '0000-00-00 00:00:00', 0),
(357, 1, 195, 0, 'Ourense', 'OUR', '32', 0, 0, 1, '0000-00-00 00:00:00', 0, '0000-00-00 00:00:00', 0, '0000-00-00 00:00:00', 0),
(358, 1, 195, 0, 'Palencia', 'PAL', '34', 0, 0, 1, '0000-00-00 00:00:00', 0, '0000-00-00 00:00:00', 0, '0000-00-00 00:00:00', 0),
(359, 1, 195, 0, 'Pontevedra', 'PON', '36', 0, 0, 1, '0000-00-00 00:00:00', 0, '0000-00-00 00:00:00', 0, '0000-00-00 00:00:00', 0),
(360, 1, 195, 0, 'Salamanca', 'SAL', '37', 0, 0, 1, '0000-00-00 00:00:00', 0, '0000-00-00 00:00:00', 0, '0000-00-00 00:00:00', 0),
(361, 1, 195, 0, 'Santa Cruz de Tenerife', 'SCT', '38', 0, 0, 1, '0000-00-00 00:00:00', 0, '0000-00-00 00:00:00', 0, '0000-00-00 00:00:00', 0),
(362, 1, 195, 0, 'Segovia', 'SEG', '40', 0, 0, 1, '0000-00-00 00:00:00', 0, '0000-00-00 00:00:00', 0, '0000-00-00 00:00:00', 0),
(363, 1, 195, 0, 'Sevilla', 'SEV', '41', 0, 0, 1, '0000-00-00 00:00:00', 0, '0000-00-00 00:00:00', 0, '0000-00-00 00:00:00', 0),
(364, 1, 195, 0, 'Soria', 'SOR', '42', 0, 0, 1, '0000-00-00 00:00:00', 0, '0000-00-00 00:00:00', 0, '0000-00-00 00:00:00', 0),
(365, 1, 195, 0, 'Tarragona', 'TAR', '43', 0, 0, 1, '0000-00-00 00:00:00', 0, '0000-00-00 00:00:00', 0, '0000-00-00 00:00:00', 0),
(366, 1, 195, 0, 'Teruel', 'TER', '44', 0, 0, 1, '0000-00-00 00:00:00', 0, '0000-00-00 00:00:00', 0, '0000-00-00 00:00:00', 0),
(367, 1, 195, 0, 'Toledo', 'TOL', '45', 0, 0, 1, '0000-00-00 00:00:00', 0, '0000-00-00 00:00:00', 0, '0000-00-00 00:00:00', 0),
(368, 1, 195, 0, 'Valencia', 'VAL', '46', 0, 0, 1, '0000-00-00 00:00:00', 0, '0000-00-00 00:00:00', 0, '0000-00-00 00:00:00', 0),
(369, 1, 195, 0, 'Valladolid', 'VLL', '47', 0, 0, 1, '0000-00-00 00:00:00', 0, '0000-00-00 00:00:00', 0, '0000-00-00 00:00:00', 0),
(370, 1, 195, 0, 'Vizcaya', 'VIZ', '48', 0, 0, 1, '0000-00-00 00:00:00', 0, '0000-00-00 00:00:00', 0, '0000-00-00 00:00:00', 0),
(371, 1, 195, 0, 'Zamora', 'ZAM', '49', 0, 0, 1, '0000-00-00 00:00:00', 0, '0000-00-00 00:00:00', 0, '0000-00-00 00:00:00', 0),
(372, 1, 195, 0, 'Zaragoza', 'ZAR', '50', 0, 0, 1, '0000-00-00 00:00:00', 0, '0000-00-00 00:00:00', 0, '0000-00-00 00:00:00', 0),
(373, 1, 10, 0, 'Buenos Aires', 'BAS', 'BA', 0, 0, 1, '0000-00-00 00:00:00', 0, '0000-00-00 00:00:00', 0, '0000-00-00 00:00:00', 0),
(374, 1, 10, 0, 'Ciudad Autonoma De Buenos Aires', 'CBA', 'CB', 0, 0, 1, '0000-00-00 00:00:00', 0, '0000-00-00 00:00:00', 0, '0000-00-00 00:00:00', 0),
(375, 1, 10, 0, 'Catamarca', 'CAT', 'CA', 0, 0, 1, '0000-00-00 00:00:00', 0, '0000-00-00 00:00:00', 0, '0000-00-00 00:00:00', 0),
(376, 1, 10, 0, 'Chaco', 'CHO', 'CH', 0, 0, 1, '0000-00-00 00:00:00', 0, '0000-00-00 00:00:00', 0, '0000-00-00 00:00:00', 0),
(377, 1, 10, 0, 'Chubut', 'CTT', 'CT', 0, 0, 1, '0000-00-00 00:00:00', 0, '0000-00-00 00:00:00', 0, '0000-00-00 00:00:00', 0),
(378, 1, 10, 0, 'Cordoba', 'COD', 'CO', 0, 0, 1, '0000-00-00 00:00:00', 0, '0000-00-00 00:00:00', 0, '0000-00-00 00:00:00', 0),
(379, 1, 10, 0, 'Corrientes', 'CRI', 'CR', 0, 0, 1, '0000-00-00 00:00:00', 0, '0000-00-00 00:00:00', 0, '0000-00-00 00:00:00', 0),
(380, 1, 10, 0, 'Entre Rios', 'ERS', 'ER', 0, 0, 1, '0000-00-00 00:00:00', 0, '0000-00-00 00:00:00', 0, '0000-00-00 00:00:00', 0),
(381, 1, 10, 0, 'Formosa', 'FRM', 'FR', 0, 0, 1, '0000-00-00 00:00:00', 0, '0000-00-00 00:00:00', 0, '0000-00-00 00:00:00', 0),
(382, 1, 10, 0, 'Jujuy', 'JUJ', 'JU', 0, 0, 1, '0000-00-00 00:00:00', 0, '0000-00-00 00:00:00', 0, '0000-00-00 00:00:00', 0),
(383, 1, 10, 0, 'La Pampa', 'LPM', 'LP', 0, 0, 1, '0000-00-00 00:00:00', 0, '0000-00-00 00:00:00', 0, '0000-00-00 00:00:00', 0),
(384, 1, 10, 0, 'La Rioja', 'LRI', 'LR', 0, 0, 1, '0000-00-00 00:00:00', 0, '0000-00-00 00:00:00', 0, '0000-00-00 00:00:00', 0),
(385, 1, 10, 0, 'Mendoza', 'MED', 'ME', 0, 0, 1, '0000-00-00 00:00:00', 0, '0000-00-00 00:00:00', 0, '0000-00-00 00:00:00', 0),
(386, 1, 10, 0, 'Misiones', 'MIS', 'MI', 0, 0, 1, '0000-00-00 00:00:00', 0, '0000-00-00 00:00:00', 0, '0000-00-00 00:00:00', 0),
(387, 1, 10, 0, 'Neuquen', 'NQU', 'NQ', 0, 0, 1, '0000-00-00 00:00:00', 0, '0000-00-00 00:00:00', 0, '0000-00-00 00:00:00', 0),
(388, 1, 10, 0, 'Rio Negro', 'RNG', 'RN', 0, 0, 1, '0000-00-00 00:00:00', 0, '0000-00-00 00:00:00', 0, '0000-00-00 00:00:00', 0),
(389, 1, 10, 0, 'Salta', 'SAL', 'SA', 0, 0, 1, '0000-00-00 00:00:00', 0, '0000-00-00 00:00:00', 0, '0000-00-00 00:00:00', 0);
INSERT INTO `bnduv_virtuemart_states` (`virtuemart_state_id`, `virtuemart_vendor_id`, `virtuemart_country_id`, `virtuemart_worldzone_id`, `state_name`, `state_3_code`, `state_2_code`, `ordering`, `shared`, `published`, `created_on`, `created_by`, `modified_on`, `modified_by`, `locked_on`, `locked_by`) VALUES
(390, 1, 10, 0, 'San Juan', 'SJN', 'SJ', 0, 0, 1, '0000-00-00 00:00:00', 0, '0000-00-00 00:00:00', 0, '0000-00-00 00:00:00', 0),
(391, 1, 10, 0, 'San Luis', 'SLU', 'SL', 0, 0, 1, '0000-00-00 00:00:00', 0, '0000-00-00 00:00:00', 0, '0000-00-00 00:00:00', 0),
(392, 1, 10, 0, 'Santa Cruz', 'SCZ', 'SC', 0, 0, 1, '0000-00-00 00:00:00', 0, '0000-00-00 00:00:00', 0, '0000-00-00 00:00:00', 0),
(393, 1, 10, 0, 'Santa Fe', 'SFE', 'SF', 0, 0, 1, '0000-00-00 00:00:00', 0, '0000-00-00 00:00:00', 0, '0000-00-00 00:00:00', 0),
(394, 1, 10, 0, 'Santiago Del Estero', 'SEN', 'SE', 0, 0, 1, '0000-00-00 00:00:00', 0, '0000-00-00 00:00:00', 0, '0000-00-00 00:00:00', 0),
(395, 1, 10, 0, 'Tierra Del Fuego', 'TFE', 'TF', 0, 0, 1, '0000-00-00 00:00:00', 0, '0000-00-00 00:00:00', 0, '0000-00-00 00:00:00', 0),
(396, 1, 10, 0, 'Tucuman', 'TUC', 'TU', 0, 0, 1, '0000-00-00 00:00:00', 0, '0000-00-00 00:00:00', 0, '0000-00-00 00:00:00', 0),
(397, 1, 11, 0, 'Aragatsotn', 'ARG', 'AG', 0, 0, 1, '0000-00-00 00:00:00', 0, '0000-00-00 00:00:00', 0, '0000-00-00 00:00:00', 0),
(398, 1, 11, 0, 'Ararat', 'ARR', 'AR', 0, 0, 1, '0000-00-00 00:00:00', 0, '0000-00-00 00:00:00', 0, '0000-00-00 00:00:00', 0),
(399, 1, 11, 0, 'Armavir', 'ARM', 'AV', 0, 0, 1, '0000-00-00 00:00:00', 0, '0000-00-00 00:00:00', 0, '0000-00-00 00:00:00', 0),
(400, 1, 11, 0, 'Gegharkunik', 'GEG', 'GR', 0, 0, 1, '0000-00-00 00:00:00', 0, '0000-00-00 00:00:00', 0, '0000-00-00 00:00:00', 0),
(401, 1, 11, 0, 'Kotayk', 'KOT', 'KT', 0, 0, 1, '0000-00-00 00:00:00', 0, '0000-00-00 00:00:00', 0, '0000-00-00 00:00:00', 0),
(402, 1, 11, 0, 'Lori', 'LOR', 'LO', 0, 0, 1, '0000-00-00 00:00:00', 0, '0000-00-00 00:00:00', 0, '0000-00-00 00:00:00', 0),
(403, 1, 11, 0, 'Shirak', 'SHI', 'SH', 0, 0, 1, '0000-00-00 00:00:00', 0, '0000-00-00 00:00:00', 0, '0000-00-00 00:00:00', 0),
(404, 1, 11, 0, 'Syunik', 'SYU', 'SU', 0, 0, 1, '0000-00-00 00:00:00', 0, '0000-00-00 00:00:00', 0, '0000-00-00 00:00:00', 0),
(405, 1, 11, 0, 'Tavush', 'TAV', 'TV', 0, 0, 1, '0000-00-00 00:00:00', 0, '0000-00-00 00:00:00', 0, '0000-00-00 00:00:00', 0),
(406, 1, 11, 0, 'Vayots-Dzor', 'VAD', 'VD', 0, 0, 1, '0000-00-00 00:00:00', 0, '0000-00-00 00:00:00', 0, '0000-00-00 00:00:00', 0),
(407, 1, 11, 0, 'Yerevan', 'YER', 'ER', 0, 0, 1, '0000-00-00 00:00:00', 0, '0000-00-00 00:00:00', 0, '0000-00-00 00:00:00', 0),
(408, 1, 99, 0, 'Andaman & Nicobar Islands', 'ANI', 'AI', 0, 0, 1, '0000-00-00 00:00:00', 0, '0000-00-00 00:00:00', 0, '0000-00-00 00:00:00', 0),
(409, 1, 99, 0, 'Andhra Pradesh', 'AND', 'AN', 0, 0, 1, '0000-00-00 00:00:00', 0, '0000-00-00 00:00:00', 0, '0000-00-00 00:00:00', 0),
(410, 1, 99, 0, 'Arunachal Pradesh', 'ARU', 'AR', 0, 0, 1, '0000-00-00 00:00:00', 0, '0000-00-00 00:00:00', 0, '0000-00-00 00:00:00', 0),
(411, 1, 99, 0, 'Assam', 'ASS', 'AS', 0, 0, 1, '0000-00-00 00:00:00', 0, '0000-00-00 00:00:00', 0, '0000-00-00 00:00:00', 0),
(412, 1, 99, 0, 'Bihar', 'BIH', 'BI', 0, 0, 1, '0000-00-00 00:00:00', 0, '0000-00-00 00:00:00', 0, '0000-00-00 00:00:00', 0),
(413, 1, 99, 0, 'Chandigarh', 'CHA', 'CA', 0, 0, 1, '0000-00-00 00:00:00', 0, '0000-00-00 00:00:00', 0, '0000-00-00 00:00:00', 0),
(414, 1, 99, 0, 'Chhatisgarh', 'CHH', 'CH', 0, 0, 1, '0000-00-00 00:00:00', 0, '0000-00-00 00:00:00', 0, '0000-00-00 00:00:00', 0),
(415, 1, 99, 0, 'Dadra & Nagar Haveli', 'DAD', 'DD', 0, 0, 1, '0000-00-00 00:00:00', 0, '0000-00-00 00:00:00', 0, '0000-00-00 00:00:00', 0),
(416, 1, 99, 0, 'Daman & Diu', 'DAM', 'DA', 0, 0, 1, '0000-00-00 00:00:00', 0, '0000-00-00 00:00:00', 0, '0000-00-00 00:00:00', 0),
(417, 1, 99, 0, 'Delhi', 'DEL', 'DE', 0, 0, 1, '0000-00-00 00:00:00', 0, '0000-00-00 00:00:00', 0, '0000-00-00 00:00:00', 0),
(418, 1, 99, 0, 'Goa', 'GOA', 'GO', 0, 0, 1, '0000-00-00 00:00:00', 0, '0000-00-00 00:00:00', 0, '0000-00-00 00:00:00', 0),
(419, 1, 99, 0, 'Gujarat', 'GUJ', 'GU', 0, 0, 1, '0000-00-00 00:00:00', 0, '0000-00-00 00:00:00', 0, '0000-00-00 00:00:00', 0),
(420, 1, 99, 0, 'Haryana', 'HAR', 'HA', 0, 0, 1, '0000-00-00 00:00:00', 0, '0000-00-00 00:00:00', 0, '0000-00-00 00:00:00', 0),
(421, 1, 99, 0, 'Himachal Pradesh', 'HIM', 'HI', 0, 0, 1, '0000-00-00 00:00:00', 0, '0000-00-00 00:00:00', 0, '0000-00-00 00:00:00', 0),
(422, 1, 99, 0, 'Jammu & Kashmir', 'JAM', 'JA', 0, 0, 1, '0000-00-00 00:00:00', 0, '0000-00-00 00:00:00', 0, '0000-00-00 00:00:00', 0),
(423, 1, 99, 0, 'Jharkhand', 'JHA', 'JH', 0, 0, 1, '0000-00-00 00:00:00', 0, '0000-00-00 00:00:00', 0, '0000-00-00 00:00:00', 0),
(424, 1, 99, 0, 'Karnataka', 'KAR', 'KA', 0, 0, 1, '0000-00-00 00:00:00', 0, '0000-00-00 00:00:00', 0, '0000-00-00 00:00:00', 0),
(425, 1, 99, 0, 'Kerala', 'KER', 'KE', 0, 0, 1, '0000-00-00 00:00:00', 0, '0000-00-00 00:00:00', 0, '0000-00-00 00:00:00', 0),
(426, 1, 99, 0, 'Lakshadweep', 'LAK', 'LA', 0, 0, 1, '0000-00-00 00:00:00', 0, '0000-00-00 00:00:00', 0, '0000-00-00 00:00:00', 0),
(427, 1, 99, 0, 'Madhya Pradesh', 'MAD', 'MD', 0, 0, 1, '0000-00-00 00:00:00', 0, '0000-00-00 00:00:00', 0, '0000-00-00 00:00:00', 0),
(428, 1, 99, 0, 'Maharashtra', 'MAH', 'MH', 0, 0, 1, '0000-00-00 00:00:00', 0, '0000-00-00 00:00:00', 0, '0000-00-00 00:00:00', 0),
(429, 1, 99, 0, 'Manipur', 'MAN', 'MN', 0, 0, 1, '0000-00-00 00:00:00', 0, '0000-00-00 00:00:00', 0, '0000-00-00 00:00:00', 0),
(430, 1, 99, 0, 'Meghalaya', 'MEG', 'ME', 0, 0, 1, '0000-00-00 00:00:00', 0, '0000-00-00 00:00:00', 0, '0000-00-00 00:00:00', 0),
(431, 1, 99, 0, 'Mizoram', 'MIZ', 'MI', 0, 0, 1, '0000-00-00 00:00:00', 0, '0000-00-00 00:00:00', 0, '0000-00-00 00:00:00', 0),
(432, 1, 99, 0, 'Nagaland', 'NAG', 'NA', 0, 0, 1, '0000-00-00 00:00:00', 0, '0000-00-00 00:00:00', 0, '0000-00-00 00:00:00', 0),
(433, 1, 99, 0, 'Orissa', 'ORI', 'OR', 0, 0, 1, '0000-00-00 00:00:00', 0, '0000-00-00 00:00:00', 0, '0000-00-00 00:00:00', 0),
(434, 1, 99, 0, 'Pondicherry', 'PON', 'PO', 0, 0, 1, '0000-00-00 00:00:00', 0, '0000-00-00 00:00:00', 0, '0000-00-00 00:00:00', 0),
(435, 1, 99, 0, 'Punjab', 'PUN', 'PU', 0, 0, 1, '0000-00-00 00:00:00', 0, '0000-00-00 00:00:00', 0, '0000-00-00 00:00:00', 0),
(436, 1, 99, 0, 'Rajasthan', 'RAJ', 'RA', 0, 0, 1, '0000-00-00 00:00:00', 0, '0000-00-00 00:00:00', 0, '0000-00-00 00:00:00', 0),
(437, 1, 99, 0, 'Sikkim', 'SIK', 'SI', 0, 0, 1, '0000-00-00 00:00:00', 0, '0000-00-00 00:00:00', 0, '0000-00-00 00:00:00', 0),
(438, 1, 99, 0, 'Tamil Nadu', 'TAM', 'TA', 0, 0, 1, '0000-00-00 00:00:00', 0, '0000-00-00 00:00:00', 0, '0000-00-00 00:00:00', 0),
(439, 1, 99, 0, 'Tripura', 'TRI', 'TR', 0, 0, 1, '0000-00-00 00:00:00', 0, '0000-00-00 00:00:00', 0, '0000-00-00 00:00:00', 0),
(440, 1, 99, 0, 'Uttaranchal', 'UAR', 'UA', 0, 0, 1, '0000-00-00 00:00:00', 0, '0000-00-00 00:00:00', 0, '0000-00-00 00:00:00', 0),
(441, 1, 99, 0, 'Uttar Pradesh', 'UTT', 'UT', 0, 0, 1, '0000-00-00 00:00:00', 0, '0000-00-00 00:00:00', 0, '0000-00-00 00:00:00', 0),
(442, 1, 99, 0, 'West Bengal', 'WES', 'WE', 0, 0, 1, '0000-00-00 00:00:00', 0, '0000-00-00 00:00:00', 0, '0000-00-00 00:00:00', 0),
(443, 1, 101, 0, 'Ahmadi va Kohkiluyeh', 'BOK', 'BO', 0, 0, 1, '0000-00-00 00:00:00', 0, '0000-00-00 00:00:00', 0, '0000-00-00 00:00:00', 0),
(444, 1, 101, 0, 'Ardabil', 'ARD', 'AR', 0, 0, 1, '0000-00-00 00:00:00', 0, '0000-00-00 00:00:00', 0, '0000-00-00 00:00:00', 0),
(445, 1, 101, 0, 'Azarbayjan-e Gharbi', 'AZG', 'AG', 0, 0, 1, '0000-00-00 00:00:00', 0, '0000-00-00 00:00:00', 0, '0000-00-00 00:00:00', 0),
(446, 1, 101, 0, 'Azarbayjan-e Sharqi', 'AZS', 'AS', 0, 0, 1, '0000-00-00 00:00:00', 0, '0000-00-00 00:00:00', 0, '0000-00-00 00:00:00', 0),
(447, 1, 101, 0, 'Bushehr', 'BUS', 'BU', 0, 0, 1, '0000-00-00 00:00:00', 0, '0000-00-00 00:00:00', 0, '0000-00-00 00:00:00', 0),
(448, 1, 101, 0, 'Chaharmahal va Bakhtiari', 'CMB', 'CM', 0, 0, 1, '0000-00-00 00:00:00', 0, '0000-00-00 00:00:00', 0, '0000-00-00 00:00:00', 0),
(449, 1, 101, 0, 'Esfahan', 'ESF', 'ES', 0, 0, 1, '0000-00-00 00:00:00', 0, '0000-00-00 00:00:00', 0, '0000-00-00 00:00:00', 0),
(450, 1, 101, 0, 'Fars', 'FAR', 'FA', 0, 0, 1, '0000-00-00 00:00:00', 0, '0000-00-00 00:00:00', 0, '0000-00-00 00:00:00', 0),
(451, 1, 101, 0, 'Gilan', 'GIL', 'GI', 0, 0, 1, '0000-00-00 00:00:00', 0, '0000-00-00 00:00:00', 0, '0000-00-00 00:00:00', 0),
(452, 1, 101, 0, 'Gorgan', 'GOR', 'GO', 0, 0, 1, '0000-00-00 00:00:00', 0, '0000-00-00 00:00:00', 0, '0000-00-00 00:00:00', 0),
(453, 1, 101, 0, 'Hamadan', 'HAM', 'HA', 0, 0, 1, '0000-00-00 00:00:00', 0, '0000-00-00 00:00:00', 0, '0000-00-00 00:00:00', 0),
(454, 1, 101, 0, 'Hormozgan', 'HOR', 'HO', 0, 0, 1, '0000-00-00 00:00:00', 0, '0000-00-00 00:00:00', 0, '0000-00-00 00:00:00', 0),
(455, 1, 101, 0, 'Ilam', 'ILA', 'IL', 0, 0, 1, '0000-00-00 00:00:00', 0, '0000-00-00 00:00:00', 0, '0000-00-00 00:00:00', 0),
(456, 1, 101, 0, 'Kerman', 'KER', 'KE', 0, 0, 1, '0000-00-00 00:00:00', 0, '0000-00-00 00:00:00', 0, '0000-00-00 00:00:00', 0),
(457, 1, 101, 0, 'Kermanshah', 'BAK', 'BA', 0, 0, 1, '0000-00-00 00:00:00', 0, '0000-00-00 00:00:00', 0, '0000-00-00 00:00:00', 0),
(458, 1, 101, 0, 'Khorasan-e Junoubi', 'KHJ', 'KJ', 0, 0, 1, '0000-00-00 00:00:00', 0, '0000-00-00 00:00:00', 0, '0000-00-00 00:00:00', 0),
(459, 1, 101, 0, 'Khorasan-e Razavi', 'KHR', 'KR', 0, 0, 1, '0000-00-00 00:00:00', 0, '0000-00-00 00:00:00', 0, '0000-00-00 00:00:00', 0),
(460, 1, 101, 0, 'Khorasan-e Shomali', 'KHS', 'KS', 0, 0, 1, '0000-00-00 00:00:00', 0, '0000-00-00 00:00:00', 0, '0000-00-00 00:00:00', 0),
(461, 1, 101, 0, 'Khuzestan', 'KHU', 'KH', 0, 0, 1, '0000-00-00 00:00:00', 0, '0000-00-00 00:00:00', 0, '0000-00-00 00:00:00', 0),
(462, 1, 101, 0, 'Kordestan', 'KOR', 'KO', 0, 0, 1, '0000-00-00 00:00:00', 0, '0000-00-00 00:00:00', 0, '0000-00-00 00:00:00', 0),
(463, 1, 101, 0, 'Lorestan', 'LOR', 'LO', 0, 0, 1, '0000-00-00 00:00:00', 0, '0000-00-00 00:00:00', 0, '0000-00-00 00:00:00', 0),
(464, 1, 101, 0, 'Markazi', 'MAR', 'MR', 0, 0, 1, '0000-00-00 00:00:00', 0, '0000-00-00 00:00:00', 0, '0000-00-00 00:00:00', 0),
(465, 1, 101, 0, 'Mazandaran', 'MAZ', 'MZ', 0, 0, 1, '0000-00-00 00:00:00', 0, '0000-00-00 00:00:00', 0, '0000-00-00 00:00:00', 0),
(466, 1, 101, 0, 'Qazvin', 'QAS', 'QA', 0, 0, 1, '0000-00-00 00:00:00', 0, '0000-00-00 00:00:00', 0, '0000-00-00 00:00:00', 0),
(467, 1, 101, 0, 'Qom', 'QOM', 'QO', 0, 0, 1, '0000-00-00 00:00:00', 0, '0000-00-00 00:00:00', 0, '0000-00-00 00:00:00', 0),
(468, 1, 101, 0, 'Semnan', 'SEM', 'SE', 0, 0, 1, '0000-00-00 00:00:00', 0, '0000-00-00 00:00:00', 0, '0000-00-00 00:00:00', 0),
(469, 1, 101, 0, 'Sistan va Baluchestan', 'SBA', 'SB', 0, 0, 1, '0000-00-00 00:00:00', 0, '0000-00-00 00:00:00', 0, '0000-00-00 00:00:00', 0),
(470, 1, 101, 0, 'Tehran', 'TEH', 'TE', 0, 0, 1, '0000-00-00 00:00:00', 0, '0000-00-00 00:00:00', 0, '0000-00-00 00:00:00', 0),
(471, 1, 101, 0, 'Yazd', 'YAZ', 'YA', 0, 0, 1, '0000-00-00 00:00:00', 0, '0000-00-00 00:00:00', 0, '0000-00-00 00:00:00', 0),
(472, 1, 101, 0, 'Zanjan', 'ZAN', 'ZA', 0, 0, 1, '0000-00-00 00:00:00', 0, '0000-00-00 00:00:00', 0, '0000-00-00 00:00:00', 0),
(535, 1, 84, 0, 'ΛΕΥΚΑΔΑΣ', 'ΛΕΥ', 'ΛΕ', 0, 0, 1, '0000-00-00 00:00:00', 0, '0000-00-00 00:00:00', 0, '0000-00-00 00:00:00', 0),
(532, 1, 84, 0, 'ΛΑΡΙΣΑΣ', 'ΛΑΡ', 'ΛΡ', 0, 0, 1, '0000-00-00 00:00:00', 0, '0000-00-00 00:00:00', 0, '0000-00-00 00:00:00', 0),
(504, 1, 84, 0, 'ΑΡΚΑΔΙΑΣ', 'ΑΡΚ', 'ΑΚ', 0, 0, 1, '0000-00-00 00:00:00', 0, '0000-00-00 00:00:00', 0, '0000-00-00 00:00:00', 0),
(503, 1, 84, 0, 'ΑΡΓΟΛΙΔΑΣ', 'ΑΡΓ', 'ΑΡ', 0, 0, 1, '0000-00-00 00:00:00', 0, '0000-00-00 00:00:00', 0, '0000-00-00 00:00:00', 0),
(533, 1, 84, 0, 'ΛΑΣΙΘΙΟΥ', 'ΛΑΣ', 'ΛΑ', 0, 0, 1, '0000-00-00 00:00:00', 0, '0000-00-00 00:00:00', 0, '0000-00-00 00:00:00', 0),
(534, 1, 84, 0, 'ΛΕΣΒΟΥ', 'ΛΕΣ', 'ΛΣ', 0, 0, 1, '0000-00-00 00:00:00', 0, '0000-00-00 00:00:00', 0, '0000-00-00 00:00:00', 0),
(530, 1, 84, 0, 'ΚΥΚΛΑΔΩΝ', 'ΚΥΚ', 'ΚΥ', 0, 0, 1, '0000-00-00 00:00:00', 0, '0000-00-00 00:00:00', 0, '0000-00-00 00:00:00', 0),
(553, 1, 84, 0, 'ΑΙΤΩΛΟΑΚΑΡΝΑΝΙΑΣ', 'ΑΙΤ', 'ΑΙ', 0, 0, 1, '0000-00-00 00:00:00', 0, '0000-00-00 00:00:00', 0, '0000-00-00 00:00:00', 0),
(529, 1, 84, 0, 'ΚΟΡΙΝΘΙΑΣ', 'ΚΟΡ', 'ΚΟ', 0, 0, 1, '0000-00-00 00:00:00', 0, '0000-00-00 00:00:00', 0, '0000-00-00 00:00:00', 0),
(531, 1, 84, 0, 'ΛΑΚΩΝΙΑΣ', 'ΛΑΚ', 'ΛK', 0, 0, 1, '0000-00-00 00:00:00', 0, '0000-00-00 00:00:00', 0, '0000-00-00 00:00:00', 0),
(517, 1, 84, 0, 'ΗΜΑΘΙΑΣ', 'ΗΜΑ', 'ΗΜ', 0, 0, 1, '0000-00-00 00:00:00', 0, '0000-00-00 00:00:00', 0, '0000-00-00 00:00:00', 0),
(518, 1, 84, 0, 'ΗΡΑΚΛΕΙΟΥ', 'ΗΡΑ', 'ΗΡ', 0, 0, 1, '0000-00-00 00:00:00', 0, '0000-00-00 00:00:00', 0, '0000-00-00 00:00:00', 0),
(519, 1, 84, 0, 'ΘΕΣΠΡΩΤΙΑΣ', 'ΘΕΠ', 'ΘΠ', 0, 0, 1, '0000-00-00 00:00:00', 0, '0000-00-00 00:00:00', 0, '0000-00-00 00:00:00', 0),
(520, 1, 84, 0, 'ΘΕΣΣΑΛΟΝΙΚΗΣ', 'ΘΕΣ', 'ΘΕ', 0, 0, 1, '0000-00-00 00:00:00', 0, '0000-00-00 00:00:00', 0, '0000-00-00 00:00:00', 0),
(521, 1, 84, 0, 'ΙΩΑΝΝΙΝΩΝ', 'ΙΩΑ', 'ΙΩ', 0, 0, 1, '0000-00-00 00:00:00', 0, '0000-00-00 00:00:00', 0, '0000-00-00 00:00:00', 0),
(522, 1, 84, 0, 'ΚΑΒΑΛΑΣ', 'ΚΑΒ', 'ΚΒ', 0, 0, 1, '0000-00-00 00:00:00', 0, '0000-00-00 00:00:00', 0, '0000-00-00 00:00:00', 0),
(523, 1, 84, 0, 'ΚΑΡΔΙΤΣΑΣ', 'ΚΑΡ', 'ΚΡ', 0, 0, 1, '0000-00-00 00:00:00', 0, '0000-00-00 00:00:00', 0, '0000-00-00 00:00:00', 0),
(524, 1, 84, 0, 'ΚΑΣΤΟΡΙΑΣ', 'ΚΑΣ', 'ΚΣ', 0, 0, 1, '0000-00-00 00:00:00', 0, '0000-00-00 00:00:00', 0, '0000-00-00 00:00:00', 0),
(525, 1, 84, 0, 'ΚΕΡΚΥΡΑΣ', 'ΚΕΡ', 'ΚΕ', 0, 0, 1, '0000-00-00 00:00:00', 0, '0000-00-00 00:00:00', 0, '0000-00-00 00:00:00', 0),
(526, 1, 84, 0, 'ΚΕΦΑΛΛΗΝΙΑΣ', 'ΚΕΦ', 'ΚΦ', 0, 0, 1, '0000-00-00 00:00:00', 0, '0000-00-00 00:00:00', 0, '0000-00-00 00:00:00', 0),
(527, 1, 84, 0, 'ΚΙΛΚΙΣ', 'ΚΙΛ', 'ΚΙ', 0, 0, 1, '0000-00-00 00:00:00', 0, '0000-00-00 00:00:00', 0, '0000-00-00 00:00:00', 0),
(528, 1, 84, 0, 'ΚΟΖΑΝΗΣ', 'ΚΟΖ', 'ΚZ', 0, 0, 1, '0000-00-00 00:00:00', 0, '0000-00-00 00:00:00', 0, '0000-00-00 00:00:00', 0),
(507, 1, 84, 0, 'ΑΧΑΪΑΣ', 'ΑΧΑ', 'ΑΧ', 0, 0, 1, '0000-00-00 00:00:00', 0, '0000-00-00 00:00:00', 0, '0000-00-00 00:00:00', 0),
(508, 1, 84, 0, 'ΒΟΙΩΤΙΑΣ', 'ΒΟΙ', 'ΒΟ', 0, 0, 1, '0000-00-00 00:00:00', 0, '0000-00-00 00:00:00', 0, '0000-00-00 00:00:00', 0),
(509, 1, 84, 0, 'ΓΡΕΒΕΝΩΝ', 'ΓΡΕ', 'ΓΡ', 0, 0, 1, '0000-00-00 00:00:00', 0, '0000-00-00 00:00:00', 0, '0000-00-00 00:00:00', 0),
(510, 1, 84, 0, 'ΔΡΑΜΑΣ', 'ΔΡΑ', 'ΔΡ', 0, 0, 1, '0000-00-00 00:00:00', 0, '0000-00-00 00:00:00', 0, '0000-00-00 00:00:00', 0),
(511, 1, 84, 0, 'ΔΩΔΕΚΑΝΗΣΟΥ', 'ΔΩΔ', 'ΔΩ', 0, 0, 1, '0000-00-00 00:00:00', 0, '0000-00-00 00:00:00', 0, '0000-00-00 00:00:00', 0),
(512, 1, 84, 0, 'ΕΒΡΟΥ', 'ΕΒΡ', 'ΕΒ', 0, 0, 1, '0000-00-00 00:00:00', 0, '0000-00-00 00:00:00', 0, '0000-00-00 00:00:00', 0),
(513, 1, 84, 0, 'ΕΥΒΟΙΑΣ', 'ΕΥΒ', 'ΕΥ', 0, 0, 1, '0000-00-00 00:00:00', 0, '0000-00-00 00:00:00', 0, '0000-00-00 00:00:00', 0),
(514, 1, 84, 0, 'ΕΥΡΥΤΑΝΙΑΣ', 'ΕΥΡ', 'ΕΡ', 0, 0, 1, '0000-00-00 00:00:00', 0, '0000-00-00 00:00:00', 0, '0000-00-00 00:00:00', 0),
(515, 1, 84, 0, 'ΖΑΚΥΝΘΟΥ', 'ΖΑΚ', 'ΖΑ', 0, 0, 1, '0000-00-00 00:00:00', 0, '0000-00-00 00:00:00', 0, '0000-00-00 00:00:00', 0),
(516, 1, 84, 0, 'ΗΛΕΙΑΣ', 'ΗΛΕ', 'ΗΛ', 0, 0, 1, '0000-00-00 00:00:00', 0, '0000-00-00 00:00:00', 0, '0000-00-00 00:00:00', 0),
(505, 1, 84, 0, 'ΑΡΤΑΣ', 'ΑΡΤ', 'ΑΑ', 0, 0, 1, '0000-00-00 00:00:00', 0, '0000-00-00 00:00:00', 0, '0000-00-00 00:00:00', 0),
(506, 1, 84, 0, 'ΑΤΤΙΚΗΣ', 'ΑΤΤ', 'ΑΤ', 0, 0, 1, '0000-00-00 00:00:00', 0, '0000-00-00 00:00:00', 0, '0000-00-00 00:00:00', 0),
(536, 1, 84, 0, 'ΜΑΓΝΗΣΙΑΣ', 'ΜΑΓ', 'ΜΑ', 0, 0, 1, '0000-00-00 00:00:00', 0, '0000-00-00 00:00:00', 0, '0000-00-00 00:00:00', 0),
(537, 1, 84, 0, 'ΜΕΣΣΗΝΙΑΣ', 'ΜΕΣ', 'ΜΕ', 0, 0, 1, '0000-00-00 00:00:00', 0, '0000-00-00 00:00:00', 0, '0000-00-00 00:00:00', 0),
(538, 1, 84, 0, 'ΞΑΝΘΗΣ', 'ΞΑΝ', 'ΞΑ', 0, 0, 1, '0000-00-00 00:00:00', 0, '0000-00-00 00:00:00', 0, '0000-00-00 00:00:00', 0),
(539, 1, 84, 0, 'ΠΕΛΛΗΣ', 'ΠΕΛ', 'ΠΕ', 0, 0, 1, '0000-00-00 00:00:00', 0, '0000-00-00 00:00:00', 0, '0000-00-00 00:00:00', 0),
(540, 1, 84, 0, 'ΠΙΕΡΙΑΣ', 'ΠΙΕ', 'ΠΙ', 0, 0, 1, '0000-00-00 00:00:00', 0, '0000-00-00 00:00:00', 0, '0000-00-00 00:00:00', 0),
(541, 1, 84, 0, 'ΠΡΕΒΕΖΑΣ', 'ΠΡΕ', 'ΠΡ', 0, 0, 1, '0000-00-00 00:00:00', 0, '0000-00-00 00:00:00', 0, '0000-00-00 00:00:00', 0),
(542, 1, 84, 0, 'ΡΕΘΥΜΝΗΣ', 'ΡΕΘ', 'ΡΕ', 0, 0, 1, '0000-00-00 00:00:00', 0, '0000-00-00 00:00:00', 0, '0000-00-00 00:00:00', 0),
(543, 1, 84, 0, 'ΡΟΔΟΠΗΣ', 'ΡΟΔ', 'ΡΟ', 0, 0, 1, '0000-00-00 00:00:00', 0, '0000-00-00 00:00:00', 0, '0000-00-00 00:00:00', 0),
(544, 1, 84, 0, 'ΣΑΜΟΥ', 'ΣΑΜ', 'ΣΑ', 0, 0, 1, '0000-00-00 00:00:00', 0, '0000-00-00 00:00:00', 0, '0000-00-00 00:00:00', 0),
(545, 1, 84, 0, 'ΣΕΡΡΩΝ', 'ΣΕΡ', 'ΣΕ', 0, 0, 1, '0000-00-00 00:00:00', 0, '0000-00-00 00:00:00', 0, '0000-00-00 00:00:00', 0),
(546, 1, 84, 0, 'ΤΡΙΚΑΛΩΝ', 'ΤΡΙ', 'ΤΡ', 0, 0, 1, '0000-00-00 00:00:00', 0, '0000-00-00 00:00:00', 0, '0000-00-00 00:00:00', 0),
(547, 1, 84, 0, 'ΦΘΙΩΤΙΔΑΣ', 'ΦΘΙ', 'ΦΘ', 0, 0, 1, '0000-00-00 00:00:00', 0, '0000-00-00 00:00:00', 0, '0000-00-00 00:00:00', 0),
(548, 1, 84, 0, 'ΦΛΩΡΙΝΑΣ', 'ΦΛΩ', 'ΦΛ', 0, 0, 1, '0000-00-00 00:00:00', 0, '0000-00-00 00:00:00', 0, '0000-00-00 00:00:00', 0),
(549, 1, 84, 0, 'ΦΩΚΙΔΑΣ', 'ΦΩΚ', 'ΦΩ', 0, 0, 1, '0000-00-00 00:00:00', 0, '0000-00-00 00:00:00', 0, '0000-00-00 00:00:00', 0),
(550, 1, 84, 0, 'ΧΑΛΚΙΔΙΚΗΣ', 'ΧΑΛ', 'ΧΑ', 0, 0, 1, '0000-00-00 00:00:00', 0, '0000-00-00 00:00:00', 0, '0000-00-00 00:00:00', 0),
(551, 1, 84, 0, 'ΧΑΝΙΩΝ', 'ΧΑΝ', 'ΧΝ', 0, 0, 1, '0000-00-00 00:00:00', 0, '0000-00-00 00:00:00', 0, '0000-00-00 00:00:00', 0),
(552, 1, 84, 0, 'ΧΙΟΥ', 'ΧΙΟ', 'ΧΙ', 0, 0, 1, '0000-00-00 00:00:00', 0, '0000-00-00 00:00:00', 0, '0000-00-00 00:00:00', 0),
(569, 1, 81, 0, 'Schleswig-Holstein', 'SHO', 'SH', 0, 1, 1, '0000-00-00 00:00:00', 0, '0000-00-00 00:00:00', 0, '0000-00-00 00:00:00', 0),
(554, 1, 81, 0, 'Freie und Hansestadt Hamburg', 'HAM', 'HH', 0, 1, 1, '0000-00-00 00:00:00', 0, '0000-00-00 00:00:00', 0, '0000-00-00 00:00:00', 0),
(555, 1, 81, 0, 'Niedersachsen', 'NIS', 'NI', 0, 1, 1, '0000-00-00 00:00:00', 0, '0000-00-00 00:00:00', 0, '0000-00-00 00:00:00', 0),
(556, 1, 81, 0, 'Freie Hansestadt Bremen', 'HBR', 'HB', 0, 1, 1, '0000-00-00 00:00:00', 0, '0000-00-00 00:00:00', 0, '0000-00-00 00:00:00', 0),
(557, 1, 81, 0, 'Nordrhein-Westfalen', 'NRW', 'NW', 0, 1, 1, '0000-00-00 00:00:00', 0, '0000-00-00 00:00:00', 0, '0000-00-00 00:00:00', 0),
(558, 1, 81, 0, 'Hessen', 'HES', 'HE', 0, 1, 1, '0000-00-00 00:00:00', 0, '0000-00-00 00:00:00', 0, '0000-00-00 00:00:00', 0),
(559, 1, 81, 0, 'Rheinland-Pfalz', 'RLP', 'RP', 0, 1, 1, '0000-00-00 00:00:00', 0, '0000-00-00 00:00:00', 0, '0000-00-00 00:00:00', 0),
(560, 1, 81, 0, 'Baden-Württemberg', 'BWÜ', 'BW', 0, 1, 1, '0000-00-00 00:00:00', 0, '0000-00-00 00:00:00', 0, '0000-00-00 00:00:00', 0),
(561, 1, 81, 0, 'Freistaat Bayern', 'BAV', 'BY', 0, 1, 1, '0000-00-00 00:00:00', 0, '0000-00-00 00:00:00', 0, '0000-00-00 00:00:00', 0),
(562, 1, 81, 0, 'Saarland', 'SLA', 'SL', 0, 1, 1, '0000-00-00 00:00:00', 0, '0000-00-00 00:00:00', 0, '0000-00-00 00:00:00', 0),
(563, 1, 81, 0, 'Berlin', 'BER', 'BE', 0, 1, 1, '0000-00-00 00:00:00', 0, '0000-00-00 00:00:00', 0, '0000-00-00 00:00:00', 0),
(564, 1, 81, 0, 'Brandenburg', 'BRB', 'BB', 0, 1, 1, '0000-00-00 00:00:00', 0, '0000-00-00 00:00:00', 0, '0000-00-00 00:00:00', 0),
(565, 1, 81, 0, 'Mecklenburg-Vorpommern', 'MVO', 'MV', 0, 1, 1, '0000-00-00 00:00:00', 0, '0000-00-00 00:00:00', 0, '0000-00-00 00:00:00', 0),
(566, 1, 81, 0, 'Freistaat Sachsen', 'SAC', 'SN', 0, 1, 1, '0000-00-00 00:00:00', 0, '0000-00-00 00:00:00', 0, '0000-00-00 00:00:00', 0),
(567, 1, 81, 0, 'Sachsen-Anhalt', 'SAA', 'ST', 0, 1, 1, '0000-00-00 00:00:00', 0, '0000-00-00 00:00:00', 0, '0000-00-00 00:00:00', 0),
(568, 1, 81, 0, 'Freistaat Thüringen', 'THÜ', 'TH', 0, 1, 1, '0000-00-00 00:00:00', 0, '0000-00-00 00:00:00', 0, '0000-00-00 00:00:00', 0),
(570, 1, 176, 0, 'Адыгея Республика', 'AD', '01', 1, 0, 1, '0000-00-00 00:00:00', 0, '0000-00-00 00:00:00', 0, '0000-00-00 00:00:00', 0),
(571, 1, 176, 0, 'Алтай Республика', 'AL', '04', 2, 0, 1, '0000-00-00 00:00:00', 0, '0000-00-00 00:00:00', 0, '0000-00-00 00:00:00', 0),
(572, 1, 176, 0, 'Алтайский край', 'ALT', '22', 3, 0, 1, '0000-00-00 00:00:00', 0, '0000-00-00 00:00:00', 0, '0000-00-00 00:00:00', 0),
(573, 1, 176, 0, 'Амурская область', 'AMU', '28', 4, 0, 1, '0000-00-00 00:00:00', 0, '0000-00-00 00:00:00', 0, '0000-00-00 00:00:00', 0),
(574, 1, 176, 0, 'Архангельская область', 'ARK', '29', 5, 0, 1, '0000-00-00 00:00:00', 0, '0000-00-00 00:00:00', 0, '0000-00-00 00:00:00', 0),
(575, 1, 176, 0, 'Астраханская область', 'AST', '30', 6, 0, 1, '0000-00-00 00:00:00', 0, '0000-00-00 00:00:00', 0, '0000-00-00 00:00:00', 0),
(576, 1, 176, 0, 'Башкортостан Республика', 'BA', '02', 7, 0, 1, '0000-00-00 00:00:00', 0, '0000-00-00 00:00:00', 0, '0000-00-00 00:00:00', 0),
(577, 1, 176, 0, 'Белгородская область', 'BEL', '31', 8, 0, 1, '0000-00-00 00:00:00', 0, '0000-00-00 00:00:00', 0, '0000-00-00 00:00:00', 0),
(578, 1, 176, 0, 'Брянская область', 'BRY', '32', 9, 0, 1, '0000-00-00 00:00:00', 0, '0000-00-00 00:00:00', 0, '0000-00-00 00:00:00', 0),
(579, 1, 176, 0, 'Бурятия Республика', 'BU', '03', 10, 0, 1, '0000-00-00 00:00:00', 0, '0000-00-00 00:00:00', 0, '0000-00-00 00:00:00', 0),
(580, 1, 176, 0, 'Владимирская область', 'VLA', '33', 11, 0, 1, '0000-00-00 00:00:00', 0, '0000-00-00 00:00:00', 0, '0000-00-00 00:00:00', 0),
(581, 1, 176, 0, 'Волгоградская область', 'VGG', '34', 12, 0, 1, '0000-00-00 00:00:00', 0, '0000-00-00 00:00:00', 0, '0000-00-00 00:00:00', 0),
(582, 1, 176, 0, 'Вологодская область', 'VLG', '35', 13, 0, 1, '0000-00-00 00:00:00', 0, '0000-00-00 00:00:00', 0, '0000-00-00 00:00:00', 0),
(583, 1, 176, 0, 'Воронежская область', 'VOR', '36', 14, 0, 1, '0000-00-00 00:00:00', 0, '0000-00-00 00:00:00', 0, '0000-00-00 00:00:00', 0),
(584, 1, 176, 0, 'Дагестан Республика', 'DA', '05', 15, 0, 1, '0000-00-00 00:00:00', 0, '0000-00-00 00:00:00', 0, '0000-00-00 00:00:00', 0),
(585, 1, 176, 0, 'Еврейская автономная область', 'YEV', '79', 16, 0, 1, '0000-00-00 00:00:00', 0, '0000-00-00 00:00:00', 0, '0000-00-00 00:00:00', 0),
(586, 1, 176, 0, 'Забайкальский край', 'ZAB', '75', 17, 0, 1, '0000-00-00 00:00:00', 0, '0000-00-00 00:00:00', 0, '0000-00-00 00:00:00', 0),
(587, 1, 176, 0, 'Ивановская область', 'IVA', '37', 18, 0, 1, '0000-00-00 00:00:00', 0, '0000-00-00 00:00:00', 0, '0000-00-00 00:00:00', 0),
(588, 1, 176, 0, 'Ингушетия Республика', 'IN', '06', 19, 0, 1, '0000-00-00 00:00:00', 0, '0000-00-00 00:00:00', 0, '0000-00-00 00:00:00', 0),
(589, 1, 176, 0, 'Иркутская область', 'IRK', '38', 20, 0, 1, '0000-00-00 00:00:00', 0, '0000-00-00 00:00:00', 0, '0000-00-00 00:00:00', 0),
(590, 1, 176, 0, 'Кабардино-Балкарская Республика', 'KB', '07', 21, 0, 1, '0000-00-00 00:00:00', 0, '0000-00-00 00:00:00', 0, '0000-00-00 00:00:00', 0),
(591, 1, 176, 0, 'Калининградская область', 'KGD', '39', 22, 0, 1, '0000-00-00 00:00:00', 0, '0000-00-00 00:00:00', 0, '0000-00-00 00:00:00', 0),
(592, 1, 176, 0, 'Калмыкия Республика', 'KL', '08', 23, 0, 1, '0000-00-00 00:00:00', 0, '0000-00-00 00:00:00', 0, '0000-00-00 00:00:00', 0),
(593, 1, 176, 0, 'Калужская область', 'KLU', '40', 24, 0, 1, '0000-00-00 00:00:00', 0, '0000-00-00 00:00:00', 0, '0000-00-00 00:00:00', 0),
(594, 1, 176, 0, 'Камчатский край', 'KAM', '41', 25, 0, 1, '0000-00-00 00:00:00', 0, '0000-00-00 00:00:00', 0, '0000-00-00 00:00:00', 0),
(595, 1, 176, 0, 'Карачаево-Черкесская Республика', 'KC', '09', 26, 0, 1, '0000-00-00 00:00:00', 0, '0000-00-00 00:00:00', 0, '0000-00-00 00:00:00', 0),
(596, 1, 176, 0, 'Карелия Республика', 'KR', '10', 27, 0, 1, '0000-00-00 00:00:00', 0, '0000-00-00 00:00:00', 0, '0000-00-00 00:00:00', 0),
(597, 1, 176, 0, 'Кемеровская область', 'KEM', '42', 28, 0, 1, '0000-00-00 00:00:00', 0, '0000-00-00 00:00:00', 0, '0000-00-00 00:00:00', 0),
(598, 1, 176, 0, 'Кировская область', 'KIR', '43', 29, 0, 1, '0000-00-00 00:00:00', 0, '0000-00-00 00:00:00', 0, '0000-00-00 00:00:00', 0),
(599, 1, 176, 0, 'Коми Республика', 'KO', '11', 30, 0, 1, '0000-00-00 00:00:00', 0, '0000-00-00 00:00:00', 0, '0000-00-00 00:00:00', 0),
(600, 1, 176, 0, 'Костромская область', 'KOS', '44', 31, 0, 1, '0000-00-00 00:00:00', 0, '0000-00-00 00:00:00', 0, '0000-00-00 00:00:00', 0),
(601, 1, 176, 0, 'Краснодарский край', 'KDA', '23', 32, 0, 1, '0000-00-00 00:00:00', 0, '0000-00-00 00:00:00', 0, '0000-00-00 00:00:00', 0),
(602, 1, 176, 0, 'Красноярский край', 'KIA', '24', 33, 0, 1, '0000-00-00 00:00:00', 0, '0000-00-00 00:00:00', 0, '0000-00-00 00:00:00', 0),
(603, 1, 176, 0, 'Курганская область', 'KGN', '45', 34, 0, 1, '0000-00-00 00:00:00', 0, '0000-00-00 00:00:00', 0, '0000-00-00 00:00:00', 0),
(604, 1, 176, 0, 'Курская область', 'KRS', '46', 35, 0, 1, '0000-00-00 00:00:00', 0, '0000-00-00 00:00:00', 0, '0000-00-00 00:00:00', 0),
(605, 1, 176, 0, 'Ленинградская область', 'LEN', '47', 36, 0, 1, '0000-00-00 00:00:00', 0, '0000-00-00 00:00:00', 0, '0000-00-00 00:00:00', 0),
(606, 1, 176, 0, 'Липецкая область', 'LIP', '48', 37, 0, 1, '0000-00-00 00:00:00', 0, '0000-00-00 00:00:00', 0, '0000-00-00 00:00:00', 0),
(607, 1, 176, 0, 'Магаданская область', 'MAG', '49', 38, 0, 1, '0000-00-00 00:00:00', 0, '0000-00-00 00:00:00', 0, '0000-00-00 00:00:00', 0),
(608, 1, 176, 0, 'Марий Эл Республика', 'ME', '12', 39, 0, 1, '0000-00-00 00:00:00', 0, '0000-00-00 00:00:00', 0, '0000-00-00 00:00:00', 0),
(609, 1, 176, 0, 'Мордовия Республика', 'MO', '13', 40, 0, 1, '0000-00-00 00:00:00', 0, '0000-00-00 00:00:00', 0, '0000-00-00 00:00:00', 0),
(610, 1, 176, 0, 'Москва', 'MOW', '77', 41, 0, 1, '0000-00-00 00:00:00', 0, '0000-00-00 00:00:00', 0, '0000-00-00 00:00:00', 0),
(611, 1, 176, 0, 'Московская область', 'MOS', '50', 42, 0, 1, '0000-00-00 00:00:00', 0, '0000-00-00 00:00:00', 0, '0000-00-00 00:00:00', 0),
(612, 1, 176, 0, 'Мурманская область', 'MUR', '51', 43, 0, 1, '0000-00-00 00:00:00', 0, '0000-00-00 00:00:00', 0, '0000-00-00 00:00:00', 0),
(613, 1, 176, 0, 'Ненецкий автономный округ', 'NEN', '83', 44, 0, 1, '0000-00-00 00:00:00', 0, '0000-00-00 00:00:00', 0, '0000-00-00 00:00:00', 0),
(614, 1, 176, 0, 'Нижегородская область', 'NIZ', '52', 45, 0, 1, '0000-00-00 00:00:00', 0, '0000-00-00 00:00:00', 0, '0000-00-00 00:00:00', 0),
(615, 1, 176, 0, 'Новгородская область', 'NGR', '53', 46, 0, 1, '0000-00-00 00:00:00', 0, '0000-00-00 00:00:00', 0, '0000-00-00 00:00:00', 0),
(616, 1, 176, 0, 'Новосибирская область', 'NVS', '54', 47, 0, 1, '0000-00-00 00:00:00', 0, '0000-00-00 00:00:00', 0, '0000-00-00 00:00:00', 0),
(617, 1, 176, 0, 'Омская область', 'OMS', '55', 48, 0, 1, '0000-00-00 00:00:00', 0, '0000-00-00 00:00:00', 0, '0000-00-00 00:00:00', 0),
(618, 1, 176, 0, 'Оренбургская область', 'ORE', '56', 49, 0, 1, '0000-00-00 00:00:00', 0, '0000-00-00 00:00:00', 0, '0000-00-00 00:00:00', 0),
(619, 1, 176, 0, 'Орловская область', 'ORL', '57', 50, 0, 1, '0000-00-00 00:00:00', 0, '0000-00-00 00:00:00', 0, '0000-00-00 00:00:00', 0),
(620, 1, 176, 0, 'Пензенская область', 'PNZ', '58', 51, 0, 1, '0000-00-00 00:00:00', 0, '0000-00-00 00:00:00', 0, '0000-00-00 00:00:00', 0),
(621, 1, 176, 0, 'Пермский край', 'PER', '59', 52, 0, 1, '0000-00-00 00:00:00', 0, '0000-00-00 00:00:00', 0, '0000-00-00 00:00:00', 0),
(622, 1, 176, 0, 'Приморский край', 'PRI', '25', 53, 0, 1, '0000-00-00 00:00:00', 0, '0000-00-00 00:00:00', 0, '0000-00-00 00:00:00', 0),
(623, 1, 176, 0, 'Псковская область', 'PSK', '60', 54, 0, 1, '0000-00-00 00:00:00', 0, '0000-00-00 00:00:00', 0, '0000-00-00 00:00:00', 0),
(624, 1, 176, 0, 'Ростовская область', 'ROS', '61', 55, 0, 1, '0000-00-00 00:00:00', 0, '0000-00-00 00:00:00', 0, '0000-00-00 00:00:00', 0),
(625, 1, 176, 0, 'Рязанская область', 'RYA', '62', 56, 0, 1, '0000-00-00 00:00:00', 0, '0000-00-00 00:00:00', 0, '0000-00-00 00:00:00', 0),
(626, 1, 176, 0, 'Самарская область', 'SAM', '63', 57, 0, 1, '0000-00-00 00:00:00', 0, '0000-00-00 00:00:00', 0, '0000-00-00 00:00:00', 0),
(627, 1, 176, 0, 'Санкт-Петербург', 'SPE', '78', 58, 0, 1, '0000-00-00 00:00:00', 0, '0000-00-00 00:00:00', 0, '0000-00-00 00:00:00', 0),
(628, 1, 176, 0, 'Саратовская область', 'SAR', '64', 59, 0, 1, '0000-00-00 00:00:00', 0, '0000-00-00 00:00:00', 0, '0000-00-00 00:00:00', 0),
(629, 1, 176, 0, 'Саха (Якутия) Республика', 'SA', '14', 60, 0, 1, '0000-00-00 00:00:00', 0, '0000-00-00 00:00:00', 0, '0000-00-00 00:00:00', 0),
(630, 1, 176, 0, 'Сахалинская область', 'SAK', '65', 61, 0, 1, '0000-00-00 00:00:00', 0, '0000-00-00 00:00:00', 0, '0000-00-00 00:00:00', 0),
(631, 1, 176, 0, 'Свердловская область', 'SVE', '66', 62, 0, 1, '0000-00-00 00:00:00', 0, '0000-00-00 00:00:00', 0, '0000-00-00 00:00:00', 0),
(632, 1, 176, 0, 'Северная Осетия-Алания Республика', 'SE', '15', 63, 0, 1, '0000-00-00 00:00:00', 0, '0000-00-00 00:00:00', 0, '0000-00-00 00:00:00', 0),
(633, 1, 176, 0, 'Смоленская область', 'SMO', '67', 64, 0, 1, '0000-00-00 00:00:00', 0, '0000-00-00 00:00:00', 0, '0000-00-00 00:00:00', 0),
(634, 1, 176, 0, 'Ставропольский край', 'STA', '26', 65, 0, 1, '0000-00-00 00:00:00', 0, '0000-00-00 00:00:00', 0, '0000-00-00 00:00:00', 0),
(635, 1, 176, 0, 'Тамбовская область', 'TAM', '68', 66, 0, 1, '0000-00-00 00:00:00', 0, '0000-00-00 00:00:00', 0, '0000-00-00 00:00:00', 0),
(636, 1, 176, 0, 'Татарстан Республика', 'TA', '16', 67, 0, 1, '0000-00-00 00:00:00', 0, '0000-00-00 00:00:00', 0, '0000-00-00 00:00:00', 0),
(637, 1, 176, 0, 'Тверская область', 'TVE', '69', 68, 0, 1, '0000-00-00 00:00:00', 0, '0000-00-00 00:00:00', 0, '0000-00-00 00:00:00', 0),
(638, 1, 176, 0, 'Томская область', 'TOM', '70', 69, 0, 1, '0000-00-00 00:00:00', 0, '0000-00-00 00:00:00', 0, '0000-00-00 00:00:00', 0),
(639, 1, 176, 0, 'Тульская область', 'TUL', '71', 70, 0, 1, '0000-00-00 00:00:00', 0, '0000-00-00 00:00:00', 0, '0000-00-00 00:00:00', 0),
(640, 1, 176, 0, 'Тыва Республика', 'TY', '17', 71, 0, 1, '0000-00-00 00:00:00', 0, '0000-00-00 00:00:00', 0, '0000-00-00 00:00:00', 0),
(641, 1, 176, 0, 'Тюменская область', 'TYU', '72', 72, 0, 1, '0000-00-00 00:00:00', 0, '0000-00-00 00:00:00', 0, '0000-00-00 00:00:00', 0),
(642, 1, 176, 0, 'Удмуртская Республика', 'UD', '18', 73, 0, 1, '0000-00-00 00:00:00', 0, '0000-00-00 00:00:00', 0, '0000-00-00 00:00:00', 0),
(643, 1, 176, 0, 'Ульяновская область', 'ULY', '73', 74, 0, 1, '0000-00-00 00:00:00', 0, '0000-00-00 00:00:00', 0, '0000-00-00 00:00:00', 0),
(644, 1, 176, 0, 'Хакасия Республика', 'KK', '19', 75, 0, 1, '0000-00-00 00:00:00', 0, '0000-00-00 00:00:00', 0, '0000-00-00 00:00:00', 0),
(645, 1, 176, 0, 'Челябинская область', 'CHE', '74', 76, 0, 1, '0000-00-00 00:00:00', 0, '0000-00-00 00:00:00', 0, '0000-00-00 00:00:00', 0),
(646, 1, 176, 0, 'Чеченская Республика', 'CE', '20', 77, 0, 1, '0000-00-00 00:00:00', 0, '0000-00-00 00:00:00', 0, '0000-00-00 00:00:00', 0),
(647, 1, 176, 0, 'Чувашская Республика', 'CU', '21', 78, 0, 1, '0000-00-00 00:00:00', 0, '0000-00-00 00:00:00', 0, '0000-00-00 00:00:00', 0),
(648, 1, 176, 0, 'Чукотский автономный округ', 'CHU', '87', 79, 0, 1, '0000-00-00 00:00:00', 0, '0000-00-00 00:00:00', 0, '0000-00-00 00:00:00', 0),
(649, 1, 176, 0, 'Хабаровский край', 'KHA', '27', 80, 0, 1, '0000-00-00 00:00:00', 0, '0000-00-00 00:00:00', 0, '0000-00-00 00:00:00', 0),
(650, 1, 176, 0, 'Ханты-Мансийский автономный округ', 'KHM', '86', 81, 0, 1, '0000-00-00 00:00:00', 0, '0000-00-00 00:00:00', 0, '0000-00-00 00:00:00', 0),
(651, 1, 176, 0, 'Ямало-Ненецкий автономный округ', 'YAN', '89', 82, 0, 1, '0000-00-00 00:00:00', 0, '0000-00-00 00:00:00', 0, '0000-00-00 00:00:00', 0),
(652, 1, 176, 0, 'Ярославская область', 'YAR', '76', 83, 0, 1, '0000-00-00 00:00:00', 0, '0000-00-00 00:00:00', 0, '0000-00-00 00:00:00', 0),
(653, 1, 209, 0, 'กระบี่', 'กบ', 'กบ', 0, 0, 1, '0000-00-00 00:00:00', 0, '0000-00-00 00:00:00', 0, '0000-00-00 00:00:00', 0),
(654, 1, 209, 0, 'กรุงเทพมหานคร', 'กทม', 'กท', 0, 0, 1, '0000-00-00 00:00:00', 0, '0000-00-00 00:00:00', 0, '0000-00-00 00:00:00', 0),
(655, 1, 209, 0, 'กาญจนบุรี', 'กจ', 'กจ', 0, 0, 1, '0000-00-00 00:00:00', 0, '0000-00-00 00:00:00', 0, '0000-00-00 00:00:00', 0),
(656, 1, 209, 0, 'กาฬสินธุ์', 'กส', 'กส', 0, 0, 1, '0000-00-00 00:00:00', 0, '0000-00-00 00:00:00', 0, '0000-00-00 00:00:00', 0),
(657, 1, 209, 0, 'กำแพงเพชร', 'กพ', 'กพ', 0, 0, 1, '0000-00-00 00:00:00', 0, '0000-00-00 00:00:00', 0, '0000-00-00 00:00:00', 0),
(658, 1, 209, 0, 'ขอนแก่น', 'ขก', 'ขก', 0, 0, 1, '0000-00-00 00:00:00', 0, '0000-00-00 00:00:00', 0, '0000-00-00 00:00:00', 0),
(659, 1, 209, 0, 'จันทบุรี', 'จบ', 'จบ', 0, 0, 1, '0000-00-00 00:00:00', 0, '0000-00-00 00:00:00', 0, '0000-00-00 00:00:00', 0),
(660, 1, 209, 0, 'ฉะเชิงเทรา', 'ฉช', 'ฉช', 0, 0, 1, '0000-00-00 00:00:00', 0, '0000-00-00 00:00:00', 0, '0000-00-00 00:00:00', 0),
(661, 1, 209, 0, 'ชลบุรี', 'ชบ', 'ชบ', 0, 0, 1, '0000-00-00 00:00:00', 0, '0000-00-00 00:00:00', 0, '0000-00-00 00:00:00', 0),
(662, 1, 209, 0, 'ชัยนาท', 'ชน', 'ชน', 0, 0, 1, '0000-00-00 00:00:00', 0, '0000-00-00 00:00:00', 0, '0000-00-00 00:00:00', 0),
(663, 1, 209, 0, 'ชัยภูมิ', 'ชย', 'ชย', 0, 0, 1, '0000-00-00 00:00:00', 0, '0000-00-00 00:00:00', 0, '0000-00-00 00:00:00', 0),
(664, 1, 209, 0, 'ชุมพร', 'ชพ', 'ชพ', 0, 0, 1, '0000-00-00 00:00:00', 0, '0000-00-00 00:00:00', 0, '0000-00-00 00:00:00', 0),
(665, 1, 209, 0, 'เชียงราย', 'ชร', 'ชร', 0, 0, 1, '0000-00-00 00:00:00', 0, '0000-00-00 00:00:00', 0, '0000-00-00 00:00:00', 0),
(666, 1, 209, 0, 'เชียงใหม่', 'ชม', 'ชม', 0, 0, 1, '0000-00-00 00:00:00', 0, '0000-00-00 00:00:00', 0, '0000-00-00 00:00:00', 0),
(667, 1, 209, 0, 'ตรัง', 'ตง', 'ตง', 0, 0, 1, '0000-00-00 00:00:00', 0, '0000-00-00 00:00:00', 0, '0000-00-00 00:00:00', 0),
(668, 1, 209, 0, 'ตราด', 'ตร', 'ตร', 0, 0, 1, '0000-00-00 00:00:00', 0, '0000-00-00 00:00:00', 0, '0000-00-00 00:00:00', 0),
(669, 1, 209, 0, 'ตาก', 'ตก', 'ตก', 0, 0, 1, '0000-00-00 00:00:00', 0, '0000-00-00 00:00:00', 0, '0000-00-00 00:00:00', 0),
(670, 1, 209, 0, 'นครนายก', 'นย', 'นย', 0, 0, 1, '0000-00-00 00:00:00', 0, '0000-00-00 00:00:00', 0, '0000-00-00 00:00:00', 0),
(671, 1, 209, 0, 'นครปฐม', 'นฐ', 'นฐ', 0, 0, 1, '0000-00-00 00:00:00', 0, '0000-00-00 00:00:00', 0, '0000-00-00 00:00:00', 0),
(672, 1, 209, 0, 'นครพนม', 'นพ', 'นพ', 0, 0, 1, '0000-00-00 00:00:00', 0, '0000-00-00 00:00:00', 0, '0000-00-00 00:00:00', 0),
(673, 1, 209, 0, 'นครราชสีมา', 'นม', 'นม', 0, 0, 1, '0000-00-00 00:00:00', 0, '0000-00-00 00:00:00', 0, '0000-00-00 00:00:00', 0),
(674, 1, 209, 0, 'นครศรีธรรมราช', 'นศ', 'นศ', 0, 0, 1, '0000-00-00 00:00:00', 0, '0000-00-00 00:00:00', 0, '0000-00-00 00:00:00', 0),
(675, 1, 209, 0, 'นครสวรรค์', 'นว', 'นว', 0, 0, 1, '0000-00-00 00:00:00', 0, '0000-00-00 00:00:00', 0, '0000-00-00 00:00:00', 0),
(676, 1, 209, 0, 'นนทบุรี', 'นบ', 'นบ', 0, 0, 1, '0000-00-00 00:00:00', 0, '0000-00-00 00:00:00', 0, '0000-00-00 00:00:00', 0),
(677, 1, 209, 0, 'นราธิวาส', 'นธ', 'นธ', 0, 0, 1, '0000-00-00 00:00:00', 0, '0000-00-00 00:00:00', 0, '0000-00-00 00:00:00', 0),
(678, 1, 209, 0, 'น่าน', 'นน', 'นน', 0, 0, 1, '0000-00-00 00:00:00', 0, '0000-00-00 00:00:00', 0, '0000-00-00 00:00:00', 0),
(679, 1, 209, 0, 'บุรีรัมย์', 'บร', 'บร', 0, 0, 1, '0000-00-00 00:00:00', 0, '0000-00-00 00:00:00', 0, '0000-00-00 00:00:00', 0),
(680, 1, 209, 0, 'บึงกาฬ', 'บก', 'บก', 0, 0, 1, '0000-00-00 00:00:00', 0, '0000-00-00 00:00:00', 0, '0000-00-00 00:00:00', 0),
(681, 1, 209, 0, 'ปทุมธานี', 'ปท', 'ปท', 0, 0, 1, '0000-00-00 00:00:00', 0, '0000-00-00 00:00:00', 0, '0000-00-00 00:00:00', 0),
(682, 1, 209, 0, 'ประจวบคีรีขันธ์', 'ปข', 'ปข', 0, 0, 1, '0000-00-00 00:00:00', 0, '0000-00-00 00:00:00', 0, '0000-00-00 00:00:00', 0),
(683, 1, 209, 0, 'ปราจีนบุรี', 'ปจ', 'ปจ', 0, 0, 1, '0000-00-00 00:00:00', 0, '0000-00-00 00:00:00', 0, '0000-00-00 00:00:00', 0),
(684, 1, 209, 0, 'ปัตตานี', 'ปน', 'ปน', 0, 0, 1, '0000-00-00 00:00:00', 0, '0000-00-00 00:00:00', 0, '0000-00-00 00:00:00', 0),
(685, 1, 209, 0, 'พระนครศรีอยุธยา', 'อย', 'อย', 0, 0, 1, '0000-00-00 00:00:00', 0, '0000-00-00 00:00:00', 0, '0000-00-00 00:00:00', 0),
(686, 1, 209, 0, 'พังงา', 'พง', 'พง', 0, 0, 1, '0000-00-00 00:00:00', 0, '0000-00-00 00:00:00', 0, '0000-00-00 00:00:00', 0),
(687, 1, 209, 0, 'พัทลุง', 'พท', 'พท', 0, 0, 1, '0000-00-00 00:00:00', 0, '0000-00-00 00:00:00', 0, '0000-00-00 00:00:00', 0),
(688, 1, 209, 0, 'พิจิตร', 'พจ', 'พจ', 0, 0, 1, '0000-00-00 00:00:00', 0, '0000-00-00 00:00:00', 0, '0000-00-00 00:00:00', 0),
(689, 1, 209, 0, 'พิษณุโลก', 'พล', 'พล', 0, 0, 1, '0000-00-00 00:00:00', 0, '0000-00-00 00:00:00', 0, '0000-00-00 00:00:00', 0),
(690, 1, 209, 0, 'เพชรบุรี', 'พบ', 'พบ', 0, 0, 1, '0000-00-00 00:00:00', 0, '0000-00-00 00:00:00', 0, '0000-00-00 00:00:00', 0),
(691, 1, 209, 0, 'เพชรบูรณ์', 'พช', 'พช', 0, 0, 1, '0000-00-00 00:00:00', 0, '0000-00-00 00:00:00', 0, '0000-00-00 00:00:00', 0),
(692, 1, 209, 0, 'แพร่', 'พร', 'พร', 0, 0, 1, '0000-00-00 00:00:00', 0, '0000-00-00 00:00:00', 0, '0000-00-00 00:00:00', 0),
(693, 1, 209, 0, 'พะเยา', 'พย', 'พย', 0, 0, 1, '0000-00-00 00:00:00', 0, '0000-00-00 00:00:00', 0, '0000-00-00 00:00:00', 0),
(694, 1, 209, 0, 'ภูเก็ต', 'ภก', 'ภก', 0, 0, 1, '0000-00-00 00:00:00', 0, '0000-00-00 00:00:00', 0, '0000-00-00 00:00:00', 0),
(695, 1, 209, 0, 'มหาสารคาม', 'มค', 'มค', 0, 0, 1, '0000-00-00 00:00:00', 0, '0000-00-00 00:00:00', 0, '0000-00-00 00:00:00', 0),
(696, 1, 209, 0, 'แม่ฮ่องสอน', 'มส', 'มส', 0, 0, 1, '0000-00-00 00:00:00', 0, '0000-00-00 00:00:00', 0, '0000-00-00 00:00:00', 0),
(697, 1, 209, 0, 'มุกดาหาร', 'มห', 'มห', 0, 0, 1, '0000-00-00 00:00:00', 0, '0000-00-00 00:00:00', 0, '0000-00-00 00:00:00', 0),
(698, 1, 209, 0, 'ยะลา', 'ยล', 'ยล', 0, 0, 1, '0000-00-00 00:00:00', 0, '0000-00-00 00:00:00', 0, '0000-00-00 00:00:00', 0),
(699, 1, 209, 0, 'ยโสธร', 'ยส', 'ยส', 0, 0, 1, '0000-00-00 00:00:00', 0, '0000-00-00 00:00:00', 0, '0000-00-00 00:00:00', 0),
(700, 1, 209, 0, 'ร้อยเอ็ด', 'รอ', 'รอ', 0, 0, 1, '0000-00-00 00:00:00', 0, '0000-00-00 00:00:00', 0, '0000-00-00 00:00:00', 0),
(701, 1, 209, 0, 'ระนอง', 'รน', 'รน', 0, 0, 1, '0000-00-00 00:00:00', 0, '0000-00-00 00:00:00', 0, '0000-00-00 00:00:00', 0),
(702, 1, 209, 0, 'ระยอง', 'รย', 'รย', 0, 0, 1, '0000-00-00 00:00:00', 0, '0000-00-00 00:00:00', 0, '0000-00-00 00:00:00', 0),
(703, 1, 209, 0, 'ราชบุรี', 'รบ', 'รบ', 0, 0, 1, '0000-00-00 00:00:00', 0, '0000-00-00 00:00:00', 0, '0000-00-00 00:00:00', 0),
(704, 1, 209, 0, 'ลพบุรี', 'ลบ', 'ลบ', 0, 0, 1, '0000-00-00 00:00:00', 0, '0000-00-00 00:00:00', 0, '0000-00-00 00:00:00', 0),
(705, 1, 209, 0, 'ลำปาง', 'ลป', 'ลป', 0, 0, 1, '0000-00-00 00:00:00', 0, '0000-00-00 00:00:00', 0, '0000-00-00 00:00:00', 0),
(706, 1, 209, 0, 'ลำพูน', 'ลพ', 'ลพ', 0, 0, 1, '0000-00-00 00:00:00', 0, '0000-00-00 00:00:00', 0, '0000-00-00 00:00:00', 0),
(707, 1, 209, 0, 'เลย', 'ลย', 'ลย', 0, 0, 1, '0000-00-00 00:00:00', 0, '0000-00-00 00:00:00', 0, '0000-00-00 00:00:00', 0),
(708, 1, 209, 0, 'ศรีสะเกษ', 'ศก', 'ศก', 0, 0, 1, '0000-00-00 00:00:00', 0, '0000-00-00 00:00:00', 0, '0000-00-00 00:00:00', 0),
(709, 1, 209, 0, 'สกลนคร', 'สน', 'สน', 0, 0, 1, '0000-00-00 00:00:00', 0, '0000-00-00 00:00:00', 0, '0000-00-00 00:00:00', 0),
(710, 1, 209, 0, 'สงขลา', 'สข', 'สข', 0, 0, 1, '0000-00-00 00:00:00', 0, '0000-00-00 00:00:00', 0, '0000-00-00 00:00:00', 0),
(711, 1, 209, 0, 'สตูล', 'สต', 'สต', 0, 0, 1, '0000-00-00 00:00:00', 0, '0000-00-00 00:00:00', 0, '0000-00-00 00:00:00', 0),
(712, 1, 209, 0, 'สมุทรปราการ', 'สป', 'สป', 0, 0, 1, '0000-00-00 00:00:00', 0, '0000-00-00 00:00:00', 0, '0000-00-00 00:00:00', 0),
(713, 1, 209, 0, 'สมุทรสงคราม', 'สส', 'สส', 0, 0, 1, '0000-00-00 00:00:00', 0, '0000-00-00 00:00:00', 0, '0000-00-00 00:00:00', 0),
(714, 1, 209, 0, 'สมุทรสาคร', 'สค', 'สค', 0, 0, 1, '0000-00-00 00:00:00', 0, '0000-00-00 00:00:00', 0, '0000-00-00 00:00:00', 0),
(715, 1, 209, 0, 'สระบุรี', 'สบ', 'สบ', 0, 0, 1, '0000-00-00 00:00:00', 0, '0000-00-00 00:00:00', 0, '0000-00-00 00:00:00', 0),
(716, 1, 209, 0, 'สระแก้ว', 'สก', 'สก', 0, 0, 1, '0000-00-00 00:00:00', 0, '0000-00-00 00:00:00', 0, '0000-00-00 00:00:00', 0),
(717, 1, 209, 0, 'สิงห์บุรี', 'สห', 'สห', 0, 0, 1, '0000-00-00 00:00:00', 0, '0000-00-00 00:00:00', 0, '0000-00-00 00:00:00', 0),
(718, 1, 209, 0, 'สุโขทัย', 'สท', 'สท', 0, 0, 1, '0000-00-00 00:00:00', 0, '0000-00-00 00:00:00', 0, '0000-00-00 00:00:00', 0),
(719, 1, 209, 0, 'สุพรรณบุรี', 'สพ', 'สพ', 0, 0, 1, '0000-00-00 00:00:00', 0, '0000-00-00 00:00:00', 0, '0000-00-00 00:00:00', 0),
(720, 1, 209, 0, 'สุราษฎร์ธานี', 'สฎ', 'สฎ', 0, 0, 1, '0000-00-00 00:00:00', 0, '0000-00-00 00:00:00', 0, '0000-00-00 00:00:00', 0),
(721, 1, 209, 0, 'สุรินทร์', 'สร', 'สร', 0, 0, 1, '0000-00-00 00:00:00', 0, '0000-00-00 00:00:00', 0, '0000-00-00 00:00:00', 0),
(722, 1, 209, 0, 'หนองคาย', 'นค', 'นค', 0, 0, 1, '0000-00-00 00:00:00', 0, '0000-00-00 00:00:00', 0, '0000-00-00 00:00:00', 0),
(723, 1, 209, 0, 'หนองบัวลำภู', 'นภ', 'นภ', 0, 0, 1, '0000-00-00 00:00:00', 0, '0000-00-00 00:00:00', 0, '0000-00-00 00:00:00', 0),
(724, 1, 209, 0, 'อ่างทอง', 'อท', 'อท', 0, 0, 1, '0000-00-00 00:00:00', 0, '0000-00-00 00:00:00', 0, '0000-00-00 00:00:00', 0),
(725, 1, 209, 0, 'อุดรธานี', 'อด', 'อด', 0, 0, 1, '0000-00-00 00:00:00', 0, '0000-00-00 00:00:00', 0, '0000-00-00 00:00:00', 0),
(726, 1, 209, 0, 'อุตรดิตถ์', 'อต', 'อต', 0, 0, 1, '0000-00-00 00:00:00', 0, '0000-00-00 00:00:00', 0, '0000-00-00 00:00:00', 0),
(727, 1, 209, 0, 'อุทัยธานี', 'อน', 'อน', 0, 0, 1, '0000-00-00 00:00:00', 0, '0000-00-00 00:00:00', 0, '0000-00-00 00:00:00', 0),
(728, 1, 209, 0, 'อุบลราชธานี', 'อบ', 'อบ', 0, 0, 1, '0000-00-00 00:00:00', 0, '0000-00-00 00:00:00', 0, '0000-00-00 00:00:00', 0),
(729, 1, 209, 0, 'อำนาจเจริญ', 'อจ', 'อจ', 0, 0, 1, '0000-00-00 00:00:00', 0, '0000-00-00 00:00:00', 0, '0000-00-00 00:00:00', 0);

-- --------------------------------------------------------

--
-- Структура таблицы `bnduv_virtuemart_userfields`
--

CREATE TABLE IF NOT EXISTS `bnduv_virtuemart_userfields` (
  `virtuemart_userfield_id` smallint(1) unsigned NOT NULL,
  `virtuemart_vendor_id` smallint(1) unsigned NOT NULL DEFAULT '1',
  `userfield_jplugin_id` int(11) NOT NULL DEFAULT '0',
  `name` char(255) NOT NULL DEFAULT '',
  `title` char(255) NOT NULL DEFAULT '',
  `description` mediumtext,
  `type` char(70) NOT NULL DEFAULT '',
  `maxlength` int(11) DEFAULT NULL,
  `size` int(11) DEFAULT NULL,
  `required` tinyint(4) NOT NULL DEFAULT '0',
  `cols` int(11) DEFAULT NULL,
  `rows` int(11) DEFAULT NULL,
  `value` char(255) DEFAULT NULL,
  `default` char(255) DEFAULT NULL,
  `registration` tinyint(1) NOT NULL DEFAULT '0',
  `shipment` tinyint(1) NOT NULL DEFAULT '0',
  `account` tinyint(1) NOT NULL DEFAULT '1',
  `readonly` tinyint(1) NOT NULL DEFAULT '0',
  `calculated` tinyint(1) NOT NULL DEFAULT '0',
  `sys` tinyint(4) NOT NULL DEFAULT '0',
  `params` varchar(17500) DEFAULT NULL,
  `ordering` int(2) NOT NULL DEFAULT '0',
  `shared` tinyint(1) NOT NULL DEFAULT '0',
  `published` tinyint(1) NOT NULL DEFAULT '1',
  `created_on` datetime NOT NULL DEFAULT '0000-00-00 00:00:00',
  `created_by` int(11) NOT NULL DEFAULT '0',
  `modified_on` datetime NOT NULL DEFAULT '0000-00-00 00:00:00',
  `modified_by` int(11) NOT NULL DEFAULT '0',
  `locked_on` datetime NOT NULL DEFAULT '0000-00-00 00:00:00',
  `locked_by` int(11) NOT NULL DEFAULT '0'
) ENGINE=MyISAM AUTO_INCREMENT=27 DEFAULT CHARSET=utf8 COMMENT='Holds the fields for the user information';

--
-- Дамп данных таблицы `bnduv_virtuemart_userfields`
--

INSERT INTO `bnduv_virtuemart_userfields` (`virtuemart_userfield_id`, `virtuemart_vendor_id`, `userfield_jplugin_id`, `name`, `title`, `description`, `type`, `maxlength`, `size`, `required`, `cols`, `rows`, `value`, `default`, `registration`, `shipment`, `account`, `readonly`, `calculated`, `sys`, `params`, `ordering`, `shared`, `published`, `created_on`, `created_by`, `modified_on`, `modified_by`, `locked_on`, `locked_by`) VALUES
(1, 0, 0, 'email', 'COM_VIRTUEMART_REGISTER_EMAIL', '', 'emailaddress', 100, 30, 1, NULL, NULL, NULL, NULL, 1, 0, 1, 0, 0, 1, NULL, 4, 0, 1, '0000-00-00 00:00:00', 0, '0000-00-00 00:00:00', 0, '0000-00-00 00:00:00', 0),
(2, 0, 0, 'password', 'COM_VIRTUEMART_SHOPPER_FORM_PASSWORD_1', '', 'password', 25, 30, 1, NULL, NULL, NULL, NULL, 1, 0, 1, 0, 0, 1, NULL, 10, 0, 1, '0000-00-00 00:00:00', 0, '0000-00-00 00:00:00', 0, '0000-00-00 00:00:00', 0),
(3, 0, 0, 'password2', 'COM_VIRTUEMART_SHOPPER_FORM_PASSWORD_2', '', 'password', 25, 30, 1, NULL, NULL, NULL, NULL, 1, 0, 1, 0, 0, 1, NULL, 12, 0, 1, '0000-00-00 00:00:00', 0, '0000-00-00 00:00:00', 0, '0000-00-00 00:00:00', 0),
(4, 0, 0, 'agreed', 'COM_VIRTUEMART_I_AGREE_TO_TOS', '', 'checkbox', NULL, NULL, 1, NULL, NULL, NULL, NULL, 1, 0, 1, 0, 0, 1, NULL, 13, 0, 1, '0000-00-00 00:00:00', 0, '0000-00-00 00:00:00', 0, '0000-00-00 00:00:00', 0),
(5, 0, 0, 'name', 'COM_VIRTUEMART_USER_DISPLAYED_NAME', '', 'text', 25, 30, 1, 0, 0, '', NULL, 1, 0, 1, 0, 0, 1, '', 8, 0, 1, '0000-00-00 00:00:00', 0, '0000-00-00 00:00:00', 0, '0000-00-00 00:00:00', 0),
(6, 0, 0, 'username', 'COM_VIRTUEMART_USERNAME', '', 'text', 25, 30, 1, 0, 0, '', NULL, 1, 0, 1, 0, 0, 1, '', 6, 0, 1, '0000-00-00 00:00:00', 0, '0000-00-00 00:00:00', 0, '0000-00-00 00:00:00', 0),
(7, 0, 0, 'address_type_name', 'COM_VIRTUEMART_USER_FORM_ADDRESS_LABEL', '', 'text', 32, 30, 1, NULL, NULL, NULL, 'Shipment', 0, 1, 0, 0, 0, 1, NULL, 16, 0, 1, '0000-00-00 00:00:00', 0, '0000-00-00 00:00:00', 0, '0000-00-00 00:00:00', 0),
(8, 0, 0, 'delimiter_billto', 'COM_VIRTUEMART_USER_FORM_BILLTO_LBL', '', 'delimiter', 25, 30, 0, NULL, NULL, NULL, NULL, 1, 0, 1, 0, 0, 0, NULL, 18, 0, 1, '0000-00-00 00:00:00', 0, '0000-00-00 00:00:00', 0, '0000-00-00 00:00:00', 0),
(9, 0, 0, 'company', 'COM_VIRTUEMART_SHOPPER_FORM_COMPANY_NAME', '', 'text', 64, 30, 0, NULL, NULL, NULL, NULL, 1, 1, 1, 0, 0, 1, NULL, 20, 0, 1, '0000-00-00 00:00:00', 0, '0000-00-00 00:00:00', 0, '0000-00-00 00:00:00', 0),
(10, 0, 0, 'title', 'COM_VIRTUEMART_SHOPPER_FORM_TITLE', '', 'select', 0, 210, 0, NULL, NULL, NULL, NULL, 1, 0, 1, 0, 0, 1, NULL, 22, 0, 1, '0000-00-00 00:00:00', 0, '0000-00-00 00:00:00', 0, '0000-00-00 00:00:00', 0),
(11, 0, 0, 'first_name', 'COM_VIRTUEMART_SHOPPER_FORM_FIRST_NAME', '', 'text', 32, 30, 1, NULL, NULL, NULL, NULL, 1, 1, 1, 0, 0, 1, NULL, 24, 0, 1, '0000-00-00 00:00:00', 0, '0000-00-00 00:00:00', 0, '0000-00-00 00:00:00', 0),
(12, 0, 0, 'middle_name', 'COM_VIRTUEMART_SHOPPER_FORM_MIDDLE_NAME', '', 'text', 32, 30, 0, NULL, NULL, NULL, NULL, 1, 1, 1, 0, 0, 1, NULL, 26, 0, 1, '0000-00-00 00:00:00', 0, '0000-00-00 00:00:00', 0, '0000-00-00 00:00:00', 0),
(13, 0, 0, 'last_name', 'COM_VIRTUEMART_SHOPPER_FORM_LAST_NAME', '', 'text', 32, 30, 1, NULL, NULL, NULL, NULL, 1, 1, 1, 0, 0, 1, NULL, 28, 0, 1, '0000-00-00 00:00:00', 0, '0000-00-00 00:00:00', 0, '0000-00-00 00:00:00', 0),
(14, 0, 0, 'address_1', 'COM_VIRTUEMART_SHOPPER_FORM_ADDRESS_1', '', 'text', 64, 30, 1, NULL, NULL, NULL, NULL, 1, 1, 1, 0, 0, 1, NULL, 30, 0, 1, '0000-00-00 00:00:00', 0, '0000-00-00 00:00:00', 0, '0000-00-00 00:00:00', 0),
(15, 0, 0, 'address_2', 'COM_VIRTUEMART_SHOPPER_FORM_ADDRESS_2', '', 'text', 64, 30, 0, NULL, NULL, NULL, NULL, 1, 1, 1, 0, 0, 1, NULL, 32, 0, 1, '0000-00-00 00:00:00', 0, '0000-00-00 00:00:00', 0, '0000-00-00 00:00:00', 0),
(16, 0, 0, 'zip', 'COM_VIRTUEMART_SHOPPER_FORM_ZIP', '', 'text', 32, 30, 1, NULL, NULL, NULL, NULL, 1, 1, 1, 0, 0, 1, NULL, 34, 0, 1, '0000-00-00 00:00:00', 0, '0000-00-00 00:00:00', 0, '0000-00-00 00:00:00', 0),
(17, 0, 0, 'city', 'COM_VIRTUEMART_SHOPPER_FORM_CITY', '', 'text', 32, 30, 1, NULL, NULL, NULL, NULL, 1, 1, 1, 0, 0, 1, NULL, 36, 0, 1, '0000-00-00 00:00:00', 0, '0000-00-00 00:00:00', 0, '0000-00-00 00:00:00', 0),
(18, 0, 0, 'virtuemart_country_id', 'COM_VIRTUEMART_SHOPPER_FORM_COUNTRY', '', 'select', 0, 210, 1, NULL, NULL, NULL, NULL, 1, 1, 1, 0, 0, 1, NULL, 38, 0, 1, '0000-00-00 00:00:00', 0, '0000-00-00 00:00:00', 0, '0000-00-00 00:00:00', 0),
(19, 0, 0, 'virtuemart_state_id', 'COM_VIRTUEMART_SHOPPER_FORM_STATE', '', 'select', 0, 210, 1, NULL, NULL, NULL, NULL, 1, 1, 1, 0, 0, 1, NULL, 40, 0, 1, '0000-00-00 00:00:00', 0, '0000-00-00 00:00:00', 0, '0000-00-00 00:00:00', 0),
(20, 0, 0, 'phone_1', 'COM_VIRTUEMART_SHOPPER_FORM_PHONE', '', 'text', 32, 30, 0, NULL, NULL, NULL, NULL, 1, 1, 1, 0, 0, 1, NULL, 42, 0, 1, '0000-00-00 00:00:00', 0, '0000-00-00 00:00:00', 0, '0000-00-00 00:00:00', 0),
(21, 0, 0, 'phone_2', 'COM_VIRTUEMART_SHOPPER_FORM_PHONE2', '', 'text', 32, 30, 0, NULL, NULL, NULL, NULL, 1, 1, 1, 0, 0, 1, NULL, 44, 0, 1, '0000-00-00 00:00:00', 0, '0000-00-00 00:00:00', 0, '0000-00-00 00:00:00', 0),
(22, 0, 0, 'fax', 'COM_VIRTUEMART_SHOPPER_FORM_FAX', '', 'text', 32, 30, 0, NULL, NULL, NULL, NULL, 1, 1, 1, 0, 0, 1, NULL, 46, 0, 1, '0000-00-00 00:00:00', 0, '0000-00-00 00:00:00', 0, '0000-00-00 00:00:00', 0),
(23, 0, 0, 'delimiter_sendregistration', 'COM_VIRTUEMART_BUTTON_SEND_REG', '', 'delimiter', 25, 30, 0, NULL, NULL, NULL, NULL, 0, 0, 0, 0, 0, 0, NULL, 2, 0, 1, '0000-00-00 00:00:00', 0, '0000-00-00 00:00:00', 0, '0000-00-00 00:00:00', 0),
(24, 0, 0, 'delimiter_userinfo', 'COM_VIRTUEMART_ORDER_PRINT_CUST_INFO_LBL', '', 'delimiter', NULL, NULL, 0, NULL, NULL, NULL, NULL, 1, 0, 1, 0, 0, 0, NULL, 14, 0, 1, '0000-00-00 00:00:00', 0, '0000-00-00 00:00:00', 0, '0000-00-00 00:00:00', 0),
(25, 1, 0, 'tax_exemption_number', 'COM_VIRTUEMART_SHOPPER_FORM_TAXEXEMPTION_NBR', 'Vendors can set here a tax exemption number for a shopper. This field is only changeable by administrators.', 'text', 10, 0, 0, 0, 0, NULL, NULL, 0, 0, 1, 1, 0, 0, NULL, 48, 0, 0, '0000-00-00 00:00:00', 0, '0000-00-00 00:00:00', 0, '0000-00-00 00:00:00', 0),
(26, 1, 0, 'tax_usage_type', 'COM_VIRTUEMART_SHOPPER_FORM_TAX_USAGE', 'Federal, national, educational, public, or similar often get a special tax. This field is only writable by administrators.', 'select', 0, 0, 0, 0, 0, NULL, NULL, 0, 0, 1, 1, 0, 0, NULL, 50, 0, 0, '0000-00-00 00:00:00', 0, '0000-00-00 00:00:00', 0, '0000-00-00 00:00:00', 0);

-- --------------------------------------------------------

--
-- Структура таблицы `bnduv_virtuemart_userfield_values`
--

CREATE TABLE IF NOT EXISTS `bnduv_virtuemart_userfield_values` (
  `virtuemart_userfield_value_id` int(11) unsigned NOT NULL,
  `virtuemart_userfield_id` smallint(1) unsigned NOT NULL DEFAULT '0',
  `fieldtitle` char(255) NOT NULL DEFAULT '',
  `fieldvalue` char(255) NOT NULL DEFAULT '',
  `sys` tinyint(4) NOT NULL DEFAULT '0',
  `ordering` int(2) NOT NULL DEFAULT '0',
  `created_on` datetime NOT NULL DEFAULT '0000-00-00 00:00:00',
  `created_by` int(11) NOT NULL DEFAULT '0',
  `modified_on` datetime NOT NULL DEFAULT '0000-00-00 00:00:00',
  `modified_by` int(11) NOT NULL DEFAULT '0',
  `locked_on` datetime NOT NULL DEFAULT '0000-00-00 00:00:00',
  `locked_by` int(11) NOT NULL DEFAULT '0'
) ENGINE=MyISAM AUTO_INCREMENT=20 DEFAULT CHARSET=utf8 COMMENT='Holds the different values for dropdown and radio lists';

--
-- Дамп данных таблицы `bnduv_virtuemart_userfield_values`
--

INSERT INTO `bnduv_virtuemart_userfield_values` (`virtuemart_userfield_value_id`, `virtuemart_userfield_id`, `fieldtitle`, `fieldvalue`, `sys`, `ordering`, `created_on`, `created_by`, `modified_on`, `modified_by`, `locked_on`, `locked_by`) VALUES
(1, 10, 'COM_VIRTUEMART_SHOPPER_TITLE_MR', 'Mr', 0, 0, '0000-00-00 00:00:00', 0, '0000-00-00 00:00:00', 0, '0000-00-00 00:00:00', 0),
(2, 10, 'COM_VIRTUEMART_SHOPPER_TITLE_MRS', 'Mrs', 0, 1, '0000-00-00 00:00:00', 0, '0000-00-00 00:00:00', 0, '0000-00-00 00:00:00', 0),
(3, 26, 'None', '', 0, 0, '0000-00-00 00:00:00', 0, '0000-00-00 00:00:00', 0, '0000-00-00 00:00:00', 0),
(4, 26, 'Non-resident (Canada)', 'R', 0, 1, '0000-00-00 00:00:00', 0, '0000-00-00 00:00:00', 0, '0000-00-00 00:00:00', 0),
(5, 26, 'Federal government (United States)', 'A', 0, 1, '0000-00-00 00:00:00', 0, '0000-00-00 00:00:00', 0, '0000-00-00 00:00:00', 0),
(6, 26, 'State government (United States)', 'B', 0, 2, '0000-00-00 00:00:00', 0, '0000-00-00 00:00:00', 0, '0000-00-00 00:00:00', 0),
(7, 26, 'Tribe / Status Indian / Indian Band (both)', 'C', 0, 3, '0000-00-00 00:00:00', 0, '0000-00-00 00:00:00', 0, '0000-00-00 00:00:00', 0),
(8, 26, 'Foreign diplomat (both)', 'D', 0, 4, '0000-00-00 00:00:00', 0, '0000-00-00 00:00:00', 0, '0000-00-00 00:00:00', 0),
(9, 26, 'Charitable or benevolent org (both)', 'E', 0, 5, '0000-00-00 00:00:00', 0, '0000-00-00 00:00:00', 0, '0000-00-00 00:00:00', 0),
(10, 26, 'Religious or educational org (both)', 'F', 0, 6, '0000-00-00 00:00:00', 0, '0000-00-00 00:00:00', 0, '0000-00-00 00:00:00', 0),
(11, 26, 'Resale (both)', 'G', 0, 7, '0000-00-00 00:00:00', 0, '0000-00-00 00:00:00', 0, '0000-00-00 00:00:00', 0),
(12, 26, 'Commercial agricultural production (both)', 'H', 0, 8, '0000-00-00 00:00:00', 0, '0000-00-00 00:00:00', 0, '0000-00-00 00:00:00', 0),
(13, 26, 'Industrial production / manufacturer (both)', 'I', 0, 9, '0000-00-00 00:00:00', 0, '0000-00-00 00:00:00', 0, '0000-00-00 00:00:00', 0),
(14, 26, 'Direct pay permit (United States)', 'J', 0, 10, '0000-00-00 00:00:00', 0, '0000-00-00 00:00:00', 0, '0000-00-00 00:00:00', 0),
(15, 26, 'Direct mail (United States)', 'K', 0, 11, '0000-00-00 00:00:00', 0, '0000-00-00 00:00:00', 0, '0000-00-00 00:00:00', 0),
(16, 26, 'Other (both)', 'L', 0, 12, '0000-00-00 00:00:00', 0, '0000-00-00 00:00:00', 0, '0000-00-00 00:00:00', 0),
(17, 26, 'Local government (United States)', 'N', 0, 13, '0000-00-00 00:00:00', 0, '0000-00-00 00:00:00', 0, '0000-00-00 00:00:00', 0),
(18, 26, 'Commercial aquaculture (Canada)', 'P', 0, 14, '0000-00-00 00:00:00', 0, '0000-00-00 00:00:00', 0, '0000-00-00 00:00:00', 0),
(19, 26, 'Commercial Fishery (Canada)', 'Q', 0, 15, '0000-00-00 00:00:00', 0, '0000-00-00 00:00:00', 0, '0000-00-00 00:00:00', 0);

-- --------------------------------------------------------

--
-- Структура таблицы `bnduv_virtuemart_userinfos`
--

CREATE TABLE IF NOT EXISTS `bnduv_virtuemart_userinfos` (
  `virtuemart_userinfo_id` int(1) unsigned NOT NULL,
  `virtuemart_user_id` int(1) unsigned NOT NULL DEFAULT '0',
  `address_type` char(2) NOT NULL DEFAULT '',
  `address_type_name` char(32) NOT NULL DEFAULT '',
  `name` char(64) DEFAULT NULL,
  `company` char(64) DEFAULT NULL,
  `title` char(32) DEFAULT NULL,
  `last_name` char(48) DEFAULT NULL,
  `first_name` char(48) DEFAULT NULL,
  `middle_name` char(48) DEFAULT NULL,
  `phone_1` char(32) DEFAULT NULL,
  `phone_2` char(32) DEFAULT NULL,
  `fax` char(32) DEFAULT NULL,
  `address_1` char(64) NOT NULL DEFAULT '',
  `address_2` char(64) DEFAULT NULL,
  `city` char(64) NOT NULL DEFAULT '',
  `virtuemart_state_id` smallint(1) unsigned NOT NULL DEFAULT '0',
  `virtuemart_country_id` smallint(1) unsigned NOT NULL DEFAULT '0',
  `zip` char(32) NOT NULL DEFAULT '',
  `agreed` tinyint(1) NOT NULL DEFAULT '0',
  `created_on` datetime NOT NULL DEFAULT '0000-00-00 00:00:00',
  `created_by` int(11) NOT NULL DEFAULT '0',
  `modified_on` datetime NOT NULL DEFAULT '0000-00-00 00:00:00',
  `modified_by` int(11) NOT NULL DEFAULT '0',
  `locked_on` datetime NOT NULL DEFAULT '0000-00-00 00:00:00',
  `locked_by` int(11) NOT NULL DEFAULT '0'
) ENGINE=InnoDB AUTO_INCREMENT=4 DEFAULT CHARSET=utf8 COMMENT='Customer Information, BT = BillTo and ST = ShipTo';

--
-- Дамп данных таблицы `bnduv_virtuemart_userinfos`
--

INSERT INTO `bnduv_virtuemart_userinfos` (`virtuemart_userinfo_id`, `virtuemart_user_id`, `address_type`, `address_type_name`, `name`, `company`, `title`, `last_name`, `first_name`, `middle_name`, `phone_1`, `phone_2`, `fax`, `address_1`, `address_2`, `city`, `virtuemart_state_id`, `virtuemart_country_id`, `zip`, `agreed`, `created_on`, `created_by`, `modified_on`, `modified_by`, `locked_on`, `locked_by`) VALUES
(1, 351, 'BT', '', 'Stores', 'ООО  Мой магазин', 'Mr', 'Иванов', 'Иван', '', '(495) 444-55-66', '', '', 'арбатская 10', '', 'Москва', 610, 176, '400500', 1, '2014-05-20 07:44:16', 351, '2019-03-04 15:33:22', 351, '0000-00-00 00:00:00', 0),
(2, 352, 'BT', '', 'Manager', '', 'Mr', 'апвопоа', 'паоапо', '', '', '', '', 'вапопаоавопао', 'вапопаоавопао', 'вапо', 626, 176, '055555', 0, '2014-05-21 10:04:27', 352, '2019-03-06 10:25:04', 354, '0000-00-00 00:00:00', 0),
(3, 353, 'BT', '', 'Пися Камушкин', '', 'Mr', 'Камушкин', 'Пися', '', '', '', '', 'Ветхий тупик, 4', '', 'Курдуганда', 572, 176, '111111', 0, '2019-03-05 10:51:35', 353, '2019-03-05 10:51:35', 353, '0000-00-00 00:00:00', 0);

-- --------------------------------------------------------

--
-- Структура таблицы `bnduv_virtuemart_vendors`
--

CREATE TABLE IF NOT EXISTS `bnduv_virtuemart_vendors` (
  `virtuemart_vendor_id` smallint(1) unsigned NOT NULL,
  `vendor_name` char(64) DEFAULT NULL,
  `vendor_currency` int(11) DEFAULT NULL,
  `vendor_accepted_currencies` varchar(1536) NOT NULL DEFAULT '',
  `vendor_params` varchar(17000) DEFAULT NULL,
  `metarobot` char(20) DEFAULT NULL,
  `metaauthor` char(64) DEFAULT NULL,
  `created_on` datetime NOT NULL DEFAULT '0000-00-00 00:00:00',
  `created_by` int(11) NOT NULL DEFAULT '0',
  `modified_on` datetime NOT NULL DEFAULT '0000-00-00 00:00:00',
  `modified_by` int(11) NOT NULL DEFAULT '0',
  `locked_on` datetime NOT NULL DEFAULT '0000-00-00 00:00:00',
  `locked_by` int(11) NOT NULL DEFAULT '0'
) ENGINE=MyISAM AUTO_INCREMENT=2 DEFAULT CHARSET=utf8 COMMENT='Vendors manage their products in your store';

--
-- Дамп данных таблицы `bnduv_virtuemart_vendors`
--

INSERT INTO `bnduv_virtuemart_vendors` (`virtuemart_vendor_id`, `vendor_name`, `vendor_currency`, `vendor_accepted_currencies`, `vendor_params`, `metarobot`, `metaauthor`, `created_on`, `created_by`, `modified_on`, `modified_by`, `locked_on`, `locked_by`) VALUES
(1, 'ООО "ИНТЕРЮНИТИ"', 131, '131', 'vendor_min_pov="0"|vendor_min_poq=1|vendor_freeshipment=0|vendor_address_format=""|vendor_date_format=""|vendor_letter_format="A4"|vendor_letter_orientation="P"|vendor_letter_margin_top="45"|vendor_letter_margin_left="25"|vendor_letter_margin_right="25"|vendor_letter_margin_bottom="25"|vendor_letter_margin_header="12"|vendor_letter_margin_footer="20"|vendor_letter_font="helvetica"|vendor_letter_font_size="8"|vendor_letter_header_font_size="7"|vendor_letter_footer_font_size="6"|vendor_letter_header="1"|vendor_letter_header_line="1"|vendor_letter_header_line_color="#000000"|vendor_letter_header_image="1"|vendor_letter_header_imagesize="60"|vendor_letter_header_cell_height_ratio="1"|vendor_letter_footer="1"|vendor_letter_footer_line="1"|vendor_letter_footer_line_color="#000000"|vendor_letter_footer_cell_height_ratio="1"|vendor_letter_add_tos="0"|vendor_letter_add_tos_newpage="1"|', '', '', '0000-00-00 00:00:00', 0, '2019-03-06 10:25:04', 354, '0000-00-00 00:00:00', 0);

-- --------------------------------------------------------

--
-- Структура таблицы `bnduv_virtuemart_vendors_en_gb`
--

CREATE TABLE IF NOT EXISTS `bnduv_virtuemart_vendors_en_gb` (
  `virtuemart_vendor_id` int(1) unsigned NOT NULL,
  `vendor_store_desc` text NOT NULL,
  `vendor_terms_of_service` text NOT NULL,
  `vendor_legal_info` text NOT NULL,
  `vendor_letter_css` text NOT NULL,
  `vendor_letter_header_html` varchar(8000) NOT NULL DEFAULT '<h1>{vm:vendorname}</h1><p>{vm:vendoraddress}</p>',
  `vendor_letter_footer_html` varchar(8000) NOT NULL DEFAULT '<p>{vm:vendorlegalinfo}<br />Page {vm:pagenum}/{vm:pagecount}</p>',
  `vendor_store_name` char(180) NOT NULL DEFAULT '',
  `vendor_phone` char(26) NOT NULL DEFAULT '',
  `vendor_url` char(255) NOT NULL DEFAULT '',
  `metadesc` varchar(400) NOT NULL DEFAULT '',
  `metakey` varchar(400) NOT NULL DEFAULT '',
  `customtitle` char(255) NOT NULL DEFAULT '',
  `slug` char(192) NOT NULL DEFAULT ''
) ENGINE=MyISAM DEFAULT CHARSET=utf8;

-- --------------------------------------------------------

--
-- Структура таблицы `bnduv_virtuemart_vendors_ru_ru`
--

CREATE TABLE IF NOT EXISTS `bnduv_virtuemart_vendors_ru_ru` (
  `virtuemart_vendor_id` int(1) unsigned NOT NULL,
  `vendor_store_desc` text NOT NULL,
  `vendor_terms_of_service` text NOT NULL,
  `vendor_legal_info` text NOT NULL,
  `vendor_letter_css` text NOT NULL,
  `vendor_letter_header_html` varchar(8000) NOT NULL DEFAULT '<h1>{vm:vendorname}</h1><p>{vm:vendoraddress}</p>',
  `vendor_letter_footer_html` varchar(8000) NOT NULL DEFAULT '<p>{vm:vendorlegalinfo}<br />Page {vm:pagenum}/{vm:pagecount}</p>',
  `vendor_store_name` char(180) NOT NULL DEFAULT '',
  `vendor_phone` char(26) NOT NULL DEFAULT '',
  `vendor_url` char(255) NOT NULL DEFAULT '',
  `metadesc` varchar(400) NOT NULL DEFAULT '',
  `metakey` varchar(400) NOT NULL DEFAULT '',
  `customtitle` char(255) NOT NULL DEFAULT '',
  `slug` char(192) NOT NULL DEFAULT ''
) ENGINE=MyISAM DEFAULT CHARSET=utf8;

--
-- Дамп данных таблицы `bnduv_virtuemart_vendors_ru_ru`
--

INSERT INTO `bnduv_virtuemart_vendors_ru_ru` (`virtuemart_vendor_id`, `vendor_store_desc`, `vendor_terms_of_service`, `vendor_legal_info`, `vendor_letter_css`, `vendor_letter_header_html`, `vendor_letter_footer_html`, `vendor_store_name`, `vendor_phone`, `vendor_url`, `metadesc`, `metakey`, `customtitle`, `slug`) VALUES
(1, '', '', '', '', '', '', 'SHOP INTERUNITY', '', '', '', '', 'admin', 'shop-interunity');

-- --------------------------------------------------------

--
-- Структура таблицы `bnduv_virtuemart_vendor_medias`
--

CREATE TABLE IF NOT EXISTS `bnduv_virtuemart_vendor_medias` (
  `id` smallint(1) unsigned NOT NULL,
  `virtuemart_vendor_id` smallint(1) unsigned NOT NULL DEFAULT '0',
  `virtuemart_media_id` int(1) unsigned NOT NULL DEFAULT '0',
  `ordering` int(2) NOT NULL DEFAULT '0'
) ENGINE=MyISAM DEFAULT CHARSET=utf8;

-- --------------------------------------------------------

--
-- Структура таблицы `bnduv_virtuemart_vmusers`
--

CREATE TABLE IF NOT EXISTS `bnduv_virtuemart_vmusers` (
  `virtuemart_user_id` int(11) unsigned NOT NULL,
  `virtuemart_vendor_id` smallint(1) unsigned NOT NULL DEFAULT '0',
  `user_is_vendor` tinyint(1) NOT NULL DEFAULT '0',
  `customer_number` char(32) DEFAULT NULL,
  `perms` char(40) NOT NULL DEFAULT 'shopper',
  `virtuemart_paymentmethod_id` mediumint(1) unsigned DEFAULT NULL,
  `virtuemart_shipmentmethod_id` mediumint(1) unsigned DEFAULT NULL,
  `agreed` tinyint(1) NOT NULL DEFAULT '0',
  `created_on` datetime NOT NULL DEFAULT '0000-00-00 00:00:00',
  `created_by` int(11) NOT NULL DEFAULT '0',
  `modified_on` datetime NOT NULL DEFAULT '0000-00-00 00:00:00',
  `modified_by` int(11) NOT NULL DEFAULT '0',
  `locked_on` datetime NOT NULL DEFAULT '0000-00-00 00:00:00',
  `locked_by` int(11) NOT NULL DEFAULT '0'
) ENGINE=InnoDB AUTO_INCREMENT=354 DEFAULT CHARSET=utf8 COMMENT='Holds the unique user data';

--
-- Дамп данных таблицы `bnduv_virtuemart_vmusers`
--

INSERT INTO `bnduv_virtuemart_vmusers` (`virtuemart_user_id`, `virtuemart_vendor_id`, `user_is_vendor`, `customer_number`, `perms`, `virtuemart_paymentmethod_id`, `virtuemart_shipmentmethod_id`, `agreed`, `created_on`, `created_by`, `modified_on`, `modified_by`, `locked_on`, `locked_by`) VALUES
(351, 0, 0, 'AD21232f297', '', 0, 0, 1, '2014-05-19 12:59:05', 351, '2019-03-04 15:33:22', 351, '0000-00-00 00:00:00', 0),
(352, 1, 1, 'ALa4a23c414', 'admin', 0, 0, 0, '2019-03-06 10:25:04', 354, '2019-03-06 10:25:04', 354, '0000-00-00 00:00:00', 0),
(353, 0, 0, 'PIfd27a5815', 'shopper', 0, 0, 0, '0000-00-00 00:00:00', 0, '2019-03-05 10:51:35', 353, '0000-00-00 00:00:00', 0);

-- --------------------------------------------------------

--
-- Структура таблицы `bnduv_virtuemart_vmuser_shoppergroups`
--

CREATE TABLE IF NOT EXISTS `bnduv_virtuemart_vmuser_shoppergroups` (
  `id` int(11) unsigned NOT NULL,
  `virtuemart_user_id` int(1) unsigned NOT NULL DEFAULT '0',
  `virtuemart_shoppergroup_id` smallint(1) unsigned NOT NULL DEFAULT '0'
) ENGINE=MyISAM DEFAULT CHARSET=utf8 COMMENT='xref table for users to shopper group';

-- --------------------------------------------------------

--
-- Структура таблицы `bnduv_virtuemart_waitingusers`
--

CREATE TABLE IF NOT EXISTS `bnduv_virtuemart_waitingusers` (
  `virtuemart_waitinguser_id` int(11) unsigned NOT NULL,
  `virtuemart_product_id` int(1) unsigned NOT NULL DEFAULT '0',
  `virtuemart_user_id` int(1) unsigned NOT NULL DEFAULT '0',
  `notify_email` char(150) NOT NULL DEFAULT '',
  `notified` tinyint(1) NOT NULL DEFAULT '0',
  `notify_date` timestamp NOT NULL DEFAULT CURRENT_TIMESTAMP ON UPDATE CURRENT_TIMESTAMP,
  `ordering` int(2) NOT NULL DEFAULT '0',
  `created_on` datetime NOT NULL DEFAULT '0000-00-00 00:00:00',
  `created_by` int(11) NOT NULL DEFAULT '0',
  `modified_on` datetime NOT NULL DEFAULT '0000-00-00 00:00:00',
  `modified_by` int(11) NOT NULL DEFAULT '0',
  `locked_on` datetime NOT NULL DEFAULT '0000-00-00 00:00:00',
  `locked_by` int(11) NOT NULL DEFAULT '0'
) ENGINE=InnoDB DEFAULT CHARSET=utf8 COMMENT='Stores notifications, users waiting f. products out of stock';

-- --------------------------------------------------------

--
-- Структура таблицы `bnduv_virtuemart_worldzones`
--

CREATE TABLE IF NOT EXISTS `bnduv_virtuemart_worldzones` (
  `virtuemart_worldzone_id` smallint(1) unsigned NOT NULL,
  `virtuemart_vendor_id` smallint(1) DEFAULT NULL,
  `zone_name` char(255) DEFAULT NULL,
  `zone_cost` decimal(10,2) DEFAULT NULL,
  `zone_limit` decimal(10,2) DEFAULT NULL,
  `zone_description` varchar(18000) DEFAULT NULL,
  `zone_tax_rate` int(1) unsigned NOT NULL DEFAULT '0',
  `ordering` int(2) NOT NULL DEFAULT '0',
  `shared` tinyint(1) NOT NULL DEFAULT '0',
  `published` tinyint(1) NOT NULL DEFAULT '1',
  `created_on` datetime NOT NULL DEFAULT '0000-00-00 00:00:00',
  `created_by` int(11) NOT NULL DEFAULT '0',
  `modified_on` datetime NOT NULL DEFAULT '0000-00-00 00:00:00',
  `modified_by` int(11) NOT NULL DEFAULT '0',
  `locked_on` datetime NOT NULL DEFAULT '0000-00-00 00:00:00',
  `locked_by` int(11) NOT NULL DEFAULT '0'
) ENGINE=MyISAM DEFAULT CHARSET=utf8 COMMENT='The Zones managed by the Zone Shipment Module';

-- --------------------------------------------------------

--
-- Структура таблицы `bnduv_weblinks`
--

CREATE TABLE IF NOT EXISTS `bnduv_weblinks` (
  `id` int(10) unsigned NOT NULL,
  `catid` int(11) NOT NULL DEFAULT '0',
  `sid` int(11) NOT NULL DEFAULT '0',
  `title` varchar(250) NOT NULL DEFAULT '',
  `alias` varchar(255) CHARACTER SET utf8 COLLATE utf8_bin NOT NULL DEFAULT '',
  `url` varchar(250) NOT NULL DEFAULT '',
  `description` text NOT NULL,
  `date` datetime NOT NULL DEFAULT '0000-00-00 00:00:00',
  `hits` int(11) NOT NULL DEFAULT '0',
  `state` tinyint(1) NOT NULL DEFAULT '0',
  `checked_out` int(11) NOT NULL DEFAULT '0',
  `checked_out_time` datetime NOT NULL DEFAULT '0000-00-00 00:00:00',
  `ordering` int(11) NOT NULL DEFAULT '0',
  `archived` tinyint(1) NOT NULL DEFAULT '0',
  `approved` tinyint(1) NOT NULL DEFAULT '1',
  `access` int(11) NOT NULL DEFAULT '1',
  `params` text NOT NULL,
  `language` char(7) NOT NULL DEFAULT '',
  `created` datetime NOT NULL DEFAULT '0000-00-00 00:00:00',
  `created_by` int(10) unsigned NOT NULL DEFAULT '0',
  `created_by_alias` varchar(255) NOT NULL DEFAULT '',
  `modified` datetime NOT NULL DEFAULT '0000-00-00 00:00:00',
  `modified_by` int(10) unsigned NOT NULL DEFAULT '0',
  `metakey` text NOT NULL,
  `metadesc` text NOT NULL,
  `metadata` text NOT NULL,
  `featured` tinyint(3) unsigned NOT NULL DEFAULT '0' COMMENT 'Set if link is featured.',
  `xreference` varchar(50) NOT NULL COMMENT 'A reference to enable linkages to external data sets.',
  `publish_up` datetime NOT NULL DEFAULT '0000-00-00 00:00:00',
  `publish_down` datetime NOT NULL DEFAULT '0000-00-00 00:00:00'
) ENGINE=MyISAM AUTO_INCREMENT=6 DEFAULT CHARSET=utf8;

--
-- Дамп данных таблицы `bnduv_weblinks`
--

INSERT INTO `bnduv_weblinks` (`id`, `catid`, `sid`, `title`, `alias`, `url`, `description`, `date`, `hits`, `state`, `checked_out`, `checked_out_time`, `ordering`, `archived`, `approved`, `access`, `params`, `language`, `created`, `created_by`, `created_by_alias`, `modified`, `modified_by`, `metakey`, `metadesc`, `metadata`, `featured`, `xreference`, `publish_up`, `publish_down`) VALUES
(1, 13, 0, 'GavickPro Demo', 'gavickpro-demo', 'http://demo.gavick.com', '', '0000-00-00 00:00:00', 2, 1, 0, '0000-00-00 00:00:00', 1, 0, 1, 1, '{"target":"","width":"","height":"","count_clicks":""}', '*', '2012-03-14 22:56:57', 42, '', '0000-00-00 00:00:00', 0, '', '', '{"robots":"","rights":""}', 0, '', '0000-00-00 00:00:00', '0000-00-00 00:00:00'),
(2, 13, 0, 'GavickPro Facebook', 'gavickpro-facebook', 'http://www.facebook.com/gavickpro', '', '0000-00-00 00:00:00', 0, 1, 0, '0000-00-00 00:00:00', 2, 0, 1, 1, '{"target":"","width":"","height":"","count_clicks":""}', '*', '2012-03-14 22:57:23', 42, '', '0000-00-00 00:00:00', 0, '', '', '{"robots":"","rights":""}', 0, '', '0000-00-00 00:00:00', '0000-00-00 00:00:00'),
(3, 13, 0, 'GavickPro Homepage', 'gavickpro-homepage', 'http://www.gavick.com', '', '0000-00-00 00:00:00', 0, 1, 0, '0000-00-00 00:00:00', 3, 0, 1, 1, '{"target":"","width":"","height":"","count_clicks":""}', '*', '2012-03-14 22:57:51', 42, '', '0000-00-00 00:00:00', 0, '', '', '{"robots":"","rights":""}', 0, '', '0000-00-00 00:00:00', '0000-00-00 00:00:00'),
(4, 13, 0, 'GavickPro Magazine', 'gavickpro-magazine', 'http://www.gavickmagazine.com', '', '0000-00-00 00:00:00', 0, 1, 0, '0000-00-00 00:00:00', 4, 0, 1, 1, '{"target":"","width":"","height":"","count_clicks":""}', '*', '2012-03-14 22:58:30', 42, '', '0000-00-00 00:00:00', 0, '', '', '{"robots":"","rights":""}', 0, '', '0000-00-00 00:00:00', '0000-00-00 00:00:00'),
(5, 13, 0, 'GavickPro RSS & News', 'gavickpro-rss-news', 'http://www.gavickmagazine.com/index.php?format=feed&type=rss', '', '0000-00-00 00:00:00', 0, 1, 0, '0000-00-00 00:00:00', 5, 0, 1, 1, '{"target":"","width":"","height":"","count_clicks":""}', '*', '2012-03-14 22:58:54', 42, '', '0000-00-00 00:00:00', 0, '', '', '{"robots":"","rights":""}', 0, '', '0000-00-00 00:00:00', '0000-00-00 00:00:00');

--
-- Индексы сохранённых таблиц
--

--
-- Индексы таблицы `bnduv_assets`
--
ALTER TABLE `bnduv_assets`
  ADD PRIMARY KEY (`id`),
  ADD UNIQUE KEY `idx_asset_name` (`name`),
  ADD KEY `idx_lft_rgt` (`lft`,`rgt`),
  ADD KEY `idx_parent_id` (`parent_id`);

--
-- Индексы таблицы `bnduv_associations`
--
ALTER TABLE `bnduv_associations`
  ADD PRIMARY KEY (`context`,`id`),
  ADD KEY `idx_key` (`key`);

--
-- Индексы таблицы `bnduv_banners`
--
ALTER TABLE `bnduv_banners`
  ADD PRIMARY KEY (`id`),
  ADD KEY `idx_state` (`state`),
  ADD KEY `idx_own_prefix` (`own_prefix`),
  ADD KEY `idx_metakey_prefix` (`metakey_prefix`),
  ADD KEY `idx_banner_catid` (`catid`),
  ADD KEY `idx_language` (`language`);

--
-- Индексы таблицы `bnduv_banner_clients`
--
ALTER TABLE `bnduv_banner_clients`
  ADD PRIMARY KEY (`id`),
  ADD KEY `idx_own_prefix` (`own_prefix`),
  ADD KEY `idx_metakey_prefix` (`metakey_prefix`);

--
-- Индексы таблицы `bnduv_banner_tracks`
--
ALTER TABLE `bnduv_banner_tracks`
  ADD PRIMARY KEY (`track_date`,`track_type`,`banner_id`),
  ADD KEY `idx_track_date` (`track_date`),
  ADD KEY `idx_track_type` (`track_type`),
  ADD KEY `idx_banner_id` (`banner_id`);

--
-- Индексы таблицы `bnduv_categories`
--
ALTER TABLE `bnduv_categories`
  ADD PRIMARY KEY (`id`),
  ADD KEY `cat_idx` (`extension`,`published`,`access`),
  ADD KEY `idx_access` (`access`),
  ADD KEY `idx_checkout` (`checked_out`),
  ADD KEY `idx_path` (`path`),
  ADD KEY `idx_left_right` (`lft`,`rgt`),
  ADD KEY `idx_alias` (`alias`),
  ADD KEY `idx_language` (`language`);

--
-- Индексы таблицы `bnduv_cf_customfields`
--
ALTER TABLE `bnduv_cf_customfields`
  ADD PRIMARY KEY (`id`),
  ADD UNIQUE KEY `virtuemart_custom_id` (`vm_custom_id`),
  ADD KEY `type_id` (`type_id`);

--
-- Индексы таблицы `bnduv_contact_details`
--
ALTER TABLE `bnduv_contact_details`
  ADD PRIMARY KEY (`id`),
  ADD KEY `idx_access` (`access`),
  ADD KEY `idx_checkout` (`checked_out`),
  ADD KEY `idx_state` (`published`),
  ADD KEY `idx_catid` (`catid`),
  ADD KEY `idx_createdby` (`created_by`),
  ADD KEY `idx_featured_catid` (`featured`,`catid`),
  ADD KEY `idx_language` (`language`),
  ADD KEY `idx_xreference` (`xreference`);

--
-- Индексы таблицы `bnduv_content`
--
ALTER TABLE `bnduv_content`
  ADD PRIMARY KEY (`id`),
  ADD KEY `idx_access` (`access`),
  ADD KEY `idx_checkout` (`checked_out`),
  ADD KEY `idx_state` (`state`),
  ADD KEY `idx_catid` (`catid`),
  ADD KEY `idx_createdby` (`created_by`),
  ADD KEY `idx_featured_catid` (`featured`,`catid`),
  ADD KEY `idx_language` (`language`),
  ADD KEY `idx_xreference` (`xreference`),
  ADD KEY `jr_created` (`created`),
  ADD KEY `jr_modified` (`modified`),
  ADD KEY `jr_hits` (`hits`),
  ADD KEY `jr_ordering` (`ordering`),
  ADD KEY `jr_title` (`title`(3)),
  ADD KEY `jr_listing_count` (`catid`,`state`,`access`,`publish_up`,`publish_down`);

--
-- Индексы таблицы `bnduv_content_frontpage`
--
ALTER TABLE `bnduv_content_frontpage`
  ADD PRIMARY KEY (`content_id`);

--
-- Индексы таблицы `bnduv_content_rating`
--
ALTER TABLE `bnduv_content_rating`
  ADD PRIMARY KEY (`content_id`);

--
-- Индексы таблицы `bnduv_discuss_acl`
--
ALTER TABLE `bnduv_discuss_acl`
  ADD PRIMARY KEY (`id`),
  ADD KEY `discuss_post_acl_action` (`action`);

--
-- Индексы таблицы `bnduv_discuss_acl_group`
--
ALTER TABLE `bnduv_discuss_acl_group`
  ADD PRIMARY KEY (`id`),
  ADD KEY `discuss_post_acl_content_type` (`content_id`,`type`),
  ADD KEY `discuss_post_acl` (`acl_id`);

--
-- Индексы таблицы `bnduv_discuss_attachments`
--
ALTER TABLE `bnduv_discuss_attachments`
  ADD PRIMARY KEY (`id`),
  ADD KEY `uid` (`uid`),
  ADD KEY `type` (`type`);

--
-- Индексы таблицы `bnduv_discuss_badges`
--
ALTER TABLE `bnduv_discuss_badges`
  ADD PRIMARY KEY (`id`),
  ADD KEY `discuss_badges_alias` (`alias`),
  ADD KEY `discuss_badges_published` (`published`);

--
-- Индексы таблицы `bnduv_discuss_badges_history`
--
ALTER TABLE `bnduv_discuss_badges_history`
  ADD PRIMARY KEY (`id`),
  ADD KEY `user_id` (`user_id`);

--
-- Индексы таблицы `bnduv_discuss_badges_rules`
--
ALTER TABLE `bnduv_discuss_badges_rules`
  ADD PRIMARY KEY (`id`);

--
-- Индексы таблицы `bnduv_discuss_badges_users`
--
ALTER TABLE `bnduv_discuss_badges_users`
  ADD PRIMARY KEY (`id`),
  ADD KEY `badge_id` (`badge_id`,`user_id`);

--
-- Индексы таблицы `bnduv_discuss_category`
--
ALTER TABLE `bnduv_discuss_category`
  ADD PRIMARY KEY (`id`),
  ADD KEY `discuss_cat_published` (`published`),
  ADD KEY `discuss_cat_parentid` (`parent_id`),
  ADD KEY `discuss_cat_mod_categories1` (`published`,`private`,`id`),
  ADD KEY `discuss_cat_mod_categories2` (`published`,`private`,`ordering`),
  ADD KEY `discuss_cat_acl` (`parent_id`,`published`,`ordering`);

--
-- Индексы таблицы `bnduv_discuss_category_acl_item`
--
ALTER TABLE `bnduv_discuss_category_acl_item`
  ADD PRIMARY KEY (`id`);

--
-- Индексы таблицы `bnduv_discuss_category_acl_map`
--
ALTER TABLE `bnduv_discuss_category_acl_map`
  ADD PRIMARY KEY (`id`),
  ADD KEY `discuss_category_acl` (`category_id`),
  ADD KEY `discuss_category_acl_id` (`acl_id`),
  ADD KEY `discuss_content_type` (`content_id`,`type`),
  ADD KEY `discuss_category_content_type` (`category_id`,`content_id`,`type`);

--
-- Индексы таблицы `bnduv_discuss_comments`
--
ALTER TABLE `bnduv_discuss_comments`
  ADD PRIMARY KEY (`id`),
  ADD KEY `discuss_comment_postid` (`post_id`);

--
-- Индексы таблицы `bnduv_discuss_configs`
--
ALTER TABLE `bnduv_discuss_configs`
  ADD PRIMARY KEY (`id`);

--
-- Индексы таблицы `bnduv_discuss_hashkeys`
--
ALTER TABLE `bnduv_discuss_hashkeys`
  ADD PRIMARY KEY (`id`),
  ADD KEY `uid` (`uid`),
  ADD KEY `type` (`type`);

--
-- Индексы таблицы `bnduv_discuss_likes`
--
ALTER TABLE `bnduv_discuss_likes`
  ADD PRIMARY KEY (`id`),
  ADD KEY `discuss_content_type` (`type`,`content_id`),
  ADD KEY `discuss_contentid` (`content_id`),
  ADD KEY `discuss_createdby` (`created_by`);

--
-- Индексы таблицы `bnduv_discuss_mailq`
--
ALTER TABLE `bnduv_discuss_mailq`
  ADD PRIMARY KEY (`id`),
  ADD KEY `discuss_mailq_status` (`status`);

--
-- Индексы таблицы `bnduv_discuss_migrators`
--
ALTER TABLE `bnduv_discuss_migrators`
  ADD PRIMARY KEY (`id`);

--
-- Индексы таблицы `bnduv_discuss_notifications`
--
ALTER TABLE `bnduv_discuss_notifications`
  ADD PRIMARY KEY (`id`),
  ADD KEY `discuss_notification_created` (`created`),
  ADD KEY `discuss_notification` (`target`,`state`,`cid`,`created`,`id`);

--
-- Индексы таблицы `bnduv_discuss_oauth`
--
ALTER TABLE `bnduv_discuss_oauth`
  ADD PRIMARY KEY (`id`),
  ADD KEY `discuss_oauth_type` (`type`);

--
-- Индексы таблицы `bnduv_discuss_oauth_posts`
--
ALTER TABLE `bnduv_discuss_oauth_posts`
  ADD PRIMARY KEY (`id`);

--
-- Индексы таблицы `bnduv_discuss_points`
--
ALTER TABLE `bnduv_discuss_points`
  ADD PRIMARY KEY (`id`),
  ADD KEY `discuss_points_rule` (`rule_id`),
  ADD KEY `discuss_points_published` (`published`);

--
-- Индексы таблицы `bnduv_discuss_polls`
--
ALTER TABLE `bnduv_discuss_polls`
  ADD PRIMARY KEY (`id`),
  ADD KEY `post_id` (`post_id`);

--
-- Индексы таблицы `bnduv_discuss_polls_users`
--
ALTER TABLE `bnduv_discuss_polls_users`
  ADD PRIMARY KEY (`id`),
  ADD KEY `poll_id` (`poll_id`,`user_id`);

--
-- Индексы таблицы `bnduv_discuss_posts`
--
ALTER TABLE `bnduv_discuss_posts`
  ADD PRIMARY KEY (`id`),
  ADD KEY `discuss_post_published` (`published`),
  ADD KEY `discuss_post_user_id` (`user_id`),
  ADD KEY `discuss_post_vote` (`vote`),
  ADD KEY `discuss_post_parentid` (`parent_id`),
  ADD KEY `discuss_post_isreport` (`isreport`),
  ADD KEY `discuss_post_answered` (`answered`),
  ADD KEY `discuss_post_category` (`category_id`),
  ADD KEY `discuss_post_query1` (`published`,`parent_id`,`answered`,`id`),
  ADD KEY `discuss_post_query2` (`published`,`parent_id`,`answered`,`replied`),
  ADD KEY `discuss_post_query3` (`published`,`parent_id`,`category_id`,`created`),
  ADD KEY `discuss_post_query4` (`published`,`parent_id`,`category_id`,`id`),
  ADD KEY `discuss_post_query5` (`published`,`parent_id`,`created`),
  ADD KEY `discuss_post_query6` (`published`,`parent_id`,`id`),
  ADD FULLTEXT KEY `discuss_post_titlecontent` (`title`,`content`);

--
-- Индексы таблицы `bnduv_discuss_posts_references`
--
ALTER TABLE `bnduv_discuss_posts_references`
  ADD PRIMARY KEY (`id`),
  ADD KEY `post_id` (`post_id`,`reference_id`);

--
-- Индексы таблицы `bnduv_discuss_posts_tags`
--
ALTER TABLE `bnduv_discuss_posts_tags`
  ADD PRIMARY KEY (`id`),
  ADD KEY `discuss_posts_tags_tagid` (`tag_id`),
  ADD KEY `discuss_posts_tags_postid` (`post_id`);

--
-- Индексы таблицы `bnduv_discuss_ranks`
--
ALTER TABLE `bnduv_discuss_ranks`
  ADD PRIMARY KEY (`id`),
  ADD KEY `discuss_ranks_range` (`start`,`end`);

--
-- Индексы таблицы `bnduv_discuss_ranks_users`
--
ALTER TABLE `bnduv_discuss_ranks_users`
  ADD PRIMARY KEY (`id`),
  ADD KEY `ranks_users` (`rank_id`,`user_id`),
  ADD KEY `ranks_id` (`rank_id`),
  ADD KEY `ranks_userid` (`user_id`);

--
-- Индексы таблицы `bnduv_discuss_reports`
--
ALTER TABLE `bnduv_discuss_reports`
  ADD PRIMARY KEY (`id`),
  ADD KEY `discuss_reports_post` (`post_id`);

--
-- Индексы таблицы `bnduv_discuss_rules`
--
ALTER TABLE `bnduv_discuss_rules`
  ADD PRIMARY KEY (`id`),
  ADD KEY `discuss_rules_command` (`command`(255));

--
-- Индексы таблицы `bnduv_discuss_subscription`
--
ALTER TABLE `bnduv_discuss_subscription`
  ADD PRIMARY KEY (`id`);

--
-- Индексы таблицы `bnduv_discuss_tags`
--
ALTER TABLE `bnduv_discuss_tags`
  ADD PRIMARY KEY (`id`),
  ADD KEY `discuss_tags_alias` (`alias`),
  ADD KEY `discuss_tags_user_id` (`user_id`),
  ADD KEY `discuss_tags_published` (`published`),
  ADD KEY `discuss_tags_query1` (`published`,`id`),
  ADD FULLTEXT KEY `discuss_tags_title` (`title`);

--
-- Индексы таблицы `bnduv_discuss_users`
--
ALTER TABLE `bnduv_discuss_users`
  ADD PRIMARY KEY (`id`),
  ADD KEY `discuss_users_alias` (`alias`);

--
-- Индексы таблицы `bnduv_discuss_users_history`
--
ALTER TABLE `bnduv_discuss_users_history`
  ADD PRIMARY KEY (`id`),
  ADD KEY `user_id` (`user_id`);

--
-- Индексы таблицы `bnduv_discuss_views`
--
ALTER TABLE `bnduv_discuss_views`
  ADD PRIMARY KEY (`id`),
  ADD UNIQUE KEY `user_id` (`user_id`),
  ADD KEY `hash` (`hash`);

--
-- Индексы таблицы `bnduv_discuss_votes`
--
ALTER TABLE `bnduv_discuss_votes`
  ADD PRIMARY KEY (`id`),
  ADD KEY `discuss_user_post` (`user_id`,`post_id`),
  ADD KEY `discuss_post_id` (`post_id`),
  ADD KEY `discuss_user_id` (`user_id`);

--
-- Индексы таблицы `bnduv_extensions`
--
ALTER TABLE `bnduv_extensions`
  ADD PRIMARY KEY (`extension_id`),
  ADD KEY `element_clientid` (`element`,`client_id`),
  ADD KEY `element_folder_clientid` (`element`,`folder`,`client_id`),
  ADD KEY `extension` (`type`,`element`,`folder`,`client_id`);

--
-- Индексы таблицы `bnduv_finder_filters`
--
ALTER TABLE `bnduv_finder_filters`
  ADD PRIMARY KEY (`filter_id`);

--
-- Индексы таблицы `bnduv_finder_links`
--
ALTER TABLE `bnduv_finder_links`
  ADD PRIMARY KEY (`link_id`),
  ADD KEY `idx_type` (`type_id`),
  ADD KEY `idx_title` (`title`),
  ADD KEY `idx_md5` (`md5sum`),
  ADD KEY `idx_url` (`url`(75)),
  ADD KEY `idx_published_list` (`published`,`state`,`access`,`publish_start_date`,`publish_end_date`,`list_price`),
  ADD KEY `idx_published_sale` (`published`,`state`,`access`,`publish_start_date`,`publish_end_date`,`sale_price`);

--
-- Индексы таблицы `bnduv_finder_links_terms0`
--
ALTER TABLE `bnduv_finder_links_terms0`
  ADD PRIMARY KEY (`link_id`,`term_id`),
  ADD KEY `idx_term_weight` (`term_id`,`weight`),
  ADD KEY `idx_link_term_weight` (`link_id`,`term_id`,`weight`);

--
-- Индексы таблицы `bnduv_finder_links_terms1`
--
ALTER TABLE `bnduv_finder_links_terms1`
  ADD PRIMARY KEY (`link_id`,`term_id`),
  ADD KEY `idx_term_weight` (`term_id`,`weight`),
  ADD KEY `idx_link_term_weight` (`link_id`,`term_id`,`weight`);

--
-- Индексы таблицы `bnduv_finder_links_terms2`
--
ALTER TABLE `bnduv_finder_links_terms2`
  ADD PRIMARY KEY (`link_id`,`term_id`),
  ADD KEY `idx_term_weight` (`term_id`,`weight`),
  ADD KEY `idx_link_term_weight` (`link_id`,`term_id`,`weight`);

--
-- Индексы таблицы `bnduv_finder_links_terms3`
--
ALTER TABLE `bnduv_finder_links_terms3`
  ADD PRIMARY KEY (`link_id`,`term_id`),
  ADD KEY `idx_term_weight` (`term_id`,`weight`),
  ADD KEY `idx_link_term_weight` (`link_id`,`term_id`,`weight`);

--
-- Индексы таблицы `bnduv_finder_links_terms4`
--
ALTER TABLE `bnduv_finder_links_terms4`
  ADD PRIMARY KEY (`link_id`,`term_id`),
  ADD KEY `idx_term_weight` (`term_id`,`weight`),
  ADD KEY `idx_link_term_weight` (`link_id`,`term_id`,`weight`);

--
-- Индексы таблицы `bnduv_finder_links_terms5`
--
ALTER TABLE `bnduv_finder_links_terms5`
  ADD PRIMARY KEY (`link_id`,`term_id`),
  ADD KEY `idx_term_weight` (`term_id`,`weight`),
  ADD KEY `idx_link_term_weight` (`link_id`,`term_id`,`weight`);

--
-- Индексы таблицы `bnduv_finder_links_terms6`
--
ALTER TABLE `bnduv_finder_links_terms6`
  ADD PRIMARY KEY (`link_id`,`term_id`),
  ADD KEY `idx_term_weight` (`term_id`,`weight`),
  ADD KEY `idx_link_term_weight` (`link_id`,`term_id`,`weight`);

--
-- Индексы таблицы `bnduv_finder_links_terms7`
--
ALTER TABLE `bnduv_finder_links_terms7`
  ADD PRIMARY KEY (`link_id`,`term_id`),
  ADD KEY `idx_term_weight` (`term_id`,`weight`),
  ADD KEY `idx_link_term_weight` (`link_id`,`term_id`,`weight`);

--
-- Индексы таблицы `bnduv_finder_links_terms8`
--
ALTER TABLE `bnduv_finder_links_terms8`
  ADD PRIMARY KEY (`link_id`,`term_id`),
  ADD KEY `idx_term_weight` (`term_id`,`weight`),
  ADD KEY `idx_link_term_weight` (`link_id`,`term_id`,`weight`);

--
-- Индексы таблицы `bnduv_finder_links_terms9`
--
ALTER TABLE `bnduv_finder_links_terms9`
  ADD PRIMARY KEY (`link_id`,`term_id`),
  ADD KEY `idx_term_weight` (`term_id`,`weight`),
  ADD KEY `idx_link_term_weight` (`link_id`,`term_id`,`weight`);

--
-- Индексы таблицы `bnduv_finder_links_termsa`
--
ALTER TABLE `bnduv_finder_links_termsa`
  ADD PRIMARY KEY (`link_id`,`term_id`),
  ADD KEY `idx_term_weight` (`term_id`,`weight`),
  ADD KEY `idx_link_term_weight` (`link_id`,`term_id`,`weight`);

--
-- Индексы таблицы `bnduv_finder_links_termsb`
--
ALTER TABLE `bnduv_finder_links_termsb`
  ADD PRIMARY KEY (`link_id`,`term_id`),
  ADD KEY `idx_term_weight` (`term_id`,`weight`),
  ADD KEY `idx_link_term_weight` (`link_id`,`term_id`,`weight`);

--
-- Индексы таблицы `bnduv_finder_links_termsc`
--
ALTER TABLE `bnduv_finder_links_termsc`
  ADD PRIMARY KEY (`link_id`,`term_id`),
  ADD KEY `idx_term_weight` (`term_id`,`weight`),
  ADD KEY `idx_link_term_weight` (`link_id`,`term_id`,`weight`);

--
-- Индексы таблицы `bnduv_finder_links_termsd`
--
ALTER TABLE `bnduv_finder_links_termsd`
  ADD PRIMARY KEY (`link_id`,`term_id`),
  ADD KEY `idx_term_weight` (`term_id`,`weight`),
  ADD KEY `idx_link_term_weight` (`link_id`,`term_id`,`weight`);

--
-- Индексы таблицы `bnduv_finder_links_termse`
--
ALTER TABLE `bnduv_finder_links_termse`
  ADD PRIMARY KEY (`link_id`,`term_id`),
  ADD KEY `idx_term_weight` (`term_id`,`weight`),
  ADD KEY `idx_link_term_weight` (`link_id`,`term_id`,`weight`);

--
-- Индексы таблицы `bnduv_finder_links_termsf`
--
ALTER TABLE `bnduv_finder_links_termsf`
  ADD PRIMARY KEY (`link_id`,`term_id`),
  ADD KEY `idx_term_weight` (`term_id`,`weight`),
  ADD KEY `idx_link_term_weight` (`link_id`,`term_id`,`weight`);

--
-- Индексы таблицы `bnduv_finder_taxonomy`
--
ALTER TABLE `bnduv_finder_taxonomy`
  ADD PRIMARY KEY (`id`),
  ADD KEY `parent_id` (`parent_id`),
  ADD KEY `state` (`state`),
  ADD KEY `ordering` (`ordering`),
  ADD KEY `access` (`access`),
  ADD KEY `idx_parent_published` (`parent_id`,`state`,`access`);

--
-- Индексы таблицы `bnduv_finder_taxonomy_map`
--
ALTER TABLE `bnduv_finder_taxonomy_map`
  ADD PRIMARY KEY (`link_id`,`node_id`),
  ADD KEY `link_id` (`link_id`),
  ADD KEY `node_id` (`node_id`);

--
-- Индексы таблицы `bnduv_finder_terms`
--
ALTER TABLE `bnduv_finder_terms`
  ADD PRIMARY KEY (`term_id`),
  ADD UNIQUE KEY `idx_term` (`term`),
  ADD KEY `idx_term_phrase` (`term`,`phrase`),
  ADD KEY `idx_stem_phrase` (`stem`,`phrase`),
  ADD KEY `idx_soundex_phrase` (`soundex`,`phrase`);

--
-- Индексы таблицы `bnduv_finder_terms_common`
--
ALTER TABLE `bnduv_finder_terms_common`
  ADD KEY `idx_word_lang` (`term`,`language`),
  ADD KEY `idx_lang` (`language`);

--
-- Индексы таблицы `bnduv_finder_tokens`
--
ALTER TABLE `bnduv_finder_tokens`
  ADD KEY `idx_word` (`term`),
  ADD KEY `idx_context` (`context`);

--
-- Индексы таблицы `bnduv_finder_tokens_aggregate`
--
ALTER TABLE `bnduv_finder_tokens_aggregate`
  ADD KEY `token` (`term`),
  ADD KEY `keyword_id` (`term_id`);

--
-- Индексы таблицы `bnduv_finder_types`
--
ALTER TABLE `bnduv_finder_types`
  ADD PRIMARY KEY (`id`),
  ADD UNIQUE KEY `title` (`title`);

--
-- Индексы таблицы `bnduv_k2store_address`
--
ALTER TABLE `bnduv_k2store_address`
  ADD PRIMARY KEY (`id`);

--
-- Индексы таблицы `bnduv_k2store_countries`
--
ALTER TABLE `bnduv_k2store_countries`
  ADD PRIMARY KEY (`country_id`);

--
-- Индексы таблицы `bnduv_k2store_coupons`
--
ALTER TABLE `bnduv_k2store_coupons`
  ADD PRIMARY KEY (`coupon_id`);

--
-- Индексы таблицы `bnduv_k2store_currency`
--
ALTER TABLE `bnduv_k2store_currency`
  ADD PRIMARY KEY (`currency_id`);

--
-- Индексы таблицы `bnduv_k2store_field`
--
ALTER TABLE `bnduv_k2store_field`
  ADD PRIMARY KEY (`field_id`),
  ADD UNIQUE KEY `field_namekey` (`field_namekey`);

--
-- Индексы таблицы `bnduv_k2store_geozonerules`
--
ALTER TABLE `bnduv_k2store_geozonerules`
  ADD PRIMARY KEY (`geozonerule_id`);

--
-- Индексы таблицы `bnduv_k2store_geozones`
--
ALTER TABLE `bnduv_k2store_geozones`
  ADD PRIMARY KEY (`geozone_id`);

--
-- Индексы таблицы `bnduv_k2store_lengths`
--
ALTER TABLE `bnduv_k2store_lengths`
  ADD PRIMARY KEY (`length_class_id`);

--
-- Индексы таблицы `bnduv_k2store_mycart`
--
ALTER TABLE `bnduv_k2store_mycart`
  ADD PRIMARY KEY (`cart_id`),
  ADD KEY `idx_user_product` (`user_id`,`product_id`);

--
-- Индексы таблицы `bnduv_k2store_options`
--
ALTER TABLE `bnduv_k2store_options`
  ADD PRIMARY KEY (`option_id`);

--
-- Индексы таблицы `bnduv_k2store_optionvalues`
--
ALTER TABLE `bnduv_k2store_optionvalues`
  ADD PRIMARY KEY (`optionvalue_id`);

--
-- Индексы таблицы `bnduv_k2store_orderinfo`
--
ALTER TABLE `bnduv_k2store_orderinfo`
  ADD PRIMARY KEY (`orderinfo_id`),
  ADD KEY `idx_orderinfo_order_id` (`order_id`);

--
-- Индексы таблицы `bnduv_k2store_orderitemattributes`
--
ALTER TABLE `bnduv_k2store_orderitemattributes`
  ADD PRIMARY KEY (`orderitemattribute_id`),
  ADD KEY `productattribute_id` (`productattributeoption_id`);

--
-- Индексы таблицы `bnduv_k2store_orderitems`
--
ALTER TABLE `bnduv_k2store_orderitems`
  ADD PRIMARY KEY (`orderitem_id`),
  ADD KEY `idx_order_item_order_id` (`order_id`);

--
-- Индексы таблицы `bnduv_k2store_orders`
--
ALTER TABLE `bnduv_k2store_orders`
  ADD PRIMARY KEY (`id`);

--
-- Индексы таблицы `bnduv_k2store_ordershippings`
--
ALTER TABLE `bnduv_k2store_ordershippings`
  ADD PRIMARY KEY (`ordershipping_id`),
  ADD KEY `idx_order_shipping_order_id` (`order_id`),
  ADD KEY `fk_Orders_OrderShipping` (`order_id`);

--
-- Индексы таблицы `bnduv_k2store_orderstatuses`
--
ALTER TABLE `bnduv_k2store_orderstatuses`
  ADD PRIMARY KEY (`orderstatus_id`);

--
-- Индексы таблицы `bnduv_k2store_order_coupons`
--
ALTER TABLE `bnduv_k2store_order_coupons`
  ADD PRIMARY KEY (`order_coupon_id`);

--
-- Индексы таблицы `bnduv_k2store_productattributeoptions`
--
ALTER TABLE `bnduv_k2store_productattributeoptions`
  ADD PRIMARY KEY (`productattributeoption_id`),
  ADD KEY `productattribute_id` (`productattribute_id`);

--
-- Индексы таблицы `bnduv_k2store_productattributes`
--
ALTER TABLE `bnduv_k2store_productattributes`
  ADD PRIMARY KEY (`productattribute_id`),
  ADD KEY `product_id` (`product_id`);

--
-- Индексы таблицы `bnduv_k2store_productprices`
--
ALTER TABLE `bnduv_k2store_productprices`
  ADD PRIMARY KEY (`productprice_id`);

--
-- Индексы таблицы `bnduv_k2store_productquantities`
--
ALTER TABLE `bnduv_k2store_productquantities`
  ADD PRIMARY KEY (`productquantity_id`),
  ADD KEY `product_id` (`product_id`);

--
-- Индексы таблицы `bnduv_k2store_products`
--
ALTER TABLE `bnduv_k2store_products`
  ADD PRIMARY KEY (`p_id`),
  ADD KEY `product_id` (`product_id`);

--
-- Индексы таблицы `bnduv_k2store_product_options`
--
ALTER TABLE `bnduv_k2store_product_options`
  ADD PRIMARY KEY (`product_option_id`);

--
-- Индексы таблицы `bnduv_k2store_product_optionvalues`
--
ALTER TABLE `bnduv_k2store_product_optionvalues`
  ADD PRIMARY KEY (`product_optionvalue_id`);

--
-- Индексы таблицы `bnduv_k2store_shippingmethods`
--
ALTER TABLE `bnduv_k2store_shippingmethods`
  ADD PRIMARY KEY (`id`);

--
-- Индексы таблицы `bnduv_k2store_shippingrates`
--
ALTER TABLE `bnduv_k2store_shippingrates`
  ADD PRIMARY KEY (`shipping_rate_id`);

--
-- Индексы таблицы `bnduv_k2store_storeprofiles`
--
ALTER TABLE `bnduv_k2store_storeprofiles`
  ADD PRIMARY KEY (`store_id`);

--
-- Индексы таблицы `bnduv_k2store_taxprofiles`
--
ALTER TABLE `bnduv_k2store_taxprofiles`
  ADD PRIMARY KEY (`taxprofile_id`);

--
-- Индексы таблицы `bnduv_k2store_taxrates`
--
ALTER TABLE `bnduv_k2store_taxrates`
  ADD PRIMARY KEY (`taxrate_id`);

--
-- Индексы таблицы `bnduv_k2store_taxrules`
--
ALTER TABLE `bnduv_k2store_taxrules`
  ADD PRIMARY KEY (`taxrule_id`);

--
-- Индексы таблицы `bnduv_k2store_weights`
--
ALTER TABLE `bnduv_k2store_weights`
  ADD PRIMARY KEY (`weight_class_id`);

--
-- Индексы таблицы `bnduv_k2store_zones`
--
ALTER TABLE `bnduv_k2store_zones`
  ADD PRIMARY KEY (`zone_id`);

--
-- Индексы таблицы `bnduv_k2_attachments`
--
ALTER TABLE `bnduv_k2_attachments`
  ADD PRIMARY KEY (`id`),
  ADD KEY `itemID` (`itemID`);

--
-- Индексы таблицы `bnduv_k2_categories`
--
ALTER TABLE `bnduv_k2_categories`
  ADD PRIMARY KEY (`id`),
  ADD KEY `category` (`published`,`access`,`trash`),
  ADD KEY `parent` (`parent`),
  ADD KEY `ordering` (`ordering`),
  ADD KEY `published` (`published`),
  ADD KEY `access` (`access`),
  ADD KEY `trash` (`trash`),
  ADD KEY `language` (`language`);

--
-- Индексы таблицы `bnduv_k2_comments`
--
ALTER TABLE `bnduv_k2_comments`
  ADD PRIMARY KEY (`id`),
  ADD KEY `itemID` (`itemID`),
  ADD KEY `userID` (`userID`),
  ADD KEY `published` (`published`),
  ADD KEY `latestComments` (`published`,`commentDate`);

--
-- Индексы таблицы `bnduv_k2_extra_fields`
--
ALTER TABLE `bnduv_k2_extra_fields`
  ADD PRIMARY KEY (`id`),
  ADD KEY `group` (`group`),
  ADD KEY `published` (`published`),
  ADD KEY `ordering` (`ordering`);

--
-- Индексы таблицы `bnduv_k2_extra_fields_groups`
--
ALTER TABLE `bnduv_k2_extra_fields_groups`
  ADD PRIMARY KEY (`id`);

--
-- Индексы таблицы `bnduv_k2_items`
--
ALTER TABLE `bnduv_k2_items`
  ADD PRIMARY KEY (`id`),
  ADD KEY `item` (`published`,`publish_up`,`publish_down`,`trash`,`access`),
  ADD KEY `catid` (`catid`),
  ADD KEY `created_by` (`created_by`),
  ADD KEY `ordering` (`ordering`),
  ADD KEY `featured` (`featured`),
  ADD KEY `featured_ordering` (`featured_ordering`),
  ADD KEY `hits` (`hits`),
  ADD KEY `created` (`created`),
  ADD KEY `language` (`language`),
  ADD FULLTEXT KEY `search` (`title`,`introtext`,`fulltext`,`extra_fields_search`,`image_caption`,`image_credits`,`video_caption`,`video_credits`,`metadesc`,`metakey`);
ALTER TABLE `bnduv_k2_items`
  ADD FULLTEXT KEY `title` (`title`);

--
-- Индексы таблицы `bnduv_k2_rating`
--
ALTER TABLE `bnduv_k2_rating`
  ADD PRIMARY KEY (`itemID`);

--
-- Индексы таблицы `bnduv_k2_tags`
--
ALTER TABLE `bnduv_k2_tags`
  ADD PRIMARY KEY (`id`),
  ADD KEY `published` (`published`),
  ADD FULLTEXT KEY `name` (`name`);

--
-- Индексы таблицы `bnduv_k2_tags_xref`
--
ALTER TABLE `bnduv_k2_tags_xref`
  ADD PRIMARY KEY (`id`),
  ADD KEY `tagID` (`tagID`),
  ADD KEY `itemID` (`itemID`);

--
-- Индексы таблицы `bnduv_k2_users`
--
ALTER TABLE `bnduv_k2_users`
  ADD PRIMARY KEY (`id`),
  ADD KEY `userID` (`userID`),
  ADD KEY `group` (`group`);

--
-- Индексы таблицы `bnduv_k2_user_groups`
--
ALTER TABLE `bnduv_k2_user_groups`
  ADD PRIMARY KEY (`id`);

--
-- Индексы таблицы `bnduv_languages`
--
ALTER TABLE `bnduv_languages`
  ADD PRIMARY KEY (`lang_id`),
  ADD UNIQUE KEY `idx_sef` (`sef`),
  ADD UNIQUE KEY `idx_image` (`image`),
  ADD UNIQUE KEY `idx_langcode` (`lang_code`),
  ADD KEY `idx_ordering` (`ordering`),
  ADD KEY `idx_access` (`access`);

--
-- Индексы таблицы `bnduv_menu`
--
ALTER TABLE `bnduv_menu`
  ADD PRIMARY KEY (`id`),
  ADD UNIQUE KEY `idx_client_id_parent_id_alias_language` (`client_id`,`parent_id`,`alias`,`language`),
  ADD KEY `idx_componentid` (`component_id`,`menutype`,`published`,`access`),
  ADD KEY `idx_menutype` (`menutype`),
  ADD KEY `idx_left_right` (`lft`,`rgt`),
  ADD KEY `idx_alias` (`alias`),
  ADD KEY `idx_path` (`path`(333)),
  ADD KEY `idx_language` (`language`);

--
-- Индексы таблицы `bnduv_menu_types`
--
ALTER TABLE `bnduv_menu_types`
  ADD PRIMARY KEY (`id`),
  ADD UNIQUE KEY `idx_menutype` (`menutype`);

--
-- Индексы таблицы `bnduv_messages`
--
ALTER TABLE `bnduv_messages`
  ADD PRIMARY KEY (`message_id`),
  ADD KEY `useridto_state` (`user_id_to`,`state`);

--
-- Индексы таблицы `bnduv_messages_cfg`
--
ALTER TABLE `bnduv_messages_cfg`
  ADD UNIQUE KEY `idx_user_var_name` (`user_id`,`cfg_name`);

--
-- Индексы таблицы `bnduv_modules`
--
ALTER TABLE `bnduv_modules`
  ADD PRIMARY KEY (`id`),
  ADD KEY `published` (`published`,`access`),
  ADD KEY `newsfeeds` (`module`,`published`),
  ADD KEY `idx_language` (`language`);

--
-- Индексы таблицы `bnduv_modules_menu`
--
ALTER TABLE `bnduv_modules_menu`
  ADD PRIMARY KEY (`moduleid`,`menuid`);

--
-- Индексы таблицы `bnduv_newsfeeds`
--
ALTER TABLE `bnduv_newsfeeds`
  ADD PRIMARY KEY (`id`),
  ADD KEY `idx_access` (`access`),
  ADD KEY `idx_checkout` (`checked_out`),
  ADD KEY `idx_state` (`published`),
  ADD KEY `idx_catid` (`catid`),
  ADD KEY `idx_createdby` (`created_by`),
  ADD KEY `idx_language` (`language`),
  ADD KEY `idx_xreference` (`xreference`);

--
-- Индексы таблицы `bnduv_overrider`
--
ALTER TABLE `bnduv_overrider`
  ADD PRIMARY KEY (`id`);

--
-- Индексы таблицы `bnduv_redirect_links`
--
ALTER TABLE `bnduv_redirect_links`
  ADD PRIMARY KEY (`id`),
  ADD UNIQUE KEY `idx_link_old` (`old_url`),
  ADD KEY `idx_link_modifed` (`modified_date`);

--
-- Индексы таблицы `bnduv_schemas`
--
ALTER TABLE `bnduv_schemas`
  ADD PRIMARY KEY (`extension_id`,`version_id`);

--
-- Индексы таблицы `bnduv_session`
--
ALTER TABLE `bnduv_session`
  ADD PRIMARY KEY (`session_id`),
  ADD KEY `whosonline` (`guest`,`usertype`),
  ADD KEY `userid` (`userid`),
  ADD KEY `time` (`time`);

--
-- Индексы таблицы `bnduv_template_styles`
--
ALTER TABLE `bnduv_template_styles`
  ADD PRIMARY KEY (`id`),
  ADD KEY `idx_template` (`template`),
  ADD KEY `idx_home` (`home`);

--
-- Индексы таблицы `bnduv_updates`
--
ALTER TABLE `bnduv_updates`
  ADD PRIMARY KEY (`update_id`);

--
-- Индексы таблицы `bnduv_update_categories`
--
ALTER TABLE `bnduv_update_categories`
  ADD PRIMARY KEY (`categoryid`);

--
-- Индексы таблицы `bnduv_update_sites`
--
ALTER TABLE `bnduv_update_sites`
  ADD PRIMARY KEY (`update_site_id`);

--
-- Индексы таблицы `bnduv_update_sites_extensions`
--
ALTER TABLE `bnduv_update_sites_extensions`
  ADD PRIMARY KEY (`update_site_id`,`extension_id`);

--
-- Индексы таблицы `bnduv_usergroups`
--
ALTER TABLE `bnduv_usergroups`
  ADD PRIMARY KEY (`id`),
  ADD UNIQUE KEY `idx_usergroup_parent_title_lookup` (`parent_id`,`title`),
  ADD KEY `idx_usergroup_title_lookup` (`title`),
  ADD KEY `idx_usergroup_adjacency_lookup` (`parent_id`),
  ADD KEY `idx_usergroup_nested_set_lookup` (`lft`,`rgt`);

--
-- Индексы таблицы `bnduv_users`
--
ALTER TABLE `bnduv_users`
  ADD PRIMARY KEY (`id`),
  ADD KEY `usertype` (`usertype`),
  ADD KEY `idx_name` (`name`),
  ADD KEY `idx_block` (`block`),
  ADD KEY `username` (`username`),
  ADD KEY `email` (`email`);

--
-- Индексы таблицы `bnduv_user_notes`
--
ALTER TABLE `bnduv_user_notes`
  ADD PRIMARY KEY (`id`),
  ADD KEY `idx_user_id` (`user_id`),
  ADD KEY `idx_category_id` (`catid`);

--
-- Индексы таблицы `bnduv_user_profiles`
--
ALTER TABLE `bnduv_user_profiles`
  ADD UNIQUE KEY `idx_user_id_profile_key` (`user_id`,`profile_key`);

--
-- Индексы таблицы `bnduv_user_usergroup_map`
--
ALTER TABLE `bnduv_user_usergroup_map`
  ADD PRIMARY KEY (`user_id`,`group_id`);

--
-- Индексы таблицы `bnduv_viewlevels`
--
ALTER TABLE `bnduv_viewlevels`
  ADD PRIMARY KEY (`id`),
  ADD UNIQUE KEY `idx_assetgroup_title_lookup` (`title`);

--
-- Индексы таблицы `bnduv_virtuemart_adminmenuentries`
--
ALTER TABLE `bnduv_virtuemart_adminmenuentries`
  ADD PRIMARY KEY (`id`),
  ADD KEY `module_id` (`module_id`),
  ADD KEY `published` (`published`),
  ADD KEY `ordering` (`ordering`);

--
-- Индексы таблицы `bnduv_virtuemart_calcs`
--
ALTER TABLE `bnduv_virtuemart_calcs`
  ADD PRIMARY KEY (`virtuemart_calc_id`),
  ADD KEY `i_virtuemart_vendor_id` (`virtuemart_vendor_id`),
  ADD KEY `i_published` (`published`),
  ADD KEY `idx_calc_kind` (`calc_kind`),
  ADD KEY `i_shared` (`shared`);

--
-- Индексы таблицы `bnduv_virtuemart_calc_categories`
--
ALTER TABLE `bnduv_virtuemart_calc_categories`
  ADD PRIMARY KEY (`id`),
  ADD UNIQUE KEY `i_virtuemart_calc_id` (`virtuemart_calc_id`,`virtuemart_category_id`);

--
-- Индексы таблицы `bnduv_virtuemart_calc_countries`
--
ALTER TABLE `bnduv_virtuemart_calc_countries`
  ADD PRIMARY KEY (`id`),
  ADD UNIQUE KEY `i_virtuemart_calc_id` (`virtuemart_calc_id`,`virtuemart_country_id`);

--
-- Индексы таблицы `bnduv_virtuemart_calc_manufacturers`
--
ALTER TABLE `bnduv_virtuemart_calc_manufacturers`
  ADD PRIMARY KEY (`id`),
  ADD UNIQUE KEY `i_virtuemart_calc_id` (`virtuemart_calc_id`,`virtuemart_manufacturer_id`);

--
-- Индексы таблицы `bnduv_virtuemart_calc_shoppergroups`
--
ALTER TABLE `bnduv_virtuemart_calc_shoppergroups`
  ADD PRIMARY KEY (`id`),
  ADD UNIQUE KEY `i_virtuemart_calc_id` (`virtuemart_calc_id`,`virtuemart_shoppergroup_id`);

--
-- Индексы таблицы `bnduv_virtuemart_calc_states`
--
ALTER TABLE `bnduv_virtuemart_calc_states`
  ADD PRIMARY KEY (`id`),
  ADD UNIQUE KEY `i_virtuemart_calc_id` (`virtuemart_calc_id`,`virtuemart_state_id`);

--
-- Индексы таблицы `bnduv_virtuemart_categories`
--
ALTER TABLE `bnduv_virtuemart_categories`
  ADD PRIMARY KEY (`virtuemart_category_id`),
  ADD KEY `idx_category_virtuemart_vendor_id` (`virtuemart_vendor_id`),
  ADD KEY `i_published` (`published`),
  ADD KEY `i_shared` (`shared`),
  ADD KEY `i_ordering` (`ordering`);

--
-- Индексы таблицы `bnduv_virtuemart_categories_en_gb`
--
ALTER TABLE `bnduv_virtuemart_categories_en_gb`
  ADD PRIMARY KEY (`virtuemart_category_id`),
  ADD UNIQUE KEY `slug` (`slug`);

--
-- Индексы таблицы `bnduv_virtuemart_categories_ru_ru`
--
ALTER TABLE `bnduv_virtuemart_categories_ru_ru`
  ADD PRIMARY KEY (`virtuemart_category_id`),
  ADD UNIQUE KEY `slug` (`slug`);

--
-- Индексы таблицы `bnduv_virtuemart_category_categories`
--
ALTER TABLE `bnduv_virtuemart_category_categories`
  ADD PRIMARY KEY (`id`),
  ADD UNIQUE KEY `i_category_parent_id` (`category_parent_id`,`category_child_id`),
  ADD KEY `ordering` (`ordering`),
  ADD KEY `category_child_id` (`category_child_id`);

--
-- Индексы таблицы `bnduv_virtuemart_category_medias`
--
ALTER TABLE `bnduv_virtuemart_category_medias`
  ADD PRIMARY KEY (`id`),
  ADD UNIQUE KEY `i_virtuemart_category_id` (`virtuemart_category_id`,`virtuemart_media_id`),
  ADD KEY `ordering` (`ordering`);

--
-- Индексы таблицы `bnduv_virtuemart_configs`
--
ALTER TABLE `bnduv_virtuemart_configs`
  ADD PRIMARY KEY (`virtuemart_config_id`);

--
-- Индексы таблицы `bnduv_virtuemart_countries`
--
ALTER TABLE `bnduv_virtuemart_countries`
  ADD PRIMARY KEY (`virtuemart_country_id`),
  ADD KEY `idx_country_3_code` (`country_3_code`),
  ADD KEY `idx_country_2_code` (`country_2_code`),
  ADD KEY `ordering` (`ordering`),
  ADD KEY `published` (`published`);

--
-- Индексы таблицы `bnduv_virtuemart_coupons`
--
ALTER TABLE `bnduv_virtuemart_coupons`
  ADD PRIMARY KEY (`virtuemart_coupon_id`),
  ADD KEY `idx_coupon_code` (`coupon_code`);

--
-- Индексы таблицы `bnduv_virtuemart_currencies`
--
ALTER TABLE `bnduv_virtuemart_currencies`
  ADD PRIMARY KEY (`virtuemart_currency_id`),
  ADD KEY `ordering` (`ordering`),
  ADD KEY `published` (`published`),
  ADD KEY `shared` (`shared`),
  ADD KEY `virtuemart_vendor_id` (`virtuemart_vendor_id`),
  ADD KEY `idx_currency_code_3` (`currency_code_3`),
  ADD KEY `idx_currency_numeric_code` (`currency_numeric_code`);

--
-- Индексы таблицы `bnduv_virtuemart_customs`
--
ALTER TABLE `bnduv_virtuemart_customs`
  ADD PRIMARY KEY (`virtuemart_custom_id`),
  ADD KEY `i_custom_parent_id` (`custom_parent_id`),
  ADD KEY `i_virtuemart_vendor_id` (`virtuemart_vendor_id`),
  ADD KEY `idx_custom_element` (`custom_element`),
  ADD KEY `idx_field_type` (`field_type`),
  ADD KEY `i_is_cart_attribute` (`is_cart_attribute`),
  ADD KEY `i_shared` (`shared`),
  ADD KEY `i_published` (`published`),
  ADD KEY `i_ordering` (`ordering`);

--
-- Индексы таблицы `bnduv_virtuemart_invoices`
--
ALTER TABLE `bnduv_virtuemart_invoices`
  ADD PRIMARY KEY (`virtuemart_invoice_id`),
  ADD UNIQUE KEY `idx_invoice_number` (`invoice_number`,`virtuemart_vendor_id`),
  ADD KEY `idx_virtuemart_order_id` (`virtuemart_order_id`),
  ADD KEY `i_virtuemart_vendor_id` (`virtuemart_vendor_id`);

--
-- Индексы таблицы `bnduv_virtuemart_manufacturercategories`
--
ALTER TABLE `bnduv_virtuemart_manufacturercategories`
  ADD PRIMARY KEY (`virtuemart_manufacturercategories_id`),
  ADD KEY `published` (`published`);

--
-- Индексы таблицы `bnduv_virtuemart_manufacturercategories_en_gb`
--
ALTER TABLE `bnduv_virtuemart_manufacturercategories_en_gb`
  ADD PRIMARY KEY (`virtuemart_manufacturercategories_id`),
  ADD UNIQUE KEY `slug` (`slug`);

--
-- Индексы таблицы `bnduv_virtuemart_manufacturercategories_ru_ru`
--
ALTER TABLE `bnduv_virtuemart_manufacturercategories_ru_ru`
  ADD PRIMARY KEY (`virtuemart_manufacturercategories_id`),
  ADD UNIQUE KEY `slug` (`slug`);

--
-- Индексы таблицы `bnduv_virtuemart_manufacturers`
--
ALTER TABLE `bnduv_virtuemart_manufacturers`
  ADD PRIMARY KEY (`virtuemart_manufacturer_id`),
  ADD KEY `published` (`published`);

--
-- Индексы таблицы `bnduv_virtuemart_manufacturers_en_gb`
--
ALTER TABLE `bnduv_virtuemart_manufacturers_en_gb`
  ADD PRIMARY KEY (`virtuemart_manufacturer_id`),
  ADD UNIQUE KEY `slug` (`slug`);

--
-- Индексы таблицы `bnduv_virtuemart_manufacturers_ru_ru`
--
ALTER TABLE `bnduv_virtuemart_manufacturers_ru_ru`
  ADD PRIMARY KEY (`virtuemart_manufacturer_id`),
  ADD UNIQUE KEY `slug` (`slug`);

--
-- Индексы таблицы `bnduv_virtuemart_manufacturer_medias`
--
ALTER TABLE `bnduv_virtuemart_manufacturer_medias`
  ADD PRIMARY KEY (`id`),
  ADD UNIQUE KEY `i_virtuemart_manufacturer_id` (`virtuemart_manufacturer_id`,`virtuemart_media_id`),
  ADD KEY `ordering` (`ordering`);

--
-- Индексы таблицы `bnduv_virtuemart_medias`
--
ALTER TABLE `bnduv_virtuemart_medias`
  ADD PRIMARY KEY (`virtuemart_media_id`),
  ADD KEY `i_virtuemart_vendor_id` (`virtuemart_vendor_id`),
  ADD KEY `i_published` (`published`),
  ADD KEY `i_shared` (`shared`);

--
-- Индексы таблицы `bnduv_virtuemart_migration_oldtonew_ids`
--
ALTER TABLE `bnduv_virtuemart_migration_oldtonew_ids`
  ADD PRIMARY KEY (`id`);

--
-- Индексы таблицы `bnduv_virtuemart_modules`
--
ALTER TABLE `bnduv_virtuemart_modules`
  ADD PRIMARY KEY (`module_id`),
  ADD KEY `idx_module_name` (`module_name`),
  ADD KEY `idx_module_ordering` (`ordering`),
  ADD KEY `i_published` (`published`);

--
-- Индексы таблицы `bnduv_virtuemart_orders`
--
ALTER TABLE `bnduv_virtuemart_orders`
  ADD PRIMARY KEY (`virtuemart_order_id`),
  ADD KEY `idx_orders_virtuemart_user_id` (`virtuemart_user_id`),
  ADD KEY `idx_orders_virtuemart_vendor_id` (`virtuemart_vendor_id`),
  ADD KEY `idx_orders_order_number` (`order_number`),
  ADD KEY `idx_orders_virtuemart_paymentmethod_id` (`virtuemart_paymentmethod_id`),
  ADD KEY `idx_orders_virtuemart_shipmentmethod_id` (`virtuemart_shipmentmethod_id`);

--
-- Индексы таблицы `bnduv_virtuemart_orderstates`
--
ALTER TABLE `bnduv_virtuemart_orderstates`
  ADD PRIMARY KEY (`virtuemart_orderstate_id`),
  ADD KEY `idx_order_status_ordering` (`ordering`),
  ADD KEY `idx_order_status_virtuemart_vendor_id` (`virtuemart_vendor_id`),
  ADD KEY `i_published` (`published`);

--
-- Индексы таблицы `bnduv_virtuemart_order_calc_rules`
--
ALTER TABLE `bnduv_virtuemart_order_calc_rules`
  ADD PRIMARY KEY (`virtuemart_order_calc_rule_id`);

--
-- Индексы таблицы `bnduv_virtuemart_order_histories`
--
ALTER TABLE `bnduv_virtuemart_order_histories`
  ADD PRIMARY KEY (`virtuemart_order_history_id`);

--
-- Индексы таблицы `bnduv_virtuemart_order_items`
--
ALTER TABLE `bnduv_virtuemart_order_items`
  ADD PRIMARY KEY (`virtuemart_order_item_id`),
  ADD KEY `virtuemart_product_id` (`virtuemart_product_id`),
  ADD KEY `i_virtuemart_order_id` (`virtuemart_order_id`),
  ADD KEY `i_virtuemart_vendor_id` (`virtuemart_vendor_id`),
  ADD KEY `order_status` (`order_status`);

--
-- Индексы таблицы `bnduv_virtuemart_order_userinfos`
--
ALTER TABLE `bnduv_virtuemart_order_userinfos`
  ADD PRIMARY KEY (`virtuemart_order_userinfo_id`),
  ADD KEY `i_virtuemart_order_id` (`virtuemart_order_id`),
  ADD KEY `i_virtuemart_user_id` (`virtuemart_user_id`),
  ADD KEY `idx_address_type` (`address_type`);

--
-- Индексы таблицы `bnduv_virtuemart_paymentmethods`
--
ALTER TABLE `bnduv_virtuemart_paymentmethods`
  ADD PRIMARY KEY (`virtuemart_paymentmethod_id`),
  ADD KEY `idx_payment_jplugin_id` (`payment_jplugin_id`),
  ADD KEY `idx_payment_method_ordering` (`ordering`),
  ADD KEY `idx_payment_element` (`payment_element`,`virtuemart_vendor_id`);

--
-- Индексы таблицы `bnduv_virtuemart_paymentmethods_en_gb`
--
ALTER TABLE `bnduv_virtuemart_paymentmethods_en_gb`
  ADD PRIMARY KEY (`virtuemart_paymentmethod_id`),
  ADD UNIQUE KEY `slug` (`slug`);

--
-- Индексы таблицы `bnduv_virtuemart_paymentmethods_ru_ru`
--
ALTER TABLE `bnduv_virtuemart_paymentmethods_ru_ru`
  ADD PRIMARY KEY (`virtuemart_paymentmethod_id`),
  ADD UNIQUE KEY `slug` (`slug`);

--
-- Индексы таблицы `bnduv_virtuemart_paymentmethod_shoppergroups`
--
ALTER TABLE `bnduv_virtuemart_paymentmethod_shoppergroups`
  ADD PRIMARY KEY (`id`),
  ADD UNIQUE KEY `i_virtuemart_paymentmethod_id` (`virtuemart_paymentmethod_id`,`virtuemart_shoppergroup_id`);

--
-- Индексы таблицы `bnduv_virtuemart_payment_plg_standard`
--
ALTER TABLE `bnduv_virtuemart_payment_plg_standard`
  ADD PRIMARY KEY (`id`);

--
-- Индексы таблицы `bnduv_virtuemart_permgroups`
--
ALTER TABLE `bnduv_virtuemart_permgroups`
  ADD PRIMARY KEY (`virtuemart_permgroup_id`),
  ADD KEY `i_virtuemart_vendor_id` (`virtuemart_vendor_id`);

--
-- Индексы таблицы `bnduv_virtuemart_products`
--
ALTER TABLE `bnduv_virtuemart_products`
  ADD PRIMARY KEY (`virtuemart_product_id`),
  ADD KEY `idx_product_virtuemart_vendor_id` (`virtuemart_vendor_id`),
  ADD KEY `idx_product_product_parent_id` (`product_parent_id`),
  ADD KEY `i_product_special` (`product_special`),
  ADD KEY `i_published` (`published`),
  ADD KEY `i_pordering` (`pordering`);

--
-- Индексы таблицы `bnduv_virtuemart_products_en_gb`
--
ALTER TABLE `bnduv_virtuemart_products_en_gb`
  ADD PRIMARY KEY (`virtuemart_product_id`),
  ADD UNIQUE KEY `slug` (`slug`);

--
-- Индексы таблицы `bnduv_virtuemart_products_ru_ru`
--
ALTER TABLE `bnduv_virtuemart_products_ru_ru`
  ADD PRIMARY KEY (`virtuemart_product_id`),
  ADD UNIQUE KEY `slug` (`slug`);

--
-- Индексы таблицы `bnduv_virtuemart_product_categories`
--
ALTER TABLE `bnduv_virtuemart_product_categories`
  ADD PRIMARY KEY (`id`),
  ADD UNIQUE KEY `i_virtuemart_product_id` (`virtuemart_product_id`,`virtuemart_category_id`),
  ADD KEY `i_ordering` (`ordering`);

--
-- Индексы таблицы `bnduv_virtuemart_product_customfields`
--
ALTER TABLE `bnduv_virtuemart_product_customfields`
  ADD PRIMARY KEY (`virtuemart_customfield_id`),
  ADD KEY `idx_virtuemart_product_id` (`virtuemart_product_id`),
  ADD KEY `idx_virtuemart_custom_id` (`virtuemart_custom_id`),
  ADD KEY `idx_published` (`published`),
  ADD KEY `idx_ordering` (`ordering`);

--
-- Индексы таблицы `bnduv_virtuemart_product_manufacturers`
--
ALTER TABLE `bnduv_virtuemart_product_manufacturers`
  ADD PRIMARY KEY (`id`),
  ADD UNIQUE KEY `i_virtuemart_product_id` (`virtuemart_product_id`,`virtuemart_manufacturer_id`);

--
-- Индексы таблицы `bnduv_virtuemart_product_medias`
--
ALTER TABLE `bnduv_virtuemart_product_medias`
  ADD PRIMARY KEY (`id`),
  ADD UNIQUE KEY `i_virtuemart_product_id` (`virtuemart_product_id`,`virtuemart_media_id`),
  ADD KEY `i_ordering` (`ordering`);

--
-- Индексы таблицы `bnduv_virtuemart_product_prices`
--
ALTER TABLE `bnduv_virtuemart_product_prices`
  ADD PRIMARY KEY (`virtuemart_product_price_id`),
  ADD KEY `i_product_id` (`virtuemart_product_id`),
  ADD KEY `i_virtuemart_shoppergroup_id` (`virtuemart_shoppergroup_id`),
  ADD KEY `dx_product_price_publish_up` (`product_price_publish_up`),
  ADD KEY `dx_product_price_publish_down` (`product_price_publish_down`);

--
-- Индексы таблицы `bnduv_virtuemart_product_shoppergroups`
--
ALTER TABLE `bnduv_virtuemart_product_shoppergroups`
  ADD PRIMARY KEY (`id`),
  ADD UNIQUE KEY `i_virtuemart_product_id` (`virtuemart_product_id`,`virtuemart_shoppergroup_id`);

--
-- Индексы таблицы `bnduv_virtuemart_ratings`
--
ALTER TABLE `bnduv_virtuemart_ratings`
  ADD PRIMARY KEY (`virtuemart_rating_id`),
  ADD UNIQUE KEY `i_virtuemart_product_id` (`virtuemart_product_id`,`virtuemart_rating_id`),
  ADD KEY `i_published` (`published`);

--
-- Индексы таблицы `bnduv_virtuemart_rating_reviews`
--
ALTER TABLE `bnduv_virtuemart_rating_reviews`
  ADD PRIMARY KEY (`virtuemart_rating_review_id`),
  ADD UNIQUE KEY `i_virtuemart_product_id` (`virtuemart_product_id`,`created_by`),
  ADD KEY `i_published` (`published`);

--
-- Индексы таблицы `bnduv_virtuemart_rating_votes`
--
ALTER TABLE `bnduv_virtuemart_rating_votes`
  ADD PRIMARY KEY (`virtuemart_rating_vote_id`),
  ADD UNIQUE KEY `i_virtuemart_product_id` (`virtuemart_product_id`,`created_by`);

--
-- Индексы таблицы `bnduv_virtuemart_shipmentmethods`
--
ALTER TABLE `bnduv_virtuemart_shipmentmethods`
  ADD PRIMARY KEY (`virtuemart_shipmentmethod_id`),
  ADD KEY `idx_shipment_jplugin_id` (`shipment_jplugin_id`),
  ADD KEY `idx_shipment_method_ordering` (`ordering`),
  ADD KEY `idx_shipment_element` (`shipment_element`,`virtuemart_vendor_id`);

--
-- Индексы таблицы `bnduv_virtuemart_shipmentmethods_en_gb`
--
ALTER TABLE `bnduv_virtuemart_shipmentmethods_en_gb`
  ADD PRIMARY KEY (`virtuemart_shipmentmethod_id`),
  ADD UNIQUE KEY `slug` (`slug`);

--
-- Индексы таблицы `bnduv_virtuemart_shipmentmethods_ru_ru`
--
ALTER TABLE `bnduv_virtuemart_shipmentmethods_ru_ru`
  ADD PRIMARY KEY (`virtuemart_shipmentmethod_id`),
  ADD UNIQUE KEY `slug` (`slug`);

--
-- Индексы таблицы `bnduv_virtuemart_shipmentmethod_shoppergroups`
--
ALTER TABLE `bnduv_virtuemart_shipmentmethod_shoppergroups`
  ADD PRIMARY KEY (`id`),
  ADD UNIQUE KEY `i_virtuemart_shipmentmethod_id` (`virtuemart_shipmentmethod_id`,`virtuemart_shoppergroup_id`);

--
-- Индексы таблицы `bnduv_virtuemart_shipment_plg_weight_countries`
--
ALTER TABLE `bnduv_virtuemart_shipment_plg_weight_countries`
  ADD PRIMARY KEY (`id`);

--
-- Индексы таблицы `bnduv_virtuemart_shoppergroups`
--
ALTER TABLE `bnduv_virtuemart_shoppergroups`
  ADD PRIMARY KEY (`virtuemart_shoppergroup_id`),
  ADD KEY `idx_shopper_group_virtuemart_vendor_id` (`virtuemart_vendor_id`),
  ADD KEY `idx_shopper_group_name` (`shopper_group_name`),
  ADD KEY `i_ordering` (`ordering`),
  ADD KEY `i_shared` (`shared`),
  ADD KEY `i_published` (`published`);

--
-- Индексы таблицы `bnduv_virtuemart_states`
--
ALTER TABLE `bnduv_virtuemart_states`
  ADD PRIMARY KEY (`virtuemart_state_id`),
  ADD UNIQUE KEY `idx_state_3_code` (`virtuemart_vendor_id`,`virtuemart_country_id`,`state_3_code`),
  ADD UNIQUE KEY `idx_state_2_code` (`virtuemart_vendor_id`,`virtuemart_country_id`,`state_2_code`),
  ADD KEY `i_virtuemart_vendor_id` (`virtuemart_vendor_id`),
  ADD KEY `i_virtuemart_country_id` (`virtuemart_country_id`),
  ADD KEY `i_ordering` (`ordering`),
  ADD KEY `i_shared` (`shared`),
  ADD KEY `i_published` (`published`);

--
-- Индексы таблицы `bnduv_virtuemart_userfields`
--
ALTER TABLE `bnduv_virtuemart_userfields`
  ADD PRIMARY KEY (`virtuemart_userfield_id`),
  ADD KEY `i_virtuemart_vendor_id` (`virtuemart_vendor_id`),
  ADD KEY `i_ordering` (`ordering`),
  ADD KEY `i_shared` (`shared`),
  ADD KEY `i_published` (`published`),
  ADD KEY `i_account` (`account`),
  ADD KEY `i_shipment` (`shipment`);

--
-- Индексы таблицы `bnduv_virtuemart_userfield_values`
--
ALTER TABLE `bnduv_virtuemart_userfield_values`
  ADD PRIMARY KEY (`virtuemart_userfield_value_id`);

--
-- Индексы таблицы `bnduv_virtuemart_userinfos`
--
ALTER TABLE `bnduv_virtuemart_userinfos`
  ADD PRIMARY KEY (`virtuemart_userinfo_id`),
  ADD KEY `address_type` (`address_type`),
  ADD KEY `idx_userinfo_virtuemart_user_id` (`virtuemart_userinfo_id`,`virtuemart_user_id`);

--
-- Индексы таблицы `bnduv_virtuemart_vendors`
--
ALTER TABLE `bnduv_virtuemart_vendors`
  ADD PRIMARY KEY (`virtuemart_vendor_id`),
  ADD KEY `idx_vendor_name` (`vendor_name`);

--
-- Индексы таблицы `bnduv_virtuemart_vendors_en_gb`
--
ALTER TABLE `bnduv_virtuemart_vendors_en_gb`
  ADD PRIMARY KEY (`virtuemart_vendor_id`),
  ADD UNIQUE KEY `slug` (`slug`);

--
-- Индексы таблицы `bnduv_virtuemart_vendors_ru_ru`
--
ALTER TABLE `bnduv_virtuemart_vendors_ru_ru`
  ADD PRIMARY KEY (`virtuemart_vendor_id`),
  ADD UNIQUE KEY `slug` (`slug`);

--
-- Индексы таблицы `bnduv_virtuemart_vendor_medias`
--
ALTER TABLE `bnduv_virtuemart_vendor_medias`
  ADD PRIMARY KEY (`id`),
  ADD UNIQUE KEY `i_virtuemart_vendor_id` (`virtuemart_vendor_id`,`virtuemart_media_id`);

--
-- Индексы таблицы `bnduv_virtuemart_vmusers`
--
ALTER TABLE `bnduv_virtuemart_vmusers`
  ADD PRIMARY KEY (`virtuemart_user_id`),
  ADD UNIQUE KEY `i_virtuemart_user_id` (`virtuemart_user_id`,`virtuemart_vendor_id`),
  ADD KEY `i_virtuemart_vendor_id` (`virtuemart_vendor_id`),
  ADD KEY `i_user_is_vendor` (`user_is_vendor`);

--
-- Индексы таблицы `bnduv_virtuemart_vmuser_shoppergroups`
--
ALTER TABLE `bnduv_virtuemart_vmuser_shoppergroups`
  ADD PRIMARY KEY (`id`),
  ADD UNIQUE KEY `i_virtuemart_user_id` (`virtuemart_user_id`,`virtuemart_shoppergroup_id`);

--
-- Индексы таблицы `bnduv_virtuemart_waitingusers`
--
ALTER TABLE `bnduv_virtuemart_waitingusers`
  ADD PRIMARY KEY (`virtuemart_waitinguser_id`),
  ADD KEY `virtuemart_product_id` (`virtuemart_product_id`),
  ADD KEY `notify_email` (`notify_email`);

--
-- Индексы таблицы `bnduv_virtuemart_worldzones`
--
ALTER TABLE `bnduv_virtuemart_worldzones`
  ADD PRIMARY KEY (`virtuemart_worldzone_id`),
  ADD KEY `i_virtuemart_vendor_id` (`virtuemart_vendor_id`);

--
-- Индексы таблицы `bnduv_weblinks`
--
ALTER TABLE `bnduv_weblinks`
  ADD PRIMARY KEY (`id`),
  ADD KEY `idx_access` (`access`),
  ADD KEY `idx_checkout` (`checked_out`),
  ADD KEY `idx_state` (`state`),
  ADD KEY `idx_catid` (`catid`),
  ADD KEY `idx_createdby` (`created_by`),
  ADD KEY `idx_featured_catid` (`featured`,`catid`),
  ADD KEY `idx_language` (`language`),
  ADD KEY `idx_xreference` (`xreference`);

--
-- AUTO_INCREMENT для сохранённых таблиц
--

--
-- AUTO_INCREMENT для таблицы `bnduv_assets`
--
ALTER TABLE `bnduv_assets`
  MODIFY `id` int(10) unsigned NOT NULL AUTO_INCREMENT COMMENT 'Primary Key',AUTO_INCREMENT=153;
--
-- AUTO_INCREMENT для таблицы `bnduv_banners`
--
ALTER TABLE `bnduv_banners`
  MODIFY `id` int(11) NOT NULL AUTO_INCREMENT,AUTO_INCREMENT=8;
--
-- AUTO_INCREMENT для таблицы `bnduv_banner_clients`
--
ALTER TABLE `bnduv_banner_clients`
  MODIFY `id` int(11) NOT NULL AUTO_INCREMENT;
--
-- AUTO_INCREMENT для таблицы `bnduv_categories`
--
ALTER TABLE `bnduv_categories`
  MODIFY `id` int(11) NOT NULL AUTO_INCREMENT,AUTO_INCREMENT=36;
--
-- AUTO_INCREMENT для таблицы `bnduv_cf_customfields`
--
ALTER TABLE `bnduv_cf_customfields`
  MODIFY `id` int(11) NOT NULL AUTO_INCREMENT,AUTO_INCREMENT=13;
--
-- AUTO_INCREMENT для таблицы `bnduv_contact_details`
--
ALTER TABLE `bnduv_contact_details`
  MODIFY `id` int(11) NOT NULL AUTO_INCREMENT,AUTO_INCREMENT=3;
--
-- AUTO_INCREMENT для таблицы `bnduv_content`
--
ALTER TABLE `bnduv_content`
  MODIFY `id` int(10) unsigned NOT NULL AUTO_INCREMENT,AUTO_INCREMENT=69;
--
-- AUTO_INCREMENT для таблицы `bnduv_discuss_acl`
--
ALTER TABLE `bnduv_discuss_acl`
  MODIFY `id` bigint(20) unsigned NOT NULL AUTO_INCREMENT,AUTO_INCREMENT=12;
--
-- AUTO_INCREMENT для таблицы `bnduv_discuss_acl_group`
--
ALTER TABLE `bnduv_discuss_acl_group`
  MODIFY `id` bigint(20) unsigned NOT NULL AUTO_INCREMENT,AUTO_INCREMENT=89;
--
-- AUTO_INCREMENT для таблицы `bnduv_discuss_attachments`
--
ALTER TABLE `bnduv_discuss_attachments`
  MODIFY `id` int(11) NOT NULL AUTO_INCREMENT;
--
-- AUTO_INCREMENT для таблицы `bnduv_discuss_badges`
--
ALTER TABLE `bnduv_discuss_badges`
  MODIFY `id` bigint(20) NOT NULL AUTO_INCREMENT,AUTO_INCREMENT=12;
--
-- AUTO_INCREMENT для таблицы `bnduv_discuss_badges_history`
--
ALTER TABLE `bnduv_discuss_badges_history`
  MODIFY `id` bigint(20) NOT NULL AUTO_INCREMENT;
--
-- AUTO_INCREMENT для таблицы `bnduv_discuss_badges_rules`
--
ALTER TABLE `bnduv_discuss_badges_rules`
  MODIFY `id` bigint(20) NOT NULL AUTO_INCREMENT;
--
-- AUTO_INCREMENT для таблицы `bnduv_discuss_badges_users`
--
ALTER TABLE `bnduv_discuss_badges_users`
  MODIFY `id` bigint(20) NOT NULL AUTO_INCREMENT;
--
-- AUTO_INCREMENT для таблицы `bnduv_discuss_category`
--
ALTER TABLE `bnduv_discuss_category`
  MODIFY `id` bigint(20) unsigned NOT NULL AUTO_INCREMENT,AUTO_INCREMENT=2;
--
-- AUTO_INCREMENT для таблицы `bnduv_discuss_category_acl_item`
--
ALTER TABLE `bnduv_discuss_category_acl_item`
  MODIFY `id` bigint(20) NOT NULL AUTO_INCREMENT,AUTO_INCREMENT=4;
--
-- AUTO_INCREMENT для таблицы `bnduv_discuss_category_acl_map`
--
ALTER TABLE `bnduv_discuss_category_acl_map`
  MODIFY `id` bigint(20) NOT NULL AUTO_INCREMENT;
--
-- AUTO_INCREMENT для таблицы `bnduv_discuss_comments`
--
ALTER TABLE `bnduv_discuss_comments`
  MODIFY `id` bigint(20) unsigned NOT NULL AUTO_INCREMENT;
--
-- AUTO_INCREMENT для таблицы `bnduv_discuss_configs`
--
ALTER TABLE `bnduv_discuss_configs`
  MODIFY `id` int(11) unsigned NOT NULL AUTO_INCREMENT,AUTO_INCREMENT=2;
--
-- AUTO_INCREMENT для таблицы `bnduv_discuss_hashkeys`
--
ALTER TABLE `bnduv_discuss_hashkeys`
  MODIFY `id` bigint(11) NOT NULL AUTO_INCREMENT;
--
-- AUTO_INCREMENT для таблицы `bnduv_discuss_likes`
--
ALTER TABLE `bnduv_discuss_likes`
  MODIFY `id` bigint(20) unsigned NOT NULL AUTO_INCREMENT;
--
-- AUTO_INCREMENT для таблицы `bnduv_discuss_mailq`
--
ALTER TABLE `bnduv_discuss_mailq`
  MODIFY `id` bigint(20) unsigned NOT NULL AUTO_INCREMENT;
--
-- AUTO_INCREMENT для таблицы `bnduv_discuss_migrators`
--
ALTER TABLE `bnduv_discuss_migrators`
  MODIFY `id` bigint(20) NOT NULL AUTO_INCREMENT;
--
-- AUTO_INCREMENT для таблицы `bnduv_discuss_notifications`
--
ALTER TABLE `bnduv_discuss_notifications`
  MODIFY `id` bigint(20) NOT NULL AUTO_INCREMENT;
--
-- AUTO_INCREMENT для таблицы `bnduv_discuss_oauth`
--
ALTER TABLE `bnduv_discuss_oauth`
  MODIFY `id` int(11) NOT NULL AUTO_INCREMENT;
--
-- AUTO_INCREMENT для таблицы `bnduv_discuss_oauth_posts`
--
ALTER TABLE `bnduv_discuss_oauth_posts`
  MODIFY `id` bigint(20) NOT NULL AUTO_INCREMENT;
--
-- AUTO_INCREMENT для таблицы `bnduv_discuss_points`
--
ALTER TABLE `bnduv_discuss_points`
  MODIFY `id` bigint(20) NOT NULL AUTO_INCREMENT;
--
-- AUTO_INCREMENT для таблицы `bnduv_discuss_polls`
--
ALTER TABLE `bnduv_discuss_polls`
  MODIFY `id` bigint(20) NOT NULL AUTO_INCREMENT;
--
-- AUTO_INCREMENT для таблицы `bnduv_discuss_polls_users`
--
ALTER TABLE `bnduv_discuss_polls_users`
  MODIFY `id` bigint(20) NOT NULL AUTO_INCREMENT;
--
-- AUTO_INCREMENT для таблицы `bnduv_discuss_posts`
--
ALTER TABLE `bnduv_discuss_posts`
  MODIFY `id` bigint(20) unsigned NOT NULL AUTO_INCREMENT,AUTO_INCREMENT=3;
--
-- AUTO_INCREMENT для таблицы `bnduv_discuss_posts_references`
--
ALTER TABLE `bnduv_discuss_posts_references`
  MODIFY `id` bigint(20) NOT NULL AUTO_INCREMENT;
--
-- AUTO_INCREMENT для таблицы `bnduv_discuss_posts_tags`
--
ALTER TABLE `bnduv_discuss_posts_tags`
  MODIFY `id` bigint(20) unsigned NOT NULL AUTO_INCREMENT,AUTO_INCREMENT=3;
--
-- AUTO_INCREMENT для таблицы `bnduv_discuss_ranks`
--
ALTER TABLE `bnduv_discuss_ranks`
  MODIFY `id` bigint(20) NOT NULL AUTO_INCREMENT,AUTO_INCREMENT=5;
--
-- AUTO_INCREMENT для таблицы `bnduv_discuss_ranks_users`
--
ALTER TABLE `bnduv_discuss_ranks_users`
  MODIFY `id` bigint(20) NOT NULL AUTO_INCREMENT;
--
-- AUTO_INCREMENT для таблицы `bnduv_discuss_reports`
--
ALTER TABLE `bnduv_discuss_reports`
  MODIFY `id` bigint(20) unsigned NOT NULL AUTO_INCREMENT;
--
-- AUTO_INCREMENT для таблицы `bnduv_discuss_rules`
--
ALTER TABLE `bnduv_discuss_rules`
  MODIFY `id` bigint(20) NOT NULL AUTO_INCREMENT,AUTO_INCREMENT=14;
--
-- AUTO_INCREMENT для таблицы `bnduv_discuss_subscription`
--
ALTER TABLE `bnduv_discuss_subscription`
  MODIFY `id` bigint(20) NOT NULL AUTO_INCREMENT;
--
-- AUTO_INCREMENT для таблицы `bnduv_discuss_tags`
--
ALTER TABLE `bnduv_discuss_tags`
  MODIFY `id` bigint(20) unsigned NOT NULL AUTO_INCREMENT,AUTO_INCREMENT=8;
--
-- AUTO_INCREMENT для таблицы `bnduv_discuss_users_history`
--
ALTER TABLE `bnduv_discuss_users_history`
  MODIFY `id` bigint(20) NOT NULL AUTO_INCREMENT;
--
-- AUTO_INCREMENT для таблицы `bnduv_discuss_views`
--
ALTER TABLE `bnduv_discuss_views`
  MODIFY `id` bigint(20) NOT NULL AUTO_INCREMENT,AUTO_INCREMENT=2;
--
-- AUTO_INCREMENT для таблицы `bnduv_discuss_votes`
--
ALTER TABLE `bnduv_discuss_votes`
  MODIFY `id` bigint(20) unsigned NOT NULL AUTO_INCREMENT;
--
-- AUTO_INCREMENT для таблицы `bnduv_extensions`
--
ALTER TABLE `bnduv_extensions`
  MODIFY `extension_id` int(11) NOT NULL AUTO_INCREMENT,AUTO_INCREMENT=10112;
--
-- AUTO_INCREMENT для таблицы `bnduv_finder_filters`
--
ALTER TABLE `bnduv_finder_filters`
  MODIFY `filter_id` int(10) unsigned NOT NULL AUTO_INCREMENT;
--
-- AUTO_INCREMENT для таблицы `bnduv_finder_links`
--
ALTER TABLE `bnduv_finder_links`
  MODIFY `link_id` int(10) unsigned NOT NULL AUTO_INCREMENT,AUTO_INCREMENT=196;
--
-- AUTO_INCREMENT для таблицы `bnduv_finder_taxonomy`
--
ALTER TABLE `bnduv_finder_taxonomy`
  MODIFY `id` int(10) unsigned NOT NULL AUTO_INCREMENT,AUTO_INCREMENT=77;
--
-- AUTO_INCREMENT для таблицы `bnduv_finder_terms`
--
ALTER TABLE `bnduv_finder_terms`
  MODIFY `term_id` int(10) unsigned NOT NULL AUTO_INCREMENT,AUTO_INCREMENT=22232;
--
-- AUTO_INCREMENT для таблицы `bnduv_finder_types`
--
ALTER TABLE `bnduv_finder_types`
  MODIFY `id` int(10) unsigned NOT NULL AUTO_INCREMENT,AUTO_INCREMENT=7;
--
-- AUTO_INCREMENT для таблицы `bnduv_k2store_address`
--
ALTER TABLE `bnduv_k2store_address`
  MODIFY `id` int(11) NOT NULL AUTO_INCREMENT,AUTO_INCREMENT=2;
--
-- AUTO_INCREMENT для таблицы `bnduv_k2store_countries`
--
ALTER TABLE `bnduv_k2store_countries`
  MODIFY `country_id` int(11) NOT NULL AUTO_INCREMENT,AUTO_INCREMENT=242;
--
-- AUTO_INCREMENT для таблицы `bnduv_k2store_coupons`
--
ALTER TABLE `bnduv_k2store_coupons`
  MODIFY `coupon_id` int(11) NOT NULL AUTO_INCREMENT;
--
-- AUTO_INCREMENT для таблицы `bnduv_k2store_currency`
--
ALTER TABLE `bnduv_k2store_currency`
  MODIFY `currency_id` int(11) NOT NULL AUTO_INCREMENT,AUTO_INCREMENT=2;
--
-- AUTO_INCREMENT для таблицы `bnduv_k2store_field`
--
ALTER TABLE `bnduv_k2store_field`
  MODIFY `field_id` smallint(5) unsigned NOT NULL AUTO_INCREMENT,AUTO_INCREMENT=14;
--
-- AUTO_INCREMENT для таблицы `bnduv_k2store_geozonerules`
--
ALTER TABLE `bnduv_k2store_geozonerules`
  MODIFY `geozonerule_id` int(11) NOT NULL AUTO_INCREMENT;
--
-- AUTO_INCREMENT для таблицы `bnduv_k2store_geozones`
--
ALTER TABLE `bnduv_k2store_geozones`
  MODIFY `geozone_id` int(11) NOT NULL AUTO_INCREMENT;
--
-- AUTO_INCREMENT для таблицы `bnduv_k2store_lengths`
--
ALTER TABLE `bnduv_k2store_lengths`
  MODIFY `length_class_id` int(11) NOT NULL AUTO_INCREMENT,AUTO_INCREMENT=4;
--
-- AUTO_INCREMENT для таблицы `bnduv_k2store_mycart`
--
ALTER TABLE `bnduv_k2store_mycart`
  MODIFY `cart_id` int(11) NOT NULL AUTO_INCREMENT,AUTO_INCREMENT=40;
--
-- AUTO_INCREMENT для таблицы `bnduv_k2store_options`
--
ALTER TABLE `bnduv_k2store_options`
  MODIFY `option_id` int(11) NOT NULL AUTO_INCREMENT;
--
-- AUTO_INCREMENT для таблицы `bnduv_k2store_optionvalues`
--
ALTER TABLE `bnduv_k2store_optionvalues`
  MODIFY `optionvalue_id` int(11) NOT NULL AUTO_INCREMENT;
--
-- AUTO_INCREMENT для таблицы `bnduv_k2store_orderinfo`
--
ALTER TABLE `bnduv_k2store_orderinfo`
  MODIFY `orderinfo_id` int(11) NOT NULL AUTO_INCREMENT,AUTO_INCREMENT=11;
--
-- AUTO_INCREMENT для таблицы `bnduv_k2store_orderitemattributes`
--
ALTER TABLE `bnduv_k2store_orderitemattributes`
  MODIFY `orderitemattribute_id` int(11) NOT NULL AUTO_INCREMENT,AUTO_INCREMENT=3;
--
-- AUTO_INCREMENT для таблицы `bnduv_k2store_orderitems`
--
ALTER TABLE `bnduv_k2store_orderitems`
  MODIFY `orderitem_id` int(11) NOT NULL AUTO_INCREMENT,AUTO_INCREMENT=18;
--
-- AUTO_INCREMENT для таблицы `bnduv_k2store_orders`
--
ALTER TABLE `bnduv_k2store_orders`
  MODIFY `id` int(11) NOT NULL AUTO_INCREMENT,AUTO_INCREMENT=6;
--
-- AUTO_INCREMENT для таблицы `bnduv_k2store_ordershippings`
--
ALTER TABLE `bnduv_k2store_ordershippings`
  MODIFY `ordershipping_id` int(11) NOT NULL AUTO_INCREMENT;
--
-- AUTO_INCREMENT для таблицы `bnduv_k2store_orderstatuses`
--
ALTER TABLE `bnduv_k2store_orderstatuses`
  MODIFY `orderstatus_id` int(11) NOT NULL AUTO_INCREMENT,AUTO_INCREMENT=6;
--
-- AUTO_INCREMENT для таблицы `bnduv_k2store_order_coupons`
--
ALTER TABLE `bnduv_k2store_order_coupons`
  MODIFY `order_coupon_id` int(11) NOT NULL AUTO_INCREMENT;
--
-- AUTO_INCREMENT для таблицы `bnduv_k2store_productattributeoptions`
--
ALTER TABLE `bnduv_k2store_productattributeoptions`
  MODIFY `productattributeoption_id` int(11) NOT NULL AUTO_INCREMENT,AUTO_INCREMENT=4;
--
-- AUTO_INCREMENT для таблицы `bnduv_k2store_productattributes`
--
ALTER TABLE `bnduv_k2store_productattributes`
  MODIFY `productattribute_id` int(11) NOT NULL AUTO_INCREMENT,AUTO_INCREMENT=7;
--
-- AUTO_INCREMENT для таблицы `bnduv_k2store_productprices`
--
ALTER TABLE `bnduv_k2store_productprices`
  MODIFY `productprice_id` int(11) NOT NULL AUTO_INCREMENT;
--
-- AUTO_INCREMENT для таблицы `bnduv_k2store_productquantities`
--
ALTER TABLE `bnduv_k2store_productquantities`
  MODIFY `productquantity_id` int(11) NOT NULL AUTO_INCREMENT;
--
-- AUTO_INCREMENT для таблицы `bnduv_k2store_products`
--
ALTER TABLE `bnduv_k2store_products`
  MODIFY `p_id` int(11) NOT NULL AUTO_INCREMENT;
--
-- AUTO_INCREMENT для таблицы `bnduv_k2store_product_options`
--
ALTER TABLE `bnduv_k2store_product_options`
  MODIFY `product_option_id` int(11) NOT NULL AUTO_INCREMENT;
--
-- AUTO_INCREMENT для таблицы `bnduv_k2store_product_optionvalues`
--
ALTER TABLE `bnduv_k2store_product_optionvalues`
  MODIFY `product_optionvalue_id` int(11) NOT NULL AUTO_INCREMENT;
--
-- AUTO_INCREMENT для таблицы `bnduv_k2store_shippingmethods`
--
ALTER TABLE `bnduv_k2store_shippingmethods`
  MODIFY `id` int(11) NOT NULL AUTO_INCREMENT;
--
-- AUTO_INCREMENT для таблицы `bnduv_k2store_shippingrates`
--
ALTER TABLE `bnduv_k2store_shippingrates`
  MODIFY `shipping_rate_id` int(11) NOT NULL AUTO_INCREMENT;
--
-- AUTO_INCREMENT для таблицы `bnduv_k2store_storeprofiles`
--
ALTER TABLE `bnduv_k2store_storeprofiles`
  MODIFY `store_id` int(11) NOT NULL AUTO_INCREMENT,AUTO_INCREMENT=2;
--
-- AUTO_INCREMENT для таблицы `bnduv_k2store_taxprofiles`
--
ALTER TABLE `bnduv_k2store_taxprofiles`
  MODIFY `taxprofile_id` int(11) NOT NULL AUTO_INCREMENT;
--
-- AUTO_INCREMENT для таблицы `bnduv_k2store_taxrates`
--
ALTER TABLE `bnduv_k2store_taxrates`
  MODIFY `taxrate_id` int(11) NOT NULL AUTO_INCREMENT;
--
-- AUTO_INCREMENT для таблицы `bnduv_k2store_taxrules`
--
ALTER TABLE `bnduv_k2store_taxrules`
  MODIFY `taxrule_id` int(11) NOT NULL AUTO_INCREMENT;
--
-- AUTO_INCREMENT для таблицы `bnduv_k2store_weights`
--
ALTER TABLE `bnduv_k2store_weights`
  MODIFY `weight_class_id` int(11) NOT NULL AUTO_INCREMENT,AUTO_INCREMENT=4;
--
-- AUTO_INCREMENT для таблицы `bnduv_k2store_zones`
--
ALTER TABLE `bnduv_k2store_zones`
  MODIFY `zone_id` int(11) NOT NULL AUTO_INCREMENT,AUTO_INCREMENT=3982;
--
-- AUTO_INCREMENT для таблицы `bnduv_k2_attachments`
--
ALTER TABLE `bnduv_k2_attachments`
  MODIFY `id` int(11) NOT NULL AUTO_INCREMENT,AUTO_INCREMENT=27;
--
-- AUTO_INCREMENT для таблицы `bnduv_k2_categories`
--
ALTER TABLE `bnduv_k2_categories`
  MODIFY `id` int(11) unsigned NOT NULL AUTO_INCREMENT,AUTO_INCREMENT=23;
--
-- AUTO_INCREMENT для таблицы `bnduv_k2_comments`
--
ALTER TABLE `bnduv_k2_comments`
  MODIFY `id` int(11) NOT NULL AUTO_INCREMENT,AUTO_INCREMENT=46;
--
-- AUTO_INCREMENT для таблицы `bnduv_k2_extra_fields`
--
ALTER TABLE `bnduv_k2_extra_fields`
  MODIFY `id` int(11) NOT NULL AUTO_INCREMENT,AUTO_INCREMENT=8;
--
-- AUTO_INCREMENT для таблицы `bnduv_k2_extra_fields_groups`
--
ALTER TABLE `bnduv_k2_extra_fields_groups`
  MODIFY `id` int(11) NOT NULL AUTO_INCREMENT,AUTO_INCREMENT=2;
--
-- AUTO_INCREMENT для таблицы `bnduv_k2_items`
--
ALTER TABLE `bnduv_k2_items`
  MODIFY `id` int(11) NOT NULL AUTO_INCREMENT,AUTO_INCREMENT=115;
--
-- AUTO_INCREMENT для таблицы `bnduv_k2_tags`
--
ALTER TABLE `bnduv_k2_tags`
  MODIFY `id` int(11) NOT NULL AUTO_INCREMENT,AUTO_INCREMENT=562;
--
-- AUTO_INCREMENT для таблицы `bnduv_k2_tags_xref`
--
ALTER TABLE `bnduv_k2_tags_xref`
  MODIFY `id` int(11) NOT NULL AUTO_INCREMENT,AUTO_INCREMENT=7429;
--
-- AUTO_INCREMENT для таблицы `bnduv_k2_users`
--
ALTER TABLE `bnduv_k2_users`
  MODIFY `id` int(11) NOT NULL AUTO_INCREMENT,AUTO_INCREMENT=13;
--
-- AUTO_INCREMENT для таблицы `bnduv_k2_user_groups`
--
ALTER TABLE `bnduv_k2_user_groups`
  MODIFY `id` int(10) unsigned NOT NULL AUTO_INCREMENT,AUTO_INCREMENT=3;
--
-- AUTO_INCREMENT для таблицы `bnduv_languages`
--
ALTER TABLE `bnduv_languages`
  MODIFY `lang_id` int(11) unsigned NOT NULL AUTO_INCREMENT,AUTO_INCREMENT=3;
--
-- AUTO_INCREMENT для таблицы `bnduv_menu`
--
ALTER TABLE `bnduv_menu`
  MODIFY `id` int(11) NOT NULL AUTO_INCREMENT,AUTO_INCREMENT=737;
--
-- AUTO_INCREMENT для таблицы `bnduv_menu_types`
--
ALTER TABLE `bnduv_menu_types`
  MODIFY `id` int(10) unsigned NOT NULL AUTO_INCREMENT,AUTO_INCREMENT=12;
--
-- AUTO_INCREMENT для таблицы `bnduv_messages`
--
ALTER TABLE `bnduv_messages`
  MODIFY `message_id` int(10) unsigned NOT NULL AUTO_INCREMENT;
--
-- AUTO_INCREMENT для таблицы `bnduv_modules`
--
ALTER TABLE `bnduv_modules`
  MODIFY `id` int(11) NOT NULL AUTO_INCREMENT,AUTO_INCREMENT=509;
--
-- AUTO_INCREMENT для таблицы `bnduv_newsfeeds`
--
ALTER TABLE `bnduv_newsfeeds`
  MODIFY `id` int(10) unsigned NOT NULL AUTO_INCREMENT,AUTO_INCREMENT=2;
--
-- AUTO_INCREMENT для таблицы `bnduv_overrider`
--
ALTER TABLE `bnduv_overrider`
  MODIFY `id` int(10) NOT NULL AUTO_INCREMENT COMMENT 'Primary Key';
--
-- AUTO_INCREMENT для таблицы `bnduv_redirect_links`
--
ALTER TABLE `bnduv_redirect_links`
  MODIFY `id` int(10) unsigned NOT NULL AUTO_INCREMENT,AUTO_INCREMENT=69;
--
-- AUTO_INCREMENT для таблицы `bnduv_template_styles`
--
ALTER TABLE `bnduv_template_styles`
  MODIFY `id` int(10) unsigned NOT NULL AUTO_INCREMENT,AUTO_INCREMENT=12;
--
-- AUTO_INCREMENT для таблицы `bnduv_updates`
--
ALTER TABLE `bnduv_updates`
  MODIFY `update_id` int(11) NOT NULL AUTO_INCREMENT,AUTO_INCREMENT=1851;
--
-- AUTO_INCREMENT для таблицы `bnduv_update_categories`
--
ALTER TABLE `bnduv_update_categories`
  MODIFY `categoryid` int(11) NOT NULL AUTO_INCREMENT;
--
-- AUTO_INCREMENT для таблицы `bnduv_update_sites`
--
ALTER TABLE `bnduv_update_sites`
  MODIFY `update_site_id` int(11) NOT NULL AUTO_INCREMENT,AUTO_INCREMENT=10;
--
-- AUTO_INCREMENT для таблицы `bnduv_usergroups`
--
ALTER TABLE `bnduv_usergroups`
  MODIFY `id` int(10) unsigned NOT NULL AUTO_INCREMENT COMMENT 'Primary Key',AUTO_INCREMENT=9;
--
-- AUTO_INCREMENT для таблицы `bnduv_users`
--
ALTER TABLE `bnduv_users`
  MODIFY `id` int(11) NOT NULL AUTO_INCREMENT,AUTO_INCREMENT=355;
--
-- AUTO_INCREMENT для таблицы `bnduv_user_notes`
--
ALTER TABLE `bnduv_user_notes`
  MODIFY `id` int(10) unsigned NOT NULL AUTO_INCREMENT;
--
-- AUTO_INCREMENT для таблицы `bnduv_viewlevels`
--
ALTER TABLE `bnduv_viewlevels`
  MODIFY `id` int(10) unsigned NOT NULL AUTO_INCREMENT COMMENT 'Primary Key',AUTO_INCREMENT=4;
--
-- AUTO_INCREMENT для таблицы `bnduv_virtuemart_adminmenuentries`
--
ALTER TABLE `bnduv_virtuemart_adminmenuentries`
  MODIFY `id` tinyint(1) unsigned NOT NULL AUTO_INCREMENT,AUTO_INCREMENT=30;
--
-- AUTO_INCREMENT для таблицы `bnduv_virtuemart_calcs`
--
ALTER TABLE `bnduv_virtuemart_calcs`
  MODIFY `virtuemart_calc_id` smallint(1) unsigned NOT NULL AUTO_INCREMENT,AUTO_INCREMENT=2;
--
-- AUTO_INCREMENT для таблицы `bnduv_virtuemart_calc_categories`
--
ALTER TABLE `bnduv_virtuemart_calc_categories`
  MODIFY `id` mediumint(1) unsigned NOT NULL AUTO_INCREMENT;
--
-- AUTO_INCREMENT для таблицы `bnduv_virtuemart_calc_countries`
--
ALTER TABLE `bnduv_virtuemart_calc_countries`
  MODIFY `id` mediumint(1) unsigned NOT NULL AUTO_INCREMENT;
--
-- AUTO_INCREMENT для таблицы `bnduv_virtuemart_calc_manufacturers`
--
ALTER TABLE `bnduv_virtuemart_calc_manufacturers`
  MODIFY `id` mediumint(1) unsigned NOT NULL AUTO_INCREMENT;
--
-- AUTO_INCREMENT для таблицы `bnduv_virtuemart_calc_shoppergroups`
--
ALTER TABLE `bnduv_virtuemart_calc_shoppergroups`
  MODIFY `id` mediumint(1) unsigned NOT NULL AUTO_INCREMENT;
--
-- AUTO_INCREMENT для таблицы `bnduv_virtuemart_calc_states`
--
ALTER TABLE `bnduv_virtuemart_calc_states`
  MODIFY `id` mediumint(1) unsigned NOT NULL AUTO_INCREMENT;
--
-- AUTO_INCREMENT для таблицы `bnduv_virtuemart_categories`
--
ALTER TABLE `bnduv_virtuemart_categories`
  MODIFY `virtuemart_category_id` mediumint(1) unsigned NOT NULL AUTO_INCREMENT,AUTO_INCREMENT=10;
--
-- AUTO_INCREMENT для таблицы `bnduv_virtuemart_category_categories`
--
ALTER TABLE `bnduv_virtuemart_category_categories`
  MODIFY `id` int(11) unsigned NOT NULL AUTO_INCREMENT,AUTO_INCREMENT=10;
--
-- AUTO_INCREMENT для таблицы `bnduv_virtuemart_category_medias`
--
ALTER TABLE `bnduv_virtuemart_category_medias`
  MODIFY `id` int(11) unsigned NOT NULL AUTO_INCREMENT,AUTO_INCREMENT=7;
--
-- AUTO_INCREMENT для таблицы `bnduv_virtuemart_configs`
--
ALTER TABLE `bnduv_virtuemart_configs`
  MODIFY `virtuemart_config_id` tinyint(1) unsigned NOT NULL AUTO_INCREMENT,AUTO_INCREMENT=2;
--
-- AUTO_INCREMENT для таблицы `bnduv_virtuemart_countries`
--
ALTER TABLE `bnduv_virtuemart_countries`
  MODIFY `virtuemart_country_id` smallint(1) unsigned NOT NULL AUTO_INCREMENT,AUTO_INCREMENT=249;
--
-- AUTO_INCREMENT для таблицы `bnduv_virtuemart_coupons`
--
ALTER TABLE `bnduv_virtuemart_coupons`
  MODIFY `virtuemart_coupon_id` int(11) unsigned NOT NULL AUTO_INCREMENT;
--
-- AUTO_INCREMENT для таблицы `bnduv_virtuemart_currencies`
--
ALTER TABLE `bnduv_virtuemart_currencies`
  MODIFY `virtuemart_currency_id` smallint(1) unsigned NOT NULL AUTO_INCREMENT,AUTO_INCREMENT=202;
--
-- AUTO_INCREMENT для таблицы `bnduv_virtuemart_customs`
--
ALTER TABLE `bnduv_virtuemart_customs`
  MODIFY `virtuemart_custom_id` int(11) unsigned NOT NULL AUTO_INCREMENT,AUTO_INCREMENT=23;
--
-- AUTO_INCREMENT для таблицы `bnduv_virtuemart_invoices`
--
ALTER TABLE `bnduv_virtuemart_invoices`
  MODIFY `virtuemart_invoice_id` int(1) unsigned NOT NULL AUTO_INCREMENT;
--
-- AUTO_INCREMENT для таблицы `bnduv_virtuemart_manufacturercategories`
--
ALTER TABLE `bnduv_virtuemart_manufacturercategories`
  MODIFY `virtuemart_manufacturercategories_id` int(11) unsigned NOT NULL AUTO_INCREMENT;
--
-- AUTO_INCREMENT для таблицы `bnduv_virtuemart_manufacturers`
--
ALTER TABLE `bnduv_virtuemart_manufacturers`
  MODIFY `virtuemart_manufacturer_id` smallint(1) unsigned NOT NULL AUTO_INCREMENT,AUTO_INCREMENT=2;
--
-- AUTO_INCREMENT для таблицы `bnduv_virtuemart_manufacturer_medias`
--
ALTER TABLE `bnduv_virtuemart_manufacturer_medias`
  MODIFY `id` int(11) unsigned NOT NULL AUTO_INCREMENT;
--
-- AUTO_INCREMENT для таблицы `bnduv_virtuemart_medias`
--
ALTER TABLE `bnduv_virtuemart_medias`
  MODIFY `virtuemart_media_id` int(11) unsigned NOT NULL AUTO_INCREMENT,AUTO_INCREMENT=146;
--
-- AUTO_INCREMENT для таблицы `bnduv_virtuemart_migration_oldtonew_ids`
--
ALTER TABLE `bnduv_virtuemart_migration_oldtonew_ids`
  MODIFY `id` smallint(1) unsigned NOT NULL AUTO_INCREMENT,AUTO_INCREMENT=2;
--
-- AUTO_INCREMENT для таблицы `bnduv_virtuemart_modules`
--
ALTER TABLE `bnduv_virtuemart_modules`
  MODIFY `module_id` int(11) unsigned NOT NULL AUTO_INCREMENT,AUTO_INCREMENT=14;
--
-- AUTO_INCREMENT для таблицы `bnduv_virtuemart_orders`
--
ALTER TABLE `bnduv_virtuemart_orders`
  MODIFY `virtuemart_order_id` int(1) unsigned NOT NULL AUTO_INCREMENT,AUTO_INCREMENT=12;
--
-- AUTO_INCREMENT для таблицы `bnduv_virtuemart_orderstates`
--
ALTER TABLE `bnduv_virtuemart_orderstates`
  MODIFY `virtuemart_orderstate_id` tinyint(1) unsigned NOT NULL AUTO_INCREMENT,AUTO_INCREMENT=7;
--
-- AUTO_INCREMENT для таблицы `bnduv_virtuemart_order_calc_rules`
--
ALTER TABLE `bnduv_virtuemart_order_calc_rules`
  MODIFY `virtuemart_order_calc_rule_id` int(11) unsigned NOT NULL AUTO_INCREMENT,AUTO_INCREMENT=34;
--
-- AUTO_INCREMENT для таблицы `bnduv_virtuemart_order_histories`
--
ALTER TABLE `bnduv_virtuemart_order_histories`
  MODIFY `virtuemart_order_history_id` int(11) unsigned NOT NULL AUTO_INCREMENT,AUTO_INCREMENT=33;
--
-- AUTO_INCREMENT для таблицы `bnduv_virtuemart_order_items`
--
ALTER TABLE `bnduv_virtuemart_order_items`
  MODIFY `virtuemart_order_item_id` int(11) unsigned NOT NULL AUTO_INCREMENT,AUTO_INCREMENT=12;
--
-- AUTO_INCREMENT для таблицы `bnduv_virtuemart_order_userinfos`
--
ALTER TABLE `bnduv_virtuemart_order_userinfos`
  MODIFY `virtuemart_order_userinfo_id` int(1) unsigned NOT NULL AUTO_INCREMENT,AUTO_INCREMENT=12;
--
-- AUTO_INCREMENT для таблицы `bnduv_virtuemart_paymentmethods`
--
ALTER TABLE `bnduv_virtuemart_paymentmethods`
  MODIFY `virtuemart_paymentmethod_id` mediumint(1) unsigned NOT NULL AUTO_INCREMENT,AUTO_INCREMENT=2;
--
-- AUTO_INCREMENT для таблицы `bnduv_virtuemart_paymentmethod_shoppergroups`
--
ALTER TABLE `bnduv_virtuemart_paymentmethod_shoppergroups`
  MODIFY `id` int(11) unsigned NOT NULL AUTO_INCREMENT;
--
-- AUTO_INCREMENT для таблицы `bnduv_virtuemart_payment_plg_standard`
--
ALTER TABLE `bnduv_virtuemart_payment_plg_standard`
  MODIFY `id` int(1) unsigned NOT NULL AUTO_INCREMENT,AUTO_INCREMENT=12;
--
-- AUTO_INCREMENT для таблицы `bnduv_virtuemart_permgroups`
--
ALTER TABLE `bnduv_virtuemart_permgroups`
  MODIFY `virtuemart_permgroup_id` tinyint(1) unsigned NOT NULL AUTO_INCREMENT,AUTO_INCREMENT=5;
--
-- AUTO_INCREMENT для таблицы `bnduv_virtuemart_products`
--
ALTER TABLE `bnduv_virtuemart_products`
  MODIFY `virtuemart_product_id` int(11) unsigned NOT NULL AUTO_INCREMENT,AUTO_INCREMENT=23;
--
-- AUTO_INCREMENT для таблицы `bnduv_virtuemart_product_categories`
--
ALTER TABLE `bnduv_virtuemart_product_categories`
  MODIFY `id` int(11) unsigned NOT NULL AUTO_INCREMENT,AUTO_INCREMENT=21;
--
-- AUTO_INCREMENT для таблицы `bnduv_virtuemart_product_customfields`
--
ALTER TABLE `bnduv_virtuemart_product_customfields`
  MODIFY `virtuemart_customfield_id` int(11) unsigned NOT NULL AUTO_INCREMENT COMMENT 'field id',AUTO_INCREMENT=69;
--
-- AUTO_INCREMENT для таблицы `bnduv_virtuemart_product_manufacturers`
--
ALTER TABLE `bnduv_virtuemart_product_manufacturers`
  MODIFY `id` int(11) unsigned NOT NULL AUTO_INCREMENT,AUTO_INCREMENT=13;
--
-- AUTO_INCREMENT для таблицы `bnduv_virtuemart_product_medias`
--
ALTER TABLE `bnduv_virtuemart_product_medias`
  MODIFY `id` int(11) unsigned NOT NULL AUTO_INCREMENT,AUTO_INCREMENT=22;
--
-- AUTO_INCREMENT для таблицы `bnduv_virtuemart_product_prices`
--
ALTER TABLE `bnduv_virtuemart_product_prices`
  MODIFY `virtuemart_product_price_id` int(11) unsigned NOT NULL AUTO_INCREMENT,AUTO_INCREMENT=13;
--
-- AUTO_INCREMENT для таблицы `bnduv_virtuemart_product_shoppergroups`
--
ALTER TABLE `bnduv_virtuemart_product_shoppergroups`
  MODIFY `id` int(11) unsigned NOT NULL AUTO_INCREMENT;
--
-- AUTO_INCREMENT для таблицы `bnduv_virtuemart_ratings`
--
ALTER TABLE `bnduv_virtuemart_ratings`
  MODIFY `virtuemart_rating_id` int(11) unsigned NOT NULL AUTO_INCREMENT;
--
-- AUTO_INCREMENT для таблицы `bnduv_virtuemart_rating_reviews`
--
ALTER TABLE `bnduv_virtuemart_rating_reviews`
  MODIFY `virtuemart_rating_review_id` int(11) unsigned NOT NULL AUTO_INCREMENT;
--
-- AUTO_INCREMENT для таблицы `bnduv_virtuemart_rating_votes`
--
ALTER TABLE `bnduv_virtuemart_rating_votes`
  MODIFY `virtuemart_rating_vote_id` int(11) unsigned NOT NULL AUTO_INCREMENT;
--
-- AUTO_INCREMENT для таблицы `bnduv_virtuemart_shipmentmethods`
--
ALTER TABLE `bnduv_virtuemart_shipmentmethods`
  MODIFY `virtuemart_shipmentmethod_id` mediumint(1) unsigned NOT NULL AUTO_INCREMENT,AUTO_INCREMENT=3;
--
-- AUTO_INCREMENT для таблицы `bnduv_virtuemart_shipmentmethod_shoppergroups`
--
ALTER TABLE `bnduv_virtuemart_shipmentmethod_shoppergroups`
  MODIFY `id` int(11) unsigned NOT NULL AUTO_INCREMENT;
--
-- AUTO_INCREMENT для таблицы `bnduv_virtuemart_shipment_plg_weight_countries`
--
ALTER TABLE `bnduv_virtuemart_shipment_plg_weight_countries`
  MODIFY `id` int(1) unsigned NOT NULL AUTO_INCREMENT,AUTO_INCREMENT=12;
--
-- AUTO_INCREMENT для таблицы `bnduv_virtuemart_shoppergroups`
--
ALTER TABLE `bnduv_virtuemart_shoppergroups`
  MODIFY `virtuemart_shoppergroup_id` int(11) unsigned NOT NULL AUTO_INCREMENT,AUTO_INCREMENT=3;
--
-- AUTO_INCREMENT для таблицы `bnduv_virtuemart_states`
--
ALTER TABLE `bnduv_virtuemart_states`
  MODIFY `virtuemart_state_id` smallint(1) unsigned NOT NULL AUTO_INCREMENT,AUTO_INCREMENT=730;
--
-- AUTO_INCREMENT для таблицы `bnduv_virtuemart_userfields`
--
ALTER TABLE `bnduv_virtuemart_userfields`
  MODIFY `virtuemart_userfield_id` smallint(1) unsigned NOT NULL AUTO_INCREMENT,AUTO_INCREMENT=27;
--
-- AUTO_INCREMENT для таблицы `bnduv_virtuemart_userfield_values`
--
ALTER TABLE `bnduv_virtuemart_userfield_values`
  MODIFY `virtuemart_userfield_value_id` int(11) unsigned NOT NULL AUTO_INCREMENT,AUTO_INCREMENT=20;
--
-- AUTO_INCREMENT для таблицы `bnduv_virtuemart_userinfos`
--
ALTER TABLE `bnduv_virtuemart_userinfos`
  MODIFY `virtuemart_userinfo_id` int(1) unsigned NOT NULL AUTO_INCREMENT,AUTO_INCREMENT=4;
--
-- AUTO_INCREMENT для таблицы `bnduv_virtuemart_vendors`
--
ALTER TABLE `bnduv_virtuemart_vendors`
  MODIFY `virtuemart_vendor_id` smallint(1) unsigned NOT NULL AUTO_INCREMENT,AUTO_INCREMENT=2;
--
-- AUTO_INCREMENT для таблицы `bnduv_virtuemart_vendor_medias`
--
ALTER TABLE `bnduv_virtuemart_vendor_medias`
  MODIFY `id` smallint(1) unsigned NOT NULL AUTO_INCREMENT;
--
-- AUTO_INCREMENT для таблицы `bnduv_virtuemart_vmusers`
--
ALTER TABLE `bnduv_virtuemart_vmusers`
  MODIFY `virtuemart_user_id` int(11) unsigned NOT NULL AUTO_INCREMENT,AUTO_INCREMENT=354;
--
-- AUTO_INCREMENT для таблицы `bnduv_virtuemart_vmuser_shoppergroups`
--
ALTER TABLE `bnduv_virtuemart_vmuser_shoppergroups`
  MODIFY `id` int(11) unsigned NOT NULL AUTO_INCREMENT;
--
-- AUTO_INCREMENT для таблицы `bnduv_virtuemart_waitingusers`
--
ALTER TABLE `bnduv_virtuemart_waitingusers`
  MODIFY `virtuemart_waitinguser_id` int(11) unsigned NOT NULL AUTO_INCREMENT;
--
-- AUTO_INCREMENT для таблицы `bnduv_virtuemart_worldzones`
--
ALTER TABLE `bnduv_virtuemart_worldzones`
  MODIFY `virtuemart_worldzone_id` smallint(1) unsigned NOT NULL AUTO_INCREMENT;
--
-- AUTO_INCREMENT для таблицы `bnduv_weblinks`
--
ALTER TABLE `bnduv_weblinks`
  MODIFY `id` int(10) unsigned NOT NULL AUTO_INCREMENT,AUTO_INCREMENT=6;
